{"id":2464,"date":"2020-07-10T09:34:18","date_gmt":"2020-07-10T07:34:18","guid":{"rendered":"https:\/\/www.ds-iberien.de\/deutsche-schule-valencia-2\/"},"modified":"2021-05-06T10:36:09","modified_gmt":"2021-05-06T08:36:09","slug":"deutsche-schule-valencia-2","status":"publish","type":"page","link":"https:\/\/www.ds-iberien.de\/pt-pt\/deutsche-schule-valencia-2\/","title":{"rendered":"ESCOLA ALEM\u00c3 DE VALENCIA"},"content":{"rendered":"<p>[vc_row][vc_column width=&#8221;1\/4&#8243; css=&#8221;.vc_custom_1599554282078{background-color: #e6e6e6 !important;}&#8221; el_class=&#8221;menu_lateral&#8221;][vc_wp_custommenu nav_menu=&#8221;52&#8243;][vc_empty_space alter_height=&#8221;small&#8221; hide_on_mobile=&#8221;&#8221;][vc_wp_custommenu nav_menu=&#8221;53&#8243;][vc_empty_space alter_height=&#8221;small&#8221; hide_on_mobile=&#8221;&#8221;][vc_wp_custommenu nav_menu=&#8221;54&#8243;][\/vc_column][vc_column width=&#8221;3\/4&#8243;][vc_column_text]<\/p>\n<h2 style=\"text-align: center; color: #d7362d;\">ESCOLA ALEM\u00c3 DE VALENCIA<\/h2>\n<p>[\/vc_column_text][vc_empty_space hide_on_mobile=&#8221;&#8221;][vc_row_inner][vc_column_inner width=&#8221;2\/3&#8243;][vc_single_image image=&#8221;1389&#8243; img_size=&#8221;full&#8221;][vc_empty_space hide_on_mobile=&#8221;&#8221;][vc_column_text]Na Primavera de 2009, a DSV celebrou o seu 100\u00ba anivers\u00e1rio com uma semana festiva de celebra\u00e7\u00f5es. Mas estes 100 anos n\u00e3o s\u00e3o percept\u00edveis para a escola. S\u00f3 desde 1961 \u00e9 que o DSV est\u00e1 localizado no edif\u00edcio principal de quatro andares da Calle Jaime Roig, no limite do centro hist\u00f3rico de Val\u00eancia, a terceira maior cidade de Espanha com uma popula\u00e7\u00e3o de cerca de 800.000 habitantes. Tudo come\u00e7ou em 1909 com apenas quatro alunos alem\u00e3es, mas entretanto o DSV tornou-se o ponto focal e ponto de encontro de quase 800 raparigas e rapazes que frequentam o jardim-de-inf\u00e2ncia, a escola prim\u00e1ria ou a escola secund\u00e1ria da nossa escola. Devido \u00e0 sua localiza\u00e7\u00e3o central, podem facilmente chegar \u00e0 escola a p\u00e9 ou de bicicleta na maioria dos casos. Ao mesmo tempo, a DSV \u00e9 uma verdadeira escola de encontros, o que significa que a propor\u00e7\u00e3o de colegas espanh\u00f3is \u00e9 particularmente elevada e, por conseguinte, \u00e9 dada especial import\u00e2ncia ao interc\u00e2mbio intercultural.[\/vc_column_text][\/vc_column_inner][vc_column_inner width=&#8221;1\/3&#8243; css=&#8221;.vc_custom_1593427104907{border-left-width: 2px !important;border-left-color: #f4b606 !important;border-left-style: solid !important;}&#8221;][vc_single_image image=&#8221;1822&#8243; img_size=&#8221;full&#8221; alignment=&#8221;right&#8221;][vc_empty_space hide_on_mobile=&#8221;&#8221;][vc_column_text]<\/p>\n<p style=\"text-align: right;\"><span style=\"color: #f4b606;\">ESCOLA ALEM\u00c3 DE VALENCIA<\/span><\/p>\n<p>[\/vc_column_text][vc_empty_space alter_height=&#8221;medium&#8221; hide_on_mobile=&#8221;&#8221;][vc_column_text]<\/p>\n<p style=\"text-align: right;\"><strong>Uwe Noack<\/strong><br \/>\nSchulleiter<br \/>\n<strong>Telefon<\/strong><br \/>\n<a href=\"tel:+34963690100\">+34 963 690 100<\/a><br \/>\n<strong>E-Mail<\/strong><br \/>\n<a href=\"mailto:u.noack@dsvalencia.org\">u.noack@dsvalencia.org<\/a><br \/>\n<strong>Adresse<\/strong><br \/>\nDeutsche Schule Valencia<br \/>\nJaime Roig 14-16<br \/>\n46010 Valencia<br \/>\nSpanien<br \/>\n<strong>WEBSITE<\/strong><br \/>\n<a href=\"https:\/\/www.dsvalencia.org\" target=\"_Blank\" rel=\"noopener noreferrer\">www.dsvalencia.org<\/a><\/p>\n<p>[\/vc_column_text][\/vc_column_inner][\/vc_row_inner][\/vc_column][\/vc_row][vc_row][vc_column width=&#8221;1\/4&#8243;][\/vc_column][vc_column width=&#8221;3\/4&#8243;][vc_empty_space alter_height=&#8221;medium&#8221; hide_on_mobile=&#8221;&#8221;][vc_column_text]<\/p>\n<h3 style=\"text-align: left; color: #d7362d;\">ALLGEMEIN<\/h3>\n<p>[\/vc_column_text][vc_separator color=&#8221;custom&#8221; accent_color=&#8221;#f4b606&#8243; css=&#8221;.vc_custom_1593438972630{margin-top: 0px !important;margin-bottom: 0px !important;padding-top: 0px !important;padding-bottom: 0px !important;}&#8221;][vc_column_text]<\/p>\n<table style=\"border: 0!important; background-color: white!important;\" border=\"0\" width=\"100%\" cellspacing=\"0\" cellpadding=\"0\">\n<tbody>\n<tr valign=\"top\">\n<td style=\"text-align: left; width: 20%; border: 0!important; background-color: white!important;\"><strong>TR\u00c4GER<\/strong><\/td>\n<td style=\"width: 30%; border: 0px none !important; background-color: white !important; text-align: left;\">Schulverein der Deutschen Schule Valencia<\/td>\n<td style=\"text-align: center; width: 25%; border: 0!important; background-color: white!important;\"><strong>GR\u00dcNDUNGSJAHR<\/strong><br \/>\n1909<\/td>\n<td style=\"text-align: center; width: 25%; border: 0!important; background-color: white!important;\"><strong>JAHRGANGSSTUFEN<\/strong><br \/>\n1-12<\/td>\n<\/tr>\n<tr valign=\"top\">\n<td style=\"width: 20%; border: 0px none !important; background-color: white !important; text-align: left;\"><strong>AUSZEICHNUNGEN<\/strong><\/td>\n<td style=\"width: 30%; border: 0px none !important; background-color: white !important; text-align: left;\">G\u00fctesiegel BLI \u2013 Exzellente Deutsche Auslandsschule<\/td>\n<td style=\"text-align: center; width: 25%; border: 0!important; background-color: white!important;\"><strong>SCHULJAHRESBEGINN<\/strong><br \/>\nSeptember<\/td>\n<td style=\"text-align: center; width: 25%; border: 0!important; background-color: white!important;\"><\/td>\n<\/tr>\n<tr valign=\"top\">\n<td style=\"width: 20%; border: 0px none !important; background-color: white !important; text-align: left;\"><strong>ABSCHL\u00dcSSE<\/strong><\/td>\n<td style=\"width: 30%; border: 0px none !important; background-color: white !important; text-align: left;\">Deutsche Internationale Abiturpr\u00fcfung (DIAP)<\/td>\n<td style=\"text-align: center; width: 25%; border: 0!important; background-color: white!important;\"><strong>ANZAHL SCH\u00dcLER<\/strong><br \/>\n904<\/td>\n<td style=\"text-align: center; width: 25%; border: 0!important; background-color: white!important;\"><strong>ANZAHL LEHRKR\u00c4FTE<\/strong><br \/>\n100<\/td>\n<\/tr>\n<\/tbody>\n<\/table>\n<p>[\/vc_column_text][\/vc_column][\/vc_row][vc_row][vc_column width=&#8221;1\/4&#8243;][\/vc_column][vc_column width=&#8221;3\/4&#8243;][vc_empty_space alter_height=&#8221;medium&#8221; hide_on_mobile=&#8221;&#8221;][vc_row_inner][vc_column_inner width=&#8221;1\/2&#8243;][vc_single_image image=&#8221;1388&#8243; img_size=&#8221;full&#8221;][\/vc_column_inner][vc_column_inner width=&#8221;1\/2&#8243;][vc_column_text]<\/p>\n<h3 style=\"color: #d7362d; text-align: right;\">INFOS ZUR SCHULE<\/h3>\n<p>[\/vc_column_text][vc_separator color=&#8221;custom&#8221; accent_color=&#8221;#f4b606&#8243; css=&#8221;.vc_custom_1593437458871{margin-top: 0px !important;margin-bottom: 0px !important;padding-top: 0px !important;padding-bottom: 0px !important;}&#8221;][vc_column_text]<\/p>\n<table style=\"border: 0!important; background-color: white!important;\" border=\"0\" width=\"100%\" cellspacing=\"0\" cellpadding=\"0\">\n<tbody>\n<tr valign=\"top\">\n<td style=\"text-align: center; width: 50%; border: 0!important; background-color: white!important;\"><strong>UNTERRICHTSSPRACHEN<\/strong><br \/>\nDeutsch<br \/>\nSpanisch<\/td>\n<td style=\"text-align: center; width: 50%; border: 0!important; background-color: white!important;\"><strong>SCHULTYP<\/strong><br \/>\nBegegnungsschule<\/td>\n<\/tr>\n<\/tbody>\n<\/table>\n<p>[\/vc_column_text][vc_empty_space hide_on_mobile=&#8221;&#8221;][vc_column_text]<\/p>\n<table style=\"border: 0!important; background-color: white!important;\" border=\"0\" width=\"100%\" cellspacing=\"0\" cellpadding=\"0\">\n<tbody>\n<tr valign=\"top\">\n<td style=\"text-align: center; width: 50%; border: 0!important; background-color: white!important;\"><strong>SCHULSTRUKTUR<\/strong><br \/>\nKindergarten<br \/>\nGrundschule<br \/>\nSekundarstufe 1<br \/>\nSekundarstufe 2<\/td>\n<td style=\"text-align: center; border: 0!important; background-color: white!important;\"><strong>FREMDSPRACHEN<\/strong><br \/>\nValenciano<br \/>\nEnglisch<br \/>\nFranz\u00f6sisch<\/td>\n<\/tr>\n<\/tbody>\n<\/table>\n<p>[\/vc_column_text][\/vc_column_inner][\/vc_row_inner][\/vc_column][\/vc_row][vc_row][vc_column width=&#8221;1\/4&#8243;][\/vc_column][vc_column width=&#8221;3\/4&#8243;][vc_empty_space alter_height=&#8221;medium&#8221; hide_on_mobile=&#8221;&#8221;][vc_column_text]<\/p>\n<h3 style=\"text-align: left; color: #d7362d;\">PRAKTIKUM<\/h3>\n<p>[\/vc_column_text][vc_separator color=&#8221;custom&#8221; accent_color=&#8221;#f4b606&#8243; css=&#8221;.vc_custom_1593437458871{margin-top: 0px !important;margin-bottom: 0px !important;padding-top: 0px !important;padding-bottom: 0px !important;}&#8221;][vc_row_inner][vc_column_inner width=&#8221;2\/3&#8243;][vc_column_text]Praktika sind f\u00fcr Grundschule und Gymnasium m\u00f6glich (mindestens f\u00fcr zw\u00f6lf<br \/>\nWochen).<br \/>\n<a href=\"http:\/\/www.dsvalencia.org\/de\/schulpraktikum\" target=\"_blank\" rel=\"noopener noreferrer\">www.dsvalencia.org\/de\/schulpraktikum<\/a>[\/vc_column_text][\/vc_column_inner][vc_column_inner width=&#8221;1\/3&#8243;][vc_gallery type=&#8221;flexslider_slide&#8221; interval=&#8221;3&#8243; images=&#8221;1389,1405&#8243;][\/vc_column_inner][\/vc_row_inner][\/vc_column][\/vc_row][vc_row][vc_column][vc_column_text][\/vc_column_text][\/vc_column][\/vc_row]<\/p>\n","protected":false},"excerpt":{"rendered":"<p>[vc_row][vc_column width=&#8221;1\/4&#8243; css=&#8221;.vc_custom_1599554282078{background-color: #e6e6e6 !important;}&#8221; el_class=&#8221;menu_lateral&#8221;][vc_wp_custommenu nav_menu=&#8221;52&#8243;][vc_empty_space alter_height=&#8221;small&#8221; hide_on_mobile=&#8221;&#8221;][vc_wp_custommenu nav_menu=&#8221;53&#8243;][vc_empty_space alter_height=&#8221;small&#8221; hide_on_mobile=&#8221;&#8221;][vc_wp_custommenu nav_menu=&#8221;54&#8243;][\/vc_column][vc_column width=&#8221;3\/4&#8243;][vc_column_text] ESCOLA ALEM\u00c3 DE VALENCIA [\/vc_column_text][vc_empty_space hide_on_mobile=&#8221;&#8221;][vc_row_inner][vc_column_inner width=&#8221;2\/3&#8243;][vc_single_image image=&#8221;1389&#8243; img_size=&#8221;full&#8221;][vc_empty_space hide_on_mobile=&#8221;&#8221;][vc_column_text]Na Primavera de 2009, a DSV celebrou o seu 100\u00ba anivers\u00e1rio com uma semana festiva de celebra\u00e7\u00f5es.&hellip;<\/p>\n","protected":false},"author":1,"featured_media":0,"parent":0,"menu_order":0,"comment_status":"closed","ping_status":"closed","template":"","meta":[],"aioseo_notices":[],"_links":{"self":[{"href":"https:\/\/www.ds-iberien.de\/pt-pt\/wp-json\/wp\/v2\/pages\/2464"}],"collection":[{"href":"https:\/\/www.ds-iberien.de\/pt-pt\/wp-json\/wp\/v2\/pages"}],"about":[{"href":"https:\/\/www.ds-iberien.de\/pt-pt\/wp-json\/wp\/v2\/types\/page"}],"author":[{"embeddable":true,"href":"https:\/\/www.ds-iberien.de\/pt-pt\/wp-json\/wp\/v2\/users\/1"}],"replies":[{"embeddable":true,"href":"https:\/\/www.ds-iberien.de\/pt-pt\/wp-json\/wp\/v2\/comments?post=2464"}],"version-history":[{"count":2,"href":"https:\/\/www.ds-iberien.de\/pt-pt\/wp-json\/wp\/v2\/pages\/2464\/revisions"}],"predecessor-version":[{"id":2467,"href":"https:\/\/www.ds-iberien.de\/pt-pt\/wp-json\/wp\/v2\/pages\/2464\/revisions\/2467"}],"wp:attachment":[{"href":"https:\/\/www.ds-iberien.de\/pt-pt\/wp-json\/wp\/v2\/media?parent=2464"}],"curies":[{"name":"wp","href":"https:\/\/api.w.org\/{rel}","templated":true}]}}

ESCOLA ALEMÃ DE VALENCIA

<p>[vc_row][vc_column width=&#8221;1/4&#8243; css=&#8221;.vc_custom_1599554282078{background-color: #e6e6e6 !important;}&#8221; el_class=&#8221;menu_lateral&#8221;][vc_wp_custommenu nav_menu=&#8221;52&#8243;][vc_empty_space alter_height=&#8221;small&#8221; hide_on_mobile=&#8221;&#8221;][vc_wp_custommenu nav_menu=&#8221;53&#8243;][vc_empty_space alter_height=&#8221;small&#8221; hide_on_mobile=&#8221;&#8221;][vc_wp_custommenu nav_menu=&#8221;54&#8243;][/vc_column][vc_column width=&#8221;3/4&#8243;][vc_column_text]</p>
<h2 style="text-align: center; color: #d7362d;">ESCOLA ALEMÃ DE VALENCIA</h2>
<p>[/vc_column_text][vc_empty_space hide_on_mobile=&#8221;&#8221;][vc_row_inner][vc_column_inner width=&#8221;2/3&#8243;][vc_single_image image=&#8221;1389&#8243; img_size=&#8221;full&#8221;][vc_empty_space hide_on_mobile=&#8221;&#8221;][vc_column_text]Na Primavera de 2009, a DSV celebrou o seu 100º aniversário com uma semana festiva de celebrações. Mas estes 100 anos não são perceptíveis para a escola. Só desde 1961 é que o DSV está localizado no edifício principal de quatro andares da Calle Jaime Roig, no limite do centro histórico de Valência, a terceira maior cidade de Espanha com uma população de cerca de 800.000 habitantes. Tudo começou em 1909 com apenas quatro alunos alemães, mas entretanto o DSV tornou-se o ponto focal e ponto de encontro de quase 800 raparigas e rapazes que frequentam o jardim-de-infância, a escola primária ou a escola secundária da nossa escola. Devido à sua localização central, podem facilmente chegar à escola a pé ou de bicicleta na maioria dos casos. Ao mesmo tempo, a DSV é uma verdadeira escola de encontros, o que significa que a proporção de colegas espanhóis é particularmente elevada e, por conseguinte, é dada especial importância ao intercâmbio intercultural.[/vc_column_text][/vc_column_inner][vc_column_inner width=&#8221;1/3&#8243; css=&#8221;.vc_custom_1593427104907{border-left-width: 2px !important;border-left-color: #f4b606 !important;border-left-style: solid !important;}&#8221;][vc_single_image image=&#8221;1822&#8243; img_size=&#8221;full&#8221; alignment=&#8221;right&#8221;][vc_empty_space hide_on_mobile=&#8221;&#8221;][vc_column_text]</p>
<p style="text-align: right;"><span style="color: #f4b606;">ESCOLA ALEMÃ DE VALENCIA</span></p>
<p>[/vc_column_text][vc_empty_space alter_height=&#8221;medium&#8221; hide_on_mobile=&#8221;&#8221;][vc_column_text]</p>
<p style="text-align: right;"><strong>Uwe Noack</strong><br />
Schulleiter<br />
<strong>Telefon</strong><br />
<a href="tel:+34963690100">+34 963 690 100</a><br />
<strong>E-Mail</strong><br />
<a href="mailto:u.noack@dsvalencia.org">u.noack@dsvalencia.org</a><br />
<strong>Adresse</strong><br />
Deutsche Schule Valencia<br />
Jaime Roig 14-16<br />
46010 Valencia<br />
Spanien<br />
<strong>WEBSITE</strong><br />
<a href="https://www.dsvalencia.org" target="_Blank" rel="noopener noreferrer">www.dsvalencia.org</a></p>
<p>[/vc_column_text][/vc_column_inner][/vc_row_inner][/vc_column][/vc_row][vc_row][vc_column width=&#8221;1/4&#8243;][/vc_column][vc_column width=&#8221;3/4&#8243;][vc_empty_space alter_height=&#8221;medium&#8221; hide_on_mobile=&#8221;&#8221;][vc_column_text]</p>
<h3 style="text-align: left; color: #d7362d;">ALLGEMEIN</h3>
<p>[/vc_column_text][vc_separator color=&#8221;custom&#8221; accent_color=&#8221;#f4b606&#8243; css=&#8221;.vc_custom_1593438972630{margin-top: 0px !important;margin-bottom: 0px !important;padding-top: 0px !important;padding-bottom: 0px !important;}&#8221;][vc_column_text]</p>
<table style="border: 0!important; background-color: white!important;" border="0" width="100%" cellspacing="0" cellpadding="0">
<tbody>
<tr valign="top">
<td style="text-align: left; width: 20%; border: 0!important; background-color: white!important;"><strong>TRÄGER</strong></td>
<td style="width: 30%; border: 0px none !important; background-color: white !important; text-align: left;">Schulverein der Deutschen Schule Valencia</td>
<td style="text-align: center; width: 25%; border: 0!important; background-color: white!important;"><strong>GRÜNDUNGSJAHR</strong><br />
1909</td>
<td style="text-align: center; width: 25%; border: 0!important; background-color: white!important;"><strong>JAHRGANGSSTUFEN</strong><br />
1-12</td>
</tr>
<tr valign="top">
<td style="width: 20%; border: 0px none !important; background-color: white !important; text-align: left;"><strong>AUSZEICHNUNGEN</strong></td>
<td style="width: 30%; border: 0px none !important; background-color: white !important; text-align: left;">Gütesiegel BLI – Exzellente Deutsche Auslandsschule</td>
<td style="text-align: center; width: 25%; border: 0!important; background-color: white!important;"><strong>SCHULJAHRESBEGINN</strong><br />
September</td>
<td style="text-align: center; width: 25%; border: 0!important; background-color: white!important;"></td>
</tr>
<tr valign="top">
<td style="width: 20%; border: 0px none !important; background-color: white !important; text-align: left;"><strong>ABSCHLÜSSE</strong></td>
<td style="width: 30%; border: 0px none !important; background-color: white !important; text-align: left;">Deutsche Internationale Abiturprüfung (DIAP)</td>
<td style="text-align: center; width: 25%; border: 0!important; background-color: white!important;"><strong>ANZAHL SCHÜLER</strong><br />
904</td>
<td style="text-align: center; width: 25%; border: 0!important; background-color: white!important;"><strong>ANZAHL LEHRKRÄFTE</strong><br />
100</td>
</tr>
</tbody>
</table>
<p>[/vc_column_text][/vc_column][/vc_row][vc_row][vc_column width=&#8221;1/4&#8243;][/vc_column][vc_column width=&#8221;3/4&#8243;][vc_empty_space alter_height=&#8221;medium&#8221; hide_on_mobile=&#8221;&#8221;][vc_row_inner][vc_column_inner width=&#8221;1/2&#8243;][vc_single_image image=&#8221;1388&#8243; img_size=&#8221;full&#8221;][/vc_column_inner][vc_column_inner width=&#8221;1/2&#8243;][vc_column_text]</p>
<h3 style="color: #d7362d; text-align: right;">INFOS ZUR SCHULE</h3>
<p>[/vc_column_text][vc_separator color=&#8221;custom&#8221; accent_color=&#8221;#f4b606&#8243; css=&#8221;.vc_custom_1593437458871{margin-top: 0px !important;margin-bottom: 0px !important;padding-top: 0px !important;padding-bottom: 0px !important;}&#8221;][vc_column_text]</p>
<table style="border: 0!important; background-color: white!important;" border="0" width="100%" cellspacing="0" cellpadding="0">
<tbody>
<tr valign="top">
<td style="text-align: center; width: 50%; border: 0!important; background-color: white!important;"><strong>UNTERRICHTSSPRACHEN</strong><br />
Deutsch<br />
Spanisch</td>
<td style="text-align: center; width: 50%; border: 0!important; background-color: white!important;"><strong>SCHULTYP</strong><br />
Begegnungsschule</td>
</tr>
</tbody>
</table>
<p>[/vc_column_text][vc_empty_space hide_on_mobile=&#8221;&#8221;][vc_column_text]</p>
<table style="border: 0!important; background-color: white!important;" border="0" width="100%" cellspacing="0" cellpadding="0">
<tbody>
<tr valign="top">
<td style="text-align: center; width: 50%; border: 0!important; background-color: white!important;"><strong>SCHULSTRUKTUR</strong><br />
Kindergarten<br />
Grundschule<br />
Sekundarstufe 1<br />
Sekundarstufe 2</td>
<td style="text-align: center; border: 0!important; background-color: white!important;"><strong>FREMDSPRACHEN</strong><br />
Valenciano<br />
Englisch<br />
Französisch</td>
</tr>
</tbody>
</table>
<p>[/vc_column_text][/vc_column_inner][/vc_row_inner][/vc_column][/vc_row][vc_row][vc_column width=&#8221;1/4&#8243;][/vc_column][vc_column width=&#8221;3/4&#8243;][vc_empty_space alter_height=&#8221;medium&#8221; hide_on_mobile=&#8221;&#8221;][vc_column_text]</p>
<h3 style="text-align: left; color: #d7362d;">PRAKTIKUM</h3>
<p>[/vc_column_text][vc_separator color=&#8221;custom&#8221; accent_color=&#8221;#f4b606&#8243; css=&#8221;.vc_custom_1593437458871{margin-top: 0px !important;margin-bottom: 0px !important;padding-top: 0px !important;padding-bottom: 0px !important;}&#8221;][vc_row_inner][vc_column_inner width=&#8221;2/3&#8243;][vc_column_text]Praktika sind für Grundschule und Gymnasium möglich (mindestens für zwölf<br />
Wochen).<br />
<a href="http://www.dsvalencia.org/de/schulpraktikum" target="_blank" rel="noopener noreferrer">www.dsvalencia.org/de/schulpraktikum</a>[/vc_column_text][/vc_column_inner][vc_column_inner width=&#8221;1/3&#8243;][vc_gallery type=&#8221;flexslider_slide&#8221; interval=&#8221;3&#8243; images=&#8221;1389,1405&#8243;][/vc_column_inner][/vc_row_inner][/vc_column][/vc_row][vc_row][vc_column][vc_column_text][/vc_column_text][/vc_column][/vc_row]</p>

<p>[vc_row][vc_column width=&#8221;1/4&#8243; css=&#8221;.vc_custom_1599554282078{background-color: #e6e6e6 !important;}&#8221; el_class=&#8221;menu_lateral&#8221;][vc_wp_custommenu nav_menu=&#8221;52&#8243;][vc_empty_space alter_height=&#8221;small&#8221; hide_on_mobile=&#8221;&#8221;][vc_wp_custommenu nav_menu=&#8221;53&#8243;][vc_empty_space alter_height=&#8221;small&#8221; hide_on_mobile=&#8221;&#8221;][vc_wp_custommenu nav_menu=&#8221;54&#8243;][/vc_column][vc_column width=&#8221;3/4&#8243;][vc_column_text] ESCOLA ALEMÃ DE VALENCIA [/vc_column_text][vc_empty_space hide_on_mobile=&#8221;&#8221;][vc_row_inner][vc_column_inner width=&#8221;2/3&#8243;][vc_single_image image=&#8221;1389&#8243; img_size=&#8221;full&#8221;][vc_empty_space hide_on_mobile=&#8221;&#8221;][vc_column_text]Na Primavera de 2009, a DSV celebrou o seu 100º aniversário com uma semana festiva de celebrações.&hellip;</p>
