{"id":2460,"date":"2020-06-30T13:04:45","date_gmt":"2020-06-30T11:04:45","guid":{"rendered":"https:\/\/www.ds-iberien.de\/deutsche-schule-valencia\/"},"modified":"2021-05-17T11:50:32","modified_gmt":"2021-05-17T09:50:32","slug":"deutsche-schule-valencia","status":"publish","type":"page","link":"https:\/\/www.ds-iberien.de\/pt-pt\/deutsche-schule-valencia\/","title":{"rendered":"ESCOLA ALEM\u00c3 DE VALENCIA"},"content":{"rendered":"<p>[vc_row full_width=&#8221;stretch_row_content_no_spaces&#8221; css=&#8221;.vc_custom_1593775556000{padding-top: 500px !important;padding-bottom: 500px !important;background-image: url(https:\/\/www.ds-iberien.de\/wp-content\/uploads\/2020\/07\/DSV27.jpg?id=1388) !important;background-position: center !important;background-repeat: no-repeat !important;background-size: cover !important;}&#8221;][vc_column][\/vc_column][\/vc_row][vc_row gap=&#8221;15&#8243; css=&#8221;.vc_custom_1591617474487{margin-top: -70px !important;background-color: rgba(221,51,51,0.01) !important;*background-color: rgb(221,51,51) !important;}&#8221;][vc_column width=&#8221;2\/6&#8243; icons_position=&#8221;left&#8221; css=&#8221;.vc_custom_1591615516296{background-color: #f2f2f2 !important;}&#8221;][vc_empty_space height=&#8221;60px&#8221; alter_height=&#8221;none&#8221; hide_on_mobile=&#8221;&#8221;][vc_single_image image=&#8221;1822&#8243; img_size=&#8221;full&#8221; alignment=&#8221;center&#8221;][vc_empty_space hide_on_mobile=&#8221;&#8221;][vc_column_text]<\/p>\n<p style=\"text-align: center; font-size: 25px;\"><a style=\"color: #a0002f;\" href=\"http:\/\/dsvalencia.org\" target=\"_blank\" rel=\"noopener noreferrer\">www.dsvalencia.org<\/a><\/p>\n<p>[\/vc_column_text][vc_empty_space alter_height=&#8221;none&#8221; hide_on_mobile=&#8221;&#8221;][\/vc_column][vc_column width=&#8221;1\/6&#8243; css=&#8221;.vc_custom_1591616350551{background-color: #ffffff !important;}&#8221;][vc_empty_space alter_height=&#8221;none&#8221; hide_on_mobile=&#8221;&#8221;][vc_single_image image=&#8221;949&#8243; img_size=&#8221;full&#8221; alignment=&#8221;center&#8221;][vc_empty_space hide_on_mobile=&#8221;&#8221;][vc_column_text]<\/p>\n<p style=\"text-align: center;\"><strong><span style=\"color: #c10c0c;\">1909<\/span><\/strong><br \/>\n<strong><span style=\"color: #c10c0c;\">FUNDA\u00c7\u00c3O<\/span><\/strong><\/p>\n<p>[\/vc_column_text][vc_empty_space hide_on_mobile=&#8221;&#8221;][\/vc_column][vc_column width=&#8221;1\/6&#8243; css=&#8221;.vc_custom_1591616358805{background-color: #ffffff !important;}&#8221;][vc_empty_space alter_height=&#8221;none&#8221; hide_on_mobile=&#8221;&#8221;][vc_single_image image=&#8221;950&#8243; img_size=&#8221;full&#8221; alignment=&#8221;center&#8221;][vc_empty_space hide_on_mobile=&#8221;&#8221;][vc_column_text]<\/p>\n<p style=\"text-align: center;\"><strong><span style=\"color: #c10c0c;\">904<br \/>\nALUNOS<\/span><\/strong><\/p>\n<p>[\/vc_column_text][vc_empty_space hide_on_mobile=&#8221;&#8221;][\/vc_column][vc_column width=&#8221;1\/6&#8243; css=&#8221;.vc_custom_1591616367652{background-color: #ffffff !important;}&#8221;][vc_empty_space alter_height=&#8221;none&#8221; hide_on_mobile=&#8221;&#8221;][vc_single_image image=&#8221;951&#8243; img_size=&#8221;full&#8221; alignment=&#8221;center&#8221;][vc_empty_space hide_on_mobile=&#8221;&#8221;][vc_column_text]<\/p>\n<p style=\"text-align: center;\"><strong><span style=\"color: #c10c0c;\">60<br \/>\nENSINO M\u00c9DIO<\/span><\/strong><\/p>\n<p>[\/vc_column_text][vc_empty_space hide_on_mobile=&#8221;&#8221;][\/vc_column][vc_column width=&#8221;1\/6&#8243; css=&#8221;.vc_custom_1591616387443{background-color: #ffffff !important;}&#8221;][vc_empty_space alter_height=&#8221;none&#8221; hide_on_mobile=&#8221;&#8221;][vc_single_image image=&#8221;952&#8243; img_size=&#8221;full&#8221; alignment=&#8221;center&#8221;][vc_empty_space hide_on_mobile=&#8221;&#8221;][vc_column_text]<\/p>\n<p style=\"text-align: center;\"><strong><span style=\"color: #c10c0c;\">110<br \/>\nFUNCION\u00c1RIOS<\/span><\/strong><\/p>\n<p>[\/vc_column_text][vc_empty_space hide_on_mobile=&#8221;&#8221;][\/vc_column][\/vc_row][vc_row full_width=&#8221;stretch_row&#8221; gap=&#8221;35&#8243;][vc_column][vc_empty_space alter_height=&#8221;medium&#8221; hide_on_mobile=&#8221;&#8221;][\/vc_column][\/vc_row][vc_row full_width=&#8221;stretch_row_content_no_spaces&#8221; scheme=&#8221;dark&#8221; css=&#8221;.vc_custom_1591616563751{background-color: #f2f3f6 !important;}&#8221;][vc_column width=&#8221;1\/2&#8243; icons_position=&#8221;left&#8221; css=&#8221;.vc_custom_1593775616538{border-right-width: 15px !important;padding-top: 500px !important;padding-bottom: 500px !important;background-image: url(https:\/\/www.ds-iberien.de\/wp-content\/uploads\/2020\/07\/DSV3.jpg?id=1389) !important;background-position: center !important;background-repeat: no-repeat !important;background-size: cover !important;border-right-color: #a00007 !important;border-right-style: solid !important;}&#8221;][\/vc_column][vc_column width=&#8221;1\/2&#8243; icons_position=&#8221;left&#8221; css=&#8221;.vc_custom_1591617175100{padding-left: 40px !important;}&#8221; el_class=&#8221;overflow&#8221;][vc_column_text css=&#8221;.vc_custom_1620289966296{padding-top: 40px !important;padding-bottom: 40px !important;padding-left: 40px !important;}&#8221;]Na Primavera de 2009, a DSV celebrou o seu 100\u00ba anivers\u00e1rio com uma semana festiva de celebra\u00e7\u00f5es. Mas estes 100 anos n\u00e3o s\u00e3o percept\u00edveis para a escola. S\u00f3 desde 1961 \u00e9 que o DSV est\u00e1 localizado no edif\u00edcio principal de quatro andares da Calle Jaime Roig, no limite do centro hist\u00f3rico de Val\u00eancia, a terceira maior cidade de Espanha com uma popula\u00e7\u00e3o de cerca de 800.000 habitantes. Tudo come\u00e7ou em 1909 com apenas quatro alunos alem\u00e3es, mas entretanto o DSV tornou-se o ponto focal e ponto de encontro de quase 800 raparigas e rapazes que frequentam o jardim-de-inf\u00e2ncia, a escola prim\u00e1ria ou a escola secund\u00e1ria da nossa escola. Devido \u00e0 sua localiza\u00e7\u00e3o central, podem facilmente chegar \u00e0 escola a p\u00e9 ou de bicicleta na maioria dos casos. Ao mesmo tempo, a DSV \u00e9 uma verdadeira escola de encontros, o que significa que a propor\u00e7\u00e3o de colegas espanh\u00f3is \u00e9 particularmente elevada e, por conseguinte, \u00e9 dada especial import\u00e2ncia ao interc\u00e2mbio intercultural.[\/vc_column_text][\/vc_column][\/vc_row][vc_row full_width=&#8221;stretch_row&#8221; gap=&#8221;35&#8243;][vc_column][vc_empty_space alter_height=&#8221;medium&#8221; hide_on_mobile=&#8221;&#8221;][\/vc_column][\/vc_row][vc_row equal_height=&#8221;yes&#8221; content_placement=&#8221;middle&#8221;][vc_column width=&#8221;1\/4&#8243;][vc_single_image image=&#8221;855&#8243; img_size=&#8221;full&#8221;][\/vc_column][vc_column width=&#8221;1\/4&#8243;][vc_single_image image=&#8221;856&#8243; img_size=&#8221;full&#8221;][\/vc_column][vc_column width=&#8221;1\/4&#8243;][vc_single_image image=&#8221;857&#8243; img_size=&#8221;full&#8221;][\/vc_column][vc_column width=&#8221;1\/4&#8243;][vc_single_image image=&#8221;858&#8243; img_size=&#8221;full&#8221;][\/vc_column][\/vc_row][vc_row full_width=&#8221;stretch_row&#8221; gap=&#8221;35&#8243;][vc_column][vc_empty_space alter_height=&#8221;medium&#8221; hide_on_mobile=&#8221;&#8221;][\/vc_column][\/vc_row]<\/p>\n","protected":false},"excerpt":{"rendered":"<p>[vc_row full_width=&#8221;stretch_row_content_no_spaces&#8221; css=&#8221;.vc_custom_1593775556000{padding-top: 500px !important;padding-bottom: 500px !important;background-image: url(https:\/\/www.ds-iberien.de\/wp-content\/uploads\/2020\/07\/DSV27.jpg?id=1388) !important;background-position: center !important;background-repeat: no-repeat !important;background-size: cover !important;}&#8221;][vc_column][\/vc_column][\/vc_row][vc_row gap=&#8221;15&#8243; css=&#8221;.vc_custom_1591617474487{margin-top: -70px !important;background-color: rgba(221,51,51,0.01) !important;*background-color: rgb(221,51,51) !important;}&#8221;][vc_column width=&#8221;2\/6&#8243; icons_position=&#8221;left&#8221; css=&#8221;.vc_custom_1591615516296{background-color: #f2f2f2 !important;}&#8221;][vc_empty_space height=&#8221;60px&#8221; alter_height=&#8221;none&#8221; hide_on_mobile=&#8221;&#8221;][vc_single_image image=&#8221;1822&#8243; img_size=&#8221;full&#8221; alignment=&#8221;center&#8221;][vc_empty_space hide_on_mobile=&#8221;&#8221;][vc_column_text] www.dsvalencia.org [\/vc_column_text][vc_empty_space alter_height=&#8221;none&#8221; hide_on_mobile=&#8221;&#8221;][\/vc_column][vc_column width=&#8221;1\/6&#8243;&hellip;<\/p>\n","protected":false},"author":1,"featured_media":0,"parent":0,"menu_order":0,"comment_status":"closed","ping_status":"open","template":"","meta":[],"aioseo_notices":[],"_links":{"self":[{"href":"https:\/\/www.ds-iberien.de\/pt-pt\/wp-json\/wp\/v2\/pages\/2460"}],"collection":[{"href":"https:\/\/www.ds-iberien.de\/pt-pt\/wp-json\/wp\/v2\/pages"}],"about":[{"href":"https:\/\/www.ds-iberien.de\/pt-pt\/wp-json\/wp\/v2\/types\/page"}],"author":[{"embeddable":true,"href":"https:\/\/www.ds-iberien.de\/pt-pt\/wp-json\/wp\/v2\/users\/1"}],"replies":[{"embeddable":true,"href":"https:\/\/www.ds-iberien.de\/pt-pt\/wp-json\/wp\/v2\/comments?post=2460"}],"version-history":[{"count":3,"href":"https:\/\/www.ds-iberien.de\/pt-pt\/wp-json\/wp\/v2\/pages\/2460\/revisions"}],"predecessor-version":[{"id":2550,"href":"https:\/\/www.ds-iberien.de\/pt-pt\/wp-json\/wp\/v2\/pages\/2460\/revisions\/2550"}],"wp:attachment":[{"href":"https:\/\/www.ds-iberien.de\/pt-pt\/wp-json\/wp\/v2\/media?parent=2460"}],"curies":[{"name":"wp","href":"https:\/\/api.w.org\/{rel}","templated":true}]}}

ESCOLA ALEMÃ DE VALENCIA

<p>[vc_row full_width=&#8221;stretch_row_content_no_spaces&#8221; css=&#8221;.vc_custom_1593775556000{padding-top: 500px !important;padding-bottom: 500px !important;background-image: url(https://www.ds-iberien.de/wp-content/uploads/2020/07/DSV27.jpg?id=1388) !important;background-position: center !important;background-repeat: no-repeat !important;background-size: cover !important;}&#8221;][vc_column][/vc_column][/vc_row][vc_row gap=&#8221;15&#8243; css=&#8221;.vc_custom_1591617474487{margin-top: -70px !important;background-color: rgba(221,51,51,0.01) !important;*background-color: rgb(221,51,51) !important;}&#8221;][vc_column width=&#8221;2/6&#8243; icons_position=&#8221;left&#8221; css=&#8221;.vc_custom_1591615516296{background-color: #f2f2f2 !important;}&#8221;][vc_empty_space height=&#8221;60px&#8221; alter_height=&#8221;none&#8221; hide_on_mobile=&#8221;&#8221;][vc_single_image image=&#8221;1822&#8243; img_size=&#8221;full&#8221; alignment=&#8221;center&#8221;][vc_empty_space hide_on_mobile=&#8221;&#8221;][vc_column_text]</p>
<p style="text-align: center; font-size: 25px;"><a style="color: #a0002f;" href="http://dsvalencia.org" target="_blank" rel="noopener noreferrer">www.dsvalencia.org</a></p>
<p>[/vc_column_text][vc_empty_space alter_height=&#8221;none&#8221; hide_on_mobile=&#8221;&#8221;][/vc_column][vc_column width=&#8221;1/6&#8243; css=&#8221;.vc_custom_1591616350551{background-color: #ffffff !important;}&#8221;][vc_empty_space alter_height=&#8221;none&#8221; hide_on_mobile=&#8221;&#8221;][vc_single_image image=&#8221;949&#8243; img_size=&#8221;full&#8221; alignment=&#8221;center&#8221;][vc_empty_space hide_on_mobile=&#8221;&#8221;][vc_column_text]</p>
<p style="text-align: center;"><strong><span style="color: #c10c0c;">1909</span></strong><br />
<strong><span style="color: #c10c0c;">FUNDAÇÃO</span></strong></p>
<p>[/vc_column_text][vc_empty_space hide_on_mobile=&#8221;&#8221;][/vc_column][vc_column width=&#8221;1/6&#8243; css=&#8221;.vc_custom_1591616358805{background-color: #ffffff !important;}&#8221;][vc_empty_space alter_height=&#8221;none&#8221; hide_on_mobile=&#8221;&#8221;][vc_single_image image=&#8221;950&#8243; img_size=&#8221;full&#8221; alignment=&#8221;center&#8221;][vc_empty_space hide_on_mobile=&#8221;&#8221;][vc_column_text]</p>
<p style="text-align: center;"><strong><span style="color: #c10c0c;">904<br />
ALUNOS</span></strong></p>
<p>[/vc_column_text][vc_empty_space hide_on_mobile=&#8221;&#8221;][/vc_column][vc_column width=&#8221;1/6&#8243; css=&#8221;.vc_custom_1591616367652{background-color: #ffffff !important;}&#8221;][vc_empty_space alter_height=&#8221;none&#8221; hide_on_mobile=&#8221;&#8221;][vc_single_image image=&#8221;951&#8243; img_size=&#8221;full&#8221; alignment=&#8221;center&#8221;][vc_empty_space hide_on_mobile=&#8221;&#8221;][vc_column_text]</p>
<p style="text-align: center;"><strong><span style="color: #c10c0c;">60<br />
ENSINO MÉDIO</span></strong></p>
<p>[/vc_column_text][vc_empty_space hide_on_mobile=&#8221;&#8221;][/vc_column][vc_column width=&#8221;1/6&#8243; css=&#8221;.vc_custom_1591616387443{background-color: #ffffff !important;}&#8221;][vc_empty_space alter_height=&#8221;none&#8221; hide_on_mobile=&#8221;&#8221;][vc_single_image image=&#8221;952&#8243; img_size=&#8221;full&#8221; alignment=&#8221;center&#8221;][vc_empty_space hide_on_mobile=&#8221;&#8221;][vc_column_text]</p>
<p style="text-align: center;"><strong><span style="color: #c10c0c;">110<br />
FUNCIONÁRIOS</span></strong></p>
<p>[/vc_column_text][vc_empty_space hide_on_mobile=&#8221;&#8221;][/vc_column][/vc_row][vc_row full_width=&#8221;stretch_row&#8221; gap=&#8221;35&#8243;][vc_column][vc_empty_space alter_height=&#8221;medium&#8221; hide_on_mobile=&#8221;&#8221;][/vc_column][/vc_row][vc_row full_width=&#8221;stretch_row_content_no_spaces&#8221; scheme=&#8221;dark&#8221; css=&#8221;.vc_custom_1591616563751{background-color: #f2f3f6 !important;}&#8221;][vc_column width=&#8221;1/2&#8243; icons_position=&#8221;left&#8221; css=&#8221;.vc_custom_1593775616538{border-right-width: 15px !important;padding-top: 500px !important;padding-bottom: 500px !important;background-image: url(https://www.ds-iberien.de/wp-content/uploads/2020/07/DSV3.jpg?id=1389) !important;background-position: center !important;background-repeat: no-repeat !important;background-size: cover !important;border-right-color: #a00007 !important;border-right-style: solid !important;}&#8221;][/vc_column][vc_column width=&#8221;1/2&#8243; icons_position=&#8221;left&#8221; css=&#8221;.vc_custom_1591617175100{padding-left: 40px !important;}&#8221; el_class=&#8221;overflow&#8221;][vc_column_text css=&#8221;.vc_custom_1620289966296{padding-top: 40px !important;padding-bottom: 40px !important;padding-left: 40px !important;}&#8221;]Na Primavera de 2009, a DSV celebrou o seu 100º aniversário com uma semana festiva de celebrações. Mas estes 100 anos não são perceptíveis para a escola. Só desde 1961 é que o DSV está localizado no edifício principal de quatro andares da Calle Jaime Roig, no limite do centro histórico de Valência, a terceira maior cidade de Espanha com uma população de cerca de 800.000 habitantes. Tudo começou em 1909 com apenas quatro alunos alemães, mas entretanto o DSV tornou-se o ponto focal e ponto de encontro de quase 800 raparigas e rapazes que frequentam o jardim-de-infância, a escola primária ou a escola secundária da nossa escola. Devido à sua localização central, podem facilmente chegar à escola a pé ou de bicicleta na maioria dos casos. Ao mesmo tempo, a DSV é uma verdadeira escola de encontros, o que significa que a proporção de colegas espanhóis é particularmente elevada e, por conseguinte, é dada especial importância ao intercâmbio intercultural.[/vc_column_text][/vc_column][/vc_row][vc_row full_width=&#8221;stretch_row&#8221; gap=&#8221;35&#8243;][vc_column][vc_empty_space alter_height=&#8221;medium&#8221; hide_on_mobile=&#8221;&#8221;][/vc_column][/vc_row][vc_row equal_height=&#8221;yes&#8221; content_placement=&#8221;middle&#8221;][vc_column width=&#8221;1/4&#8243;][vc_single_image image=&#8221;855&#8243; img_size=&#8221;full&#8221;][/vc_column][vc_column width=&#8221;1/4&#8243;][vc_single_image image=&#8221;856&#8243; img_size=&#8221;full&#8221;][/vc_column][vc_column width=&#8221;1/4&#8243;][vc_single_image image=&#8221;857&#8243; img_size=&#8221;full&#8221;][/vc_column][vc_column width=&#8221;1/4&#8243;][vc_single_image image=&#8221;858&#8243; img_size=&#8221;full&#8221;][/vc_column][/vc_row][vc_row full_width=&#8221;stretch_row&#8221; gap=&#8221;35&#8243;][vc_column][vc_empty_space alter_height=&#8221;medium&#8221; hide_on_mobile=&#8221;&#8221;][/vc_column][/vc_row]</p>
