{"id":2456,"date":"2020-07-15T11:13:36","date_gmt":"2020-07-15T09:13:36","guid":{"rendered":"https:\/\/www.ds-iberien.de\/deutsche-schule-malaga-2\/"},"modified":"2021-05-06T10:28:52","modified_gmt":"2021-05-06T08:28:52","slug":"deutsche-schule-malaga-2","status":"publish","type":"page","link":"https:\/\/www.ds-iberien.de\/pt-pt\/deutsche-schule-malaga-2\/","title":{"rendered":"ESCOLA ALEM\u00c3 M\u00c1LAGA"},"content":{"rendered":"<p>[vc_row][vc_column width=&#8221;1\/4&#8243; css=&#8221;.vc_custom_1599554175594{background-color: #e6e6e6 !important;}&#8221; el_class=&#8221;menu_lateral&#8221;][vc_wp_custommenu nav_menu=&#8221;52&#8243;][vc_empty_space alter_height=&#8221;small&#8221; hide_on_mobile=&#8221;&#8221;][vc_wp_custommenu nav_menu=&#8221;53&#8243;][vc_empty_space alter_height=&#8221;small&#8221; hide_on_mobile=&#8221;&#8221;][vc_wp_custommenu nav_menu=&#8221;54&#8243;][\/vc_column][vc_column width=&#8221;3\/4&#8243;][vc_column_text]<\/p>\n<h2 style=\"text-align: center; color: #d7362d;\">ESCOLA ALEM\u00c3 M\u00c1LAGA<\/h2>\n<p>[\/vc_column_text][vc_empty_space hide_on_mobile=&#8221;&#8221;][vc_row_inner][vc_column_inner width=&#8221;2\/3&#8243;][vc_single_image image=&#8221;1433&#8243; img_size=&#8221;full&#8221;][vc_empty_space hide_on_mobile=&#8221;&#8221;][vc_column_text]A Escola Alem\u00e3 de M\u00e1laga \u00e9 uma escola privada independente aprovada pelas autoridades educativas espanholas e reconhecida e supervisionada pela &#8220;Confer\u00eancia Permanente dos Ministros da Educa\u00e7\u00e3o e dos Assuntos Culturais dos L\u00e4nder da Rep\u00fablica Federal da Alemanha&#8221; (KMK) como uma escola oficial no estrangeiro. A escola \u00e9 uma escola de encontros totalmente desenvolvida com o objectivo de oferecer uma educa\u00e7\u00e3o bilingue e foi a primeira escola no mundo a receber o selo de qualidade &#8220;Excelente Escola Alem\u00e3 no Estrangeiro&#8221; em 2008.[\/vc_column_text][\/vc_column_inner][vc_column_inner width=&#8221;1\/3&#8243; css=&#8221;.vc_custom_1593427104907{border-left-width: 2px !important;border-left-color: #f4b606 !important;border-left-style: solid !important;}&#8221;][vc_single_image image=&#8221;1329&#8243; img_size=&#8221;full&#8221; alignment=&#8221;right&#8221;][vc_empty_space hide_on_mobile=&#8221;&#8221;][vc_column_text]<\/p>\n<p style=\"text-align: right;\"><span style=\"color: #f4b606;\">ESCOLA ALEM\u00c3 M\u00c1LAGA<\/span><\/p>\n<p>[\/vc_column_text][vc_empty_space alter_height=&#8221;medium&#8221; hide_on_mobile=&#8221;&#8221;][vc_column_text]<\/p>\n<p style=\"text-align: right;\"><strong>Elmar Wind<\/strong><br \/>\nSchulleiter<br \/>\n<strong>Telefon<\/strong><br \/>\n<a href=\"tel:+34952831417\">+34 95-283 14 17<\/a><br \/>\n<strong>E-Mail<\/strong><br \/>\n<a href=\"mailto:wind@dsmalaga.com\">wind@dsmalaga.com<\/a><br \/>\n<strong>Adresse<\/strong><br \/>\nDeutsche Schule M\u00e1laga &#8211; Colegio Alem\u00e1n de<br \/>\nM\u00e1laga<br \/>\nUrb. Elviria, La Mairena<br \/>\nCalle Vel\u00e1zquez 1-5<br \/>\n29612 Oj\u00e9n, M\u00e1laga<br \/>\nSpanien<br \/>\n<strong>WEBSITE<\/strong><br \/>\n<a href=\"https:\/\/www.dsmalaga.com\/\" target=\"_Blank\" rel=\"noopener noreferrer\">www.dsmalaga.com<\/a><\/p>\n<p>[\/vc_column_text][\/vc_column_inner][\/vc_row_inner][\/vc_column][\/vc_row][vc_row][vc_column width=&#8221;1\/4&#8243;][\/vc_column][vc_column width=&#8221;3\/4&#8243;][vc_empty_space alter_height=&#8221;medium&#8221; hide_on_mobile=&#8221;&#8221;][vc_column_text]<\/p>\n<h3 style=\"text-align: left; color: #d7362d;\">ALLGEMEIN<\/h3>\n<p>[\/vc_column_text][vc_separator color=&#8221;custom&#8221; accent_color=&#8221;#f4b606&#8243; css=&#8221;.vc_custom_1593438972630{margin-top: 0px !important;margin-bottom: 0px !important;padding-top: 0px !important;padding-bottom: 0px !important;}&#8221;][vc_column_text]<\/p>\n<table style=\"border: 0!important; background-color: white!important;\" border=\"0\" width=\"100%\" cellspacing=\"0\" cellpadding=\"0\">\n<tbody>\n<tr valign=\"top\">\n<td style=\"text-align: left; width: 20%; border: 0!important; background-color: white!important;\"><strong>TR\u00c4GER<\/strong><\/td>\n<td style=\"width: 30%; border: 0px none !important; background-color: white !important; text-align: left;\">Patronat der Deutschen Schule in der Provinz M\u00e1laga<\/td>\n<td style=\"text-align: center; width: 25%; border: 0!important; background-color: white!important;\"><strong>GR\u00dcNDUNGSJAHR<\/strong><br \/>\n1966<\/td>\n<td style=\"text-align: center; width: 25%; border: 0!important; background-color: white!important;\"><strong>JAHRGANGSSTUFEN<\/strong><br \/>\n1-12<\/td>\n<\/tr>\n<tr valign=\"top\">\n<td style=\"width: 20%; border: 0px none !important; background-color: white !important; text-align: left;\"><strong>AUSZEICHNUNGEN<\/strong><\/td>\n<td style=\"width: 30%; border: 0px none !important; background-color: white !important; text-align: left;\">G\u00fctesiegel BLI \u2013 Exzellente Deutsche Auslandsschule<\/td>\n<td style=\"text-align: center; width: 25%; border: 0!important; background-color: white!important;\"><strong>SCHULJAHRESBEGINN<\/strong><br \/>\nSeptember<\/td>\n<td style=\"text-align: center; width: 25%; border: 0!important; background-color: white!important;\"><strong>SOMMERFERIEN<\/strong><br \/>\nJuli\/August<\/td>\n<\/tr>\n<tr valign=\"top\">\n<td style=\"width: 20%; border: 0px none !important; background-color: white !important; text-align: left;\"><strong>ABSCHL\u00dcSSE<\/strong><\/td>\n<td style=\"width: 30%; border: 0px none !important; background-color: white !important; text-align: left;\">Abitur (Allgemeine Hochschulreife)<br \/>\nHauptschulabschluss<br \/>\nMittlerer Schulabschluss (Realschulabschluss)<\/td>\n<td style=\"text-align: center; width: 25%; border: 0!important; background-color: white!important;\"><strong>ANZAHL SCH\u00dcLER<\/strong><br \/>\n570<\/td>\n<td style=\"text-align: center; width: 25%; border: 0!important; background-color: white!important;\"><strong>ANZAHL LEHRKR\u00c4FTE<\/strong><br \/>\n40<\/td>\n<\/tr>\n<\/tbody>\n<\/table>\n<p>[\/vc_column_text][\/vc_column][\/vc_row][vc_row][vc_column width=&#8221;1\/4&#8243;][\/vc_column][vc_column width=&#8221;3\/4&#8243;][vc_empty_space alter_height=&#8221;medium&#8221; hide_on_mobile=&#8221;&#8221;][vc_row_inner][vc_column_inner width=&#8221;1\/2&#8243;][vc_single_image image=&#8221;1434&#8243; img_size=&#8221;full&#8221;][\/vc_column_inner][vc_column_inner width=&#8221;1\/2&#8243;][vc_column_text]<\/p>\n<h3 style=\"color: #d7362d; text-align: right;\">INFOS ZUR SCHULE<\/h3>\n<p>[\/vc_column_text][vc_separator color=&#8221;custom&#8221; accent_color=&#8221;#f4b606&#8243; css=&#8221;.vc_custom_1593437458871{margin-top: 0px !important;margin-bottom: 0px !important;padding-top: 0px !important;padding-bottom: 0px !important;}&#8221;][vc_column_text]<\/p>\n<table style=\"border: 0!important; background-color: white!important;\" border=\"0\" width=\"100%\" cellspacing=\"0\" cellpadding=\"0\">\n<tbody>\n<tr valign=\"top\">\n<td style=\"text-align: center; width: 50%; border: 0!important; background-color: white!important;\"><strong>UNTERRICHTSSPRACHEN<\/strong><br \/>\nDeutsch<br \/>\nSpanisch<\/td>\n<td style=\"text-align: center; width: 50%; border: 0!important; background-color: white!important;\"><strong>SCHULTYP<\/strong><br \/>\nBegegnungsschule<\/td>\n<\/tr>\n<\/tbody>\n<\/table>\n<p>[\/vc_column_text][vc_empty_space hide_on_mobile=&#8221;&#8221;][vc_column_text]<\/p>\n<table style=\"border: 0!important; background-color: white!important;\" border=\"0\" width=\"100%\" cellspacing=\"0\" cellpadding=\"0\">\n<tbody>\n<tr valign=\"top\">\n<td style=\"text-align: center; width: 50%; border: 0!important; background-color: white!important;\"><strong>SCHULSTRUKTUR<\/strong><br \/>\nGrundschule<br \/>\nKindergarten<br \/>\nSekundarstufe 1<br \/>\nSekundarstufe 2<\/td>\n<td style=\"text-align: center; border: 0!important; background-color: white!important;\"><strong>FREMDSPRACHEN<\/strong><br \/>\nEnglisch<br \/>\nFranz\u00f6sisch<br \/>\nSpanisch<\/td>\n<\/tr>\n<\/tbody>\n<\/table>\n<p>[\/vc_column_text][\/vc_column_inner][\/vc_row_inner][\/vc_column][\/vc_row][vc_row][vc_column width=&#8221;1\/4&#8243;][\/vc_column][vc_column width=&#8221;3\/4&#8243;][vc_empty_space alter_height=&#8221;medium&#8221; hide_on_mobile=&#8221;&#8221;][vc_column_text]<\/p>\n<h3 style=\"text-align: left; color: #d7362d;\">PRAKTIKUM<\/h3>\n<p>[\/vc_column_text][vc_separator color=&#8221;custom&#8221; accent_color=&#8221;#f4b606&#8243; css=&#8221;.vc_custom_1593437458871{margin-top: 0px !important;margin-bottom: 0px !important;padding-top: 0px !important;padding-bottom: 0px !important;}&#8221;][vc_column_text]Praktika sind in Kindergarten, Grund- und Sekundarschule m\u00f6glich. Kontaktieren Sie die Schule oder besuchen Sie die Schul-Website, um mehr zu erfahren.<br \/>\n<a href=\"http:\/\/www.dsmalaga.com\" target=\"_blank\" rel=\"noopener noreferrer\">www.dsmalaga.com<\/a>[\/vc_column_text][\/vc_column][\/vc_row][vc_row][vc_column][vc_column_text][\/vc_column_text][\/vc_column][\/vc_row]<\/p>\n","protected":false},"excerpt":{"rendered":"<p>[vc_row][vc_column width=&#8221;1\/4&#8243; css=&#8221;.vc_custom_1599554175594{background-color: #e6e6e6 !important;}&#8221; el_class=&#8221;menu_lateral&#8221;][vc_wp_custommenu nav_menu=&#8221;52&#8243;][vc_empty_space alter_height=&#8221;small&#8221; hide_on_mobile=&#8221;&#8221;][vc_wp_custommenu nav_menu=&#8221;53&#8243;][vc_empty_space alter_height=&#8221;small&#8221; hide_on_mobile=&#8221;&#8221;][vc_wp_custommenu nav_menu=&#8221;54&#8243;][\/vc_column][vc_column width=&#8221;3\/4&#8243;][vc_column_text] ESCOLA ALEM\u00c3 M\u00c1LAGA [\/vc_column_text][vc_empty_space hide_on_mobile=&#8221;&#8221;][vc_row_inner][vc_column_inner width=&#8221;2\/3&#8243;][vc_single_image image=&#8221;1433&#8243; img_size=&#8221;full&#8221;][vc_empty_space hide_on_mobile=&#8221;&#8221;][vc_column_text]A Escola Alem\u00e3 de M\u00e1laga \u00e9 uma escola privada independente aprovada pelas autoridades educativas espanholas e reconhecida e&hellip;<\/p>\n","protected":false},"author":1,"featured_media":0,"parent":0,"menu_order":0,"comment_status":"closed","ping_status":"closed","template":"","meta":[],"aioseo_notices":[],"_links":{"self":[{"href":"https:\/\/www.ds-iberien.de\/pt-pt\/wp-json\/wp\/v2\/pages\/2456"}],"collection":[{"href":"https:\/\/www.ds-iberien.de\/pt-pt\/wp-json\/wp\/v2\/pages"}],"about":[{"href":"https:\/\/www.ds-iberien.de\/pt-pt\/wp-json\/wp\/v2\/types\/page"}],"author":[{"embeddable":true,"href":"https:\/\/www.ds-iberien.de\/pt-pt\/wp-json\/wp\/v2\/users\/1"}],"replies":[{"embeddable":true,"href":"https:\/\/www.ds-iberien.de\/pt-pt\/wp-json\/wp\/v2\/comments?post=2456"}],"version-history":[{"count":2,"href":"https:\/\/www.ds-iberien.de\/pt-pt\/wp-json\/wp\/v2\/pages\/2456\/revisions"}],"predecessor-version":[{"id":2459,"href":"https:\/\/www.ds-iberien.de\/pt-pt\/wp-json\/wp\/v2\/pages\/2456\/revisions\/2459"}],"wp:attachment":[{"href":"https:\/\/www.ds-iberien.de\/pt-pt\/wp-json\/wp\/v2\/media?parent=2456"}],"curies":[{"name":"wp","href":"https:\/\/api.w.org\/{rel}","templated":true}]}}

ESCOLA ALEMÃ MÁLAGA

<p>[vc_row][vc_column width=&#8221;1/4&#8243; css=&#8221;.vc_custom_1599554175594{background-color: #e6e6e6 !important;}&#8221; el_class=&#8221;menu_lateral&#8221;][vc_wp_custommenu nav_menu=&#8221;52&#8243;][vc_empty_space alter_height=&#8221;small&#8221; hide_on_mobile=&#8221;&#8221;][vc_wp_custommenu nav_menu=&#8221;53&#8243;][vc_empty_space alter_height=&#8221;small&#8221; hide_on_mobile=&#8221;&#8221;][vc_wp_custommenu nav_menu=&#8221;54&#8243;][/vc_column][vc_column width=&#8221;3/4&#8243;][vc_column_text]</p>
<h2 style="text-align: center; color: #d7362d;">ESCOLA ALEMÃ MÁLAGA</h2>
<p>[/vc_column_text][vc_empty_space hide_on_mobile=&#8221;&#8221;][vc_row_inner][vc_column_inner width=&#8221;2/3&#8243;][vc_single_image image=&#8221;1433&#8243; img_size=&#8221;full&#8221;][vc_empty_space hide_on_mobile=&#8221;&#8221;][vc_column_text]A Escola Alemã de Málaga é uma escola privada independente aprovada pelas autoridades educativas espanholas e reconhecida e supervisionada pela &#8220;Conferência Permanente dos Ministros da Educação e dos Assuntos Culturais dos Länder da República Federal da Alemanha&#8221; (KMK) como uma escola oficial no estrangeiro. A escola é uma escola de encontros totalmente desenvolvida com o objectivo de oferecer uma educação bilingue e foi a primeira escola no mundo a receber o selo de qualidade &#8220;Excelente Escola Alemã no Estrangeiro&#8221; em 2008.[/vc_column_text][/vc_column_inner][vc_column_inner width=&#8221;1/3&#8243; css=&#8221;.vc_custom_1593427104907{border-left-width: 2px !important;border-left-color: #f4b606 !important;border-left-style: solid !important;}&#8221;][vc_single_image image=&#8221;1329&#8243; img_size=&#8221;full&#8221; alignment=&#8221;right&#8221;][vc_empty_space hide_on_mobile=&#8221;&#8221;][vc_column_text]</p>
<p style="text-align: right;"><span style="color: #f4b606;">ESCOLA ALEMÃ MÁLAGA</span></p>
<p>[/vc_column_text][vc_empty_space alter_height=&#8221;medium&#8221; hide_on_mobile=&#8221;&#8221;][vc_column_text]</p>
<p style="text-align: right;"><strong>Elmar Wind</strong><br />
Schulleiter<br />
<strong>Telefon</strong><br />
<a href="tel:+34952831417">+34 95-283 14 17</a><br />
<strong>E-Mail</strong><br />
<a href="mailto:wind@dsmalaga.com">wind@dsmalaga.com</a><br />
<strong>Adresse</strong><br />
Deutsche Schule Málaga &#8211; Colegio Alemán de<br />
Málaga<br />
Urb. Elviria, La Mairena<br />
Calle Velázquez 1-5<br />
29612 Ojén, Málaga<br />
Spanien<br />
<strong>WEBSITE</strong><br />
<a href="https://www.dsmalaga.com/" target="_Blank" rel="noopener noreferrer">www.dsmalaga.com</a></p>
<p>[/vc_column_text][/vc_column_inner][/vc_row_inner][/vc_column][/vc_row][vc_row][vc_column width=&#8221;1/4&#8243;][/vc_column][vc_column width=&#8221;3/4&#8243;][vc_empty_space alter_height=&#8221;medium&#8221; hide_on_mobile=&#8221;&#8221;][vc_column_text]</p>
<h3 style="text-align: left; color: #d7362d;">ALLGEMEIN</h3>
<p>[/vc_column_text][vc_separator color=&#8221;custom&#8221; accent_color=&#8221;#f4b606&#8243; css=&#8221;.vc_custom_1593438972630{margin-top: 0px !important;margin-bottom: 0px !important;padding-top: 0px !important;padding-bottom: 0px !important;}&#8221;][vc_column_text]</p>
<table style="border: 0!important; background-color: white!important;" border="0" width="100%" cellspacing="0" cellpadding="0">
<tbody>
<tr valign="top">
<td style="text-align: left; width: 20%; border: 0!important; background-color: white!important;"><strong>TRÄGER</strong></td>
<td style="width: 30%; border: 0px none !important; background-color: white !important; text-align: left;">Patronat der Deutschen Schule in der Provinz Málaga</td>
<td style="text-align: center; width: 25%; border: 0!important; background-color: white!important;"><strong>GRÜNDUNGSJAHR</strong><br />
1966</td>
<td style="text-align: center; width: 25%; border: 0!important; background-color: white!important;"><strong>JAHRGANGSSTUFEN</strong><br />
1-12</td>
</tr>
<tr valign="top">
<td style="width: 20%; border: 0px none !important; background-color: white !important; text-align: left;"><strong>AUSZEICHNUNGEN</strong></td>
<td style="width: 30%; border: 0px none !important; background-color: white !important; text-align: left;">Gütesiegel BLI – Exzellente Deutsche Auslandsschule</td>
<td style="text-align: center; width: 25%; border: 0!important; background-color: white!important;"><strong>SCHULJAHRESBEGINN</strong><br />
September</td>
<td style="text-align: center; width: 25%; border: 0!important; background-color: white!important;"><strong>SOMMERFERIEN</strong><br />
Juli/August</td>
</tr>
<tr valign="top">
<td style="width: 20%; border: 0px none !important; background-color: white !important; text-align: left;"><strong>ABSCHLÜSSE</strong></td>
<td style="width: 30%; border: 0px none !important; background-color: white !important; text-align: left;">Abitur (Allgemeine Hochschulreife)<br />
Hauptschulabschluss<br />
Mittlerer Schulabschluss (Realschulabschluss)</td>
<td style="text-align: center; width: 25%; border: 0!important; background-color: white!important;"><strong>ANZAHL SCHÜLER</strong><br />
570</td>
<td style="text-align: center; width: 25%; border: 0!important; background-color: white!important;"><strong>ANZAHL LEHRKRÄFTE</strong><br />
40</td>
</tr>
</tbody>
</table>
<p>[/vc_column_text][/vc_column][/vc_row][vc_row][vc_column width=&#8221;1/4&#8243;][/vc_column][vc_column width=&#8221;3/4&#8243;][vc_empty_space alter_height=&#8221;medium&#8221; hide_on_mobile=&#8221;&#8221;][vc_row_inner][vc_column_inner width=&#8221;1/2&#8243;][vc_single_image image=&#8221;1434&#8243; img_size=&#8221;full&#8221;][/vc_column_inner][vc_column_inner width=&#8221;1/2&#8243;][vc_column_text]</p>
<h3 style="color: #d7362d; text-align: right;">INFOS ZUR SCHULE</h3>
<p>[/vc_column_text][vc_separator color=&#8221;custom&#8221; accent_color=&#8221;#f4b606&#8243; css=&#8221;.vc_custom_1593437458871{margin-top: 0px !important;margin-bottom: 0px !important;padding-top: 0px !important;padding-bottom: 0px !important;}&#8221;][vc_column_text]</p>
<table style="border: 0!important; background-color: white!important;" border="0" width="100%" cellspacing="0" cellpadding="0">
<tbody>
<tr valign="top">
<td style="text-align: center; width: 50%; border: 0!important; background-color: white!important;"><strong>UNTERRICHTSSPRACHEN</strong><br />
Deutsch<br />
Spanisch</td>
<td style="text-align: center; width: 50%; border: 0!important; background-color: white!important;"><strong>SCHULTYP</strong><br />
Begegnungsschule</td>
</tr>
</tbody>
</table>
<p>[/vc_column_text][vc_empty_space hide_on_mobile=&#8221;&#8221;][vc_column_text]</p>
<table style="border: 0!important; background-color: white!important;" border="0" width="100%" cellspacing="0" cellpadding="0">
<tbody>
<tr valign="top">
<td style="text-align: center; width: 50%; border: 0!important; background-color: white!important;"><strong>SCHULSTRUKTUR</strong><br />
Grundschule<br />
Kindergarten<br />
Sekundarstufe 1<br />
Sekundarstufe 2</td>
<td style="text-align: center; border: 0!important; background-color: white!important;"><strong>FREMDSPRACHEN</strong><br />
Englisch<br />
Französisch<br />
Spanisch</td>
</tr>
</tbody>
</table>
<p>[/vc_column_text][/vc_column_inner][/vc_row_inner][/vc_column][/vc_row][vc_row][vc_column width=&#8221;1/4&#8243;][/vc_column][vc_column width=&#8221;3/4&#8243;][vc_empty_space alter_height=&#8221;medium&#8221; hide_on_mobile=&#8221;&#8221;][vc_column_text]</p>
<h3 style="text-align: left; color: #d7362d;">PRAKTIKUM</h3>
<p>[/vc_column_text][vc_separator color=&#8221;custom&#8221; accent_color=&#8221;#f4b606&#8243; css=&#8221;.vc_custom_1593437458871{margin-top: 0px !important;margin-bottom: 0px !important;padding-top: 0px !important;padding-bottom: 0px !important;}&#8221;][vc_column_text]Praktika sind in Kindergarten, Grund- und Sekundarschule möglich. Kontaktieren Sie die Schule oder besuchen Sie die Schul-Website, um mehr zu erfahren.<br />
<a href="http://www.dsmalaga.com" target="_blank" rel="noopener noreferrer">www.dsmalaga.com</a>[/vc_column_text][/vc_column][/vc_row][vc_row][vc_column][vc_column_text][/vc_column_text][/vc_column][/vc_row]</p>

<p>[vc_row][vc_column width=&#8221;1/4&#8243; css=&#8221;.vc_custom_1599554175594{background-color: #e6e6e6 !important;}&#8221; el_class=&#8221;menu_lateral&#8221;][vc_wp_custommenu nav_menu=&#8221;52&#8243;][vc_empty_space alter_height=&#8221;small&#8221; hide_on_mobile=&#8221;&#8221;][vc_wp_custommenu nav_menu=&#8221;53&#8243;][vc_empty_space alter_height=&#8221;small&#8221; hide_on_mobile=&#8221;&#8221;][vc_wp_custommenu nav_menu=&#8221;54&#8243;][/vc_column][vc_column width=&#8221;3/4&#8243;][vc_column_text] ESCOLA ALEMÃ MÁLAGA [/vc_column_text][vc_empty_space hide_on_mobile=&#8221;&#8221;][vc_row_inner][vc_column_inner width=&#8221;2/3&#8243;][vc_single_image image=&#8221;1433&#8243; img_size=&#8221;full&#8221;][vc_empty_space hide_on_mobile=&#8221;&#8221;][vc_column_text]A Escola Alemã de Málaga é uma escola privada independente aprovada pelas autoridades educativas espanholas e reconhecida e&hellip;</p>
