{"id":2409,"date":"2020-06-30T12:52:17","date_gmt":"2020-06-30T10:52:17","guid":{"rendered":"https:\/\/www.ds-iberien.de\/?page_id=2409"},"modified":"2025-03-28T18:54:25","modified_gmt":"2025-03-28T16:54:25","slug":"deutsche-schule-zaragoza","status":"publish","type":"page","link":"https:\/\/www.ds-iberien.de\/pt-pt\/deutsche-schule-zaragoza\/","title":{"rendered":"ESCOLA ALEM\u00c3 DE SARAGO\u00c7A"},"content":{"rendered":"<p>[vc_row full_width=&#8221;stretch_row_content_no_spaces&#8221; css=&#8221;.vc_custom_1743070722946{padding-top: 500px !important;padding-bottom: 500px !important;background-image: url(https:\/\/www.ds-iberien.de\/wp-content\/uploads\/2025\/03\/colegio-aleman-de-zaragoza-primaria-alumnos.webp?id=4757) !important;background-position: center !important;background-repeat: no-repeat !important;background-size: cover !important;}&#8221;][vc_column][\/vc_column][\/vc_row][vc_row gap=&#8221;15&#8243; css=&#8221;.vc_custom_1591617474487{margin-top: -70px !important;background-color: rgba(221,51,51,0.01) !important;*background-color: rgb(221,51,51) !important;}&#8221;][vc_column width=&#8221;2\/6&#8243; icons_position=&#8221;left&#8221; css=&#8221;.vc_custom_1591615516296{background-color: #f2f2f2 !important;}&#8221;][vc_empty_space height=&#8221;60px&#8221; alter_height=&#8221;none&#8221; hide_on_mobile=&#8221;&#8221;][vc_single_image image=&#8221;4781&#8243; img_size=&#8221;full&#8221; alignment=&#8221;center&#8221;][vc_empty_space hide_on_mobile=&#8221;&#8221;][vc_column_text]<\/p>\n<p style=\"text-align: center; font-size: 25px;\"><a style=\"color: #a0002f;\" href=\"http:\/\/colegioaleman.com\" target=\"_blank\" rel=\"noopener noreferrer\">colegioaleman.com<\/a><\/p>\n<p>[\/vc_column_text][vc_empty_space alter_height=&#8221;none&#8221; hide_on_mobile=&#8221;&#8221;][\/vc_column][vc_column width=&#8221;1\/6&#8243; css=&#8221;.vc_custom_1591616350551{background-color: #ffffff !important;}&#8221;][vc_empty_space alter_height=&#8221;none&#8221; hide_on_mobile=&#8221;&#8221;][vc_single_image image=&#8221;949&#8243; img_size=&#8221;full&#8221; alignment=&#8221;center&#8221;][vc_empty_space hide_on_mobile=&#8221;&#8221;][vc_column_text]<\/p>\n<p style=\"text-align: center;\"><strong><span style=\"color: #c10c0c;\">1956<\/span><\/strong><br \/>\n<strong><span style=\"color: #c10c0c;\">FUNDA\u00c7AO<\/span><\/strong><\/p>\n<p>[\/vc_column_text][vc_empty_space hide_on_mobile=&#8221;&#8221;][\/vc_column][vc_column width=&#8221;1\/6&#8243; css=&#8221;.vc_custom_1591616358805{background-color: #ffffff !important;}&#8221;][vc_empty_space alter_height=&#8221;none&#8221; hide_on_mobile=&#8221;&#8221;][vc_single_image image=&#8221;950&#8243; img_size=&#8221;full&#8221; alignment=&#8221;center&#8221;][vc_empty_space hide_on_mobile=&#8221;&#8221;][vc_column_text]<\/p>\n<p style=\"text-align: center;\"><strong><span style=\"color: #c10c0c;\">601<br \/>\nALUNOS<br \/>\n<\/span><\/strong><\/p>\n<p>[\/vc_column_text][vc_empty_space hide_on_mobile=&#8221;&#8221;][\/vc_column][vc_column width=&#8221;1\/6&#8243; css=&#8221;.vc_custom_1591616367652{background-color: #ffffff !important;}&#8221;][vc_empty_space alter_height=&#8221;none&#8221; hide_on_mobile=&#8221;&#8221;][vc_single_image image=&#8221;951&#8243; img_size=&#8221;full&#8221; alignment=&#8221;center&#8221;][vc_empty_space hide_on_mobile=&#8221;&#8221;][vc_column_text]<\/p>\n<p style=\"text-align: center;\"><strong><span style=\"color: #c10c0c;\">71<br \/>\nENSINO M\u00c9DIO<br \/>\n<\/span><\/strong><\/p>\n<p>[\/vc_column_text][vc_empty_space hide_on_mobile=&#8221;&#8221;][\/vc_column][vc_column width=&#8221;1\/6&#8243; css=&#8221;.vc_custom_1591616387443{background-color: #ffffff !important;}&#8221;][vc_empty_space alter_height=&#8221;none&#8221; hide_on_mobile=&#8221;&#8221;][vc_single_image image=&#8221;952&#8243; img_size=&#8221;full&#8221; alignment=&#8221;center&#8221;][vc_empty_space hide_on_mobile=&#8221;&#8221;][vc_column_text]<\/p>\n<p style=\"text-align: center;\"><strong><span style=\"color: #c10c0c;\">95<br \/>\nFUNCION\u00c1RIOS<br \/>\n<\/span><\/strong><\/p>\n<p>[\/vc_column_text][vc_empty_space hide_on_mobile=&#8221;&#8221;][\/vc_column][\/vc_row][vc_row full_width=&#8221;stretch_row&#8221; gap=&#8221;35&#8243;][vc_column][vc_empty_space alter_height=&#8221;medium&#8221; hide_on_mobile=&#8221;&#8221;][\/vc_column][\/vc_row][vc_row full_width=&#8221;stretch_row_content_no_spaces&#8221; scheme=&#8221;dark&#8221; css=&#8221;.vc_custom_1591616563751{background-color: #f2f3f6 !important;}&#8221;][vc_column width=&#8221;1\/2&#8243; icons_position=&#8221;left&#8221; css=&#8221;.vc_custom_1743070743628{border-right-width: 15px !important;padding-top: 500px !important;padding-bottom: 500px !important;background-image: url(https:\/\/www.ds-iberien.de\/wp-content\/uploads\/2025\/03\/secundaria-colegio-aleman-zaragoza-alumnos.webp?id=4760) !important;background-position: center !important;background-repeat: no-repeat !important;background-size: cover !important;border-right-color: #a00007 !important;border-right-style: solid !important;}&#8221;][\/vc_column][vc_column width=&#8221;1\/2&#8243; icons_position=&#8221;left&#8221; css=&#8221;.vc_custom_1591617175100{padding-left: 40px !important;}&#8221; el_class=&#8221;overflow&#8221;][vc_column_text css=&#8221;.vc_custom_1743180855319{padding-top: 40px !important;padding-bottom: 40px !important;padding-left: 40px !important;}&#8221;]O Col\u00e9gio Alem\u00e3o de Sarago\u00e7a, que celebrar\u00e1 o seu 70\u00ba anivers\u00e1rio no pr\u00f3ximo ano, \u00e9 uma institui\u00e7\u00e3o educativa privada e laica que acolhe mais de 600 alunos, desde os quatro meses at\u00e9 aos 18 anos de idade. Desde cedo, os alunos s\u00e3o imersos na l\u00edngua alem\u00e3, preparando-se para a introdu\u00e7\u00e3o do ingl\u00eas como terceira l\u00edngua na escola prim\u00e1ria.<\/p>\n<p>Com uma filosofia centrada no aluno e uma perspetiva global, a escola d\u00e1 \u00eanfase \u00e0 aprendizagem multicultural, onde as l\u00ednguas e a diversidade desempenham um papel fundamental na educa\u00e7\u00e3o hol\u00edstica dos seus alunos.<\/p>\n<p>O ensino da escola n\u00e3o se limita a conte\u00fados, mas incentiva o desenvolvimento de aptid\u00f5es, compet\u00eancias e valores, combinando a tradi\u00e7\u00e3o educativa alem\u00e3 com uma vis\u00e3o global. Desta forma, os alunos acrescentam \u00e0 sua aprendizagem experi\u00eancias de interc\u00e2mbio, est\u00e1gios e trabalho volunt\u00e1rio, desenvolvendo aptid\u00f5es e uma forte consci\u00eancia social que os prepara para o futuro.<\/p>\n<p>O programa educativo do Col\u00e9gio Alem\u00e3o de Sarago\u00e7a incluiu, este ano letivo, novos projetos inovadores, com os quais continua a oferecer uma aten\u00e7\u00e3o individualizada e personalizada. Entre os projetos destacam-se o plano de altas habilidades, o plano de alto rendimento desportivo, o projeto M\u00fasica 360\u00ba e os Grupos de Adapta\u00e7\u00e3o 0 para novos alunos, com um programa concebido para os alunos que v\u00eam de um ambiente educativo em que o alem\u00e3o n\u00e3o \u00e9 a l\u00edngua veicular, facilitando a sua integra\u00e7\u00e3o no ambiente acad\u00e9mico e social do col\u00e9gio.<\/p>\n<p>Al\u00e9m disso, comprometido com a excel\u00eancia acad\u00e9mica e o ensino da l\u00edngua, o Col\u00e9gio Alem\u00e3o de Sarago\u00e7a \u00e9 um centro de exames do Goethe-Institut de Arag\u00e3o e um centro preparat\u00f3rio para os exames de Cambridge. Esta \u00e9 uma oportunidade que oferece aos seus alunos o reconhecimento internacional das suas compet\u00eancias lingu\u00edsticas, dotando-os de ferramentas para o mundo.[\/vc_column_text][\/vc_column][\/vc_row][vc_row full_width=&#8221;stretch_row&#8221; gap=&#8221;35&#8243;][vc_column][vc_empty_space alter_height=&#8221;medium&#8221; hide_on_mobile=&#8221;&#8221;][\/vc_column][\/vc_row][vc_row equal_height=&#8221;yes&#8221; content_placement=&#8221;middle&#8221;][vc_column width=&#8221;1\/4&#8243;][vc_single_image image=&#8221;855&#8243; img_size=&#8221;full&#8221;][\/vc_column][vc_column width=&#8221;1\/4&#8243;][vc_single_image image=&#8221;856&#8243; img_size=&#8221;full&#8221;][\/vc_column][vc_column width=&#8221;1\/4&#8243;][vc_single_image image=&#8221;857&#8243; img_size=&#8221;full&#8221;][\/vc_column][vc_column width=&#8221;1\/4&#8243;][vc_single_image image=&#8221;858&#8243; img_size=&#8221;full&#8221;][\/vc_column][\/vc_row][vc_row full_width=&#8221;stretch_row&#8221; gap=&#8221;35&#8243;][vc_column][vc_empty_space alter_height=&#8221;medium&#8221; hide_on_mobile=&#8221;&#8221;][\/vc_column][\/vc_row]<\/p>\n","protected":false},"excerpt":{"rendered":"<p>[vc_row full_width=&#8221;stretch_row_content_no_spaces&#8221; css=&#8221;.vc_custom_1743070722946{padding-top: 500px !important;padding-bottom: 500px !important;background-image: url(https:\/\/www.ds-iberien.de\/wp-content\/uploads\/2025\/03\/colegio-aleman-de-zaragoza-primaria-alumnos.webp?id=4757) !important;background-position: center !important;background-repeat: no-repeat !important;background-size: cover !important;}&#8221;][vc_column][\/vc_column][\/vc_row][vc_row gap=&#8221;15&#8243; css=&#8221;.vc_custom_1591617474487{margin-top: -70px !important;background-color: rgba(221,51,51,0.01) !important;*background-color: rgb(221,51,51) !important;}&#8221;][vc_column width=&#8221;2\/6&#8243; icons_position=&#8221;left&#8221; css=&#8221;.vc_custom_1591615516296{background-color: #f2f2f2 !important;}&#8221;][vc_empty_space height=&#8221;60px&#8221; alter_height=&#8221;none&#8221; hide_on_mobile=&#8221;&#8221;][vc_single_image image=&#8221;4781&#8243; img_size=&#8221;full&#8221; alignment=&#8221;center&#8221;][vc_empty_space hide_on_mobile=&#8221;&#8221;][vc_column_text] colegioaleman.com [\/vc_column_text][vc_empty_space alter_height=&#8221;none&#8221; hide_on_mobile=&#8221;&#8221;][\/vc_column][vc_column width=&#8221;1\/6&#8243;&hellip;<\/p>\n","protected":false},"author":1,"featured_media":0,"parent":0,"menu_order":0,"comment_status":"closed","ping_status":"closed","template":"","meta":[],"aioseo_notices":[],"_links":{"self":[{"href":"https:\/\/www.ds-iberien.de\/pt-pt\/wp-json\/wp\/v2\/pages\/2409"}],"collection":[{"href":"https:\/\/www.ds-iberien.de\/pt-pt\/wp-json\/wp\/v2\/pages"}],"about":[{"href":"https:\/\/www.ds-iberien.de\/pt-pt\/wp-json\/wp\/v2\/types\/page"}],"author":[{"embeddable":true,"href":"https:\/\/www.ds-iberien.de\/pt-pt\/wp-json\/wp\/v2\/users\/1"}],"replies":[{"embeddable":true,"href":"https:\/\/www.ds-iberien.de\/pt-pt\/wp-json\/wp\/v2\/comments?post=2409"}],"version-history":[{"count":5,"href":"https:\/\/www.ds-iberien.de\/pt-pt\/wp-json\/wp\/v2\/pages\/2409\/revisions"}],"predecessor-version":[{"id":4801,"href":"https:\/\/www.ds-iberien.de\/pt-pt\/wp-json\/wp\/v2\/pages\/2409\/revisions\/4801"}],"wp:attachment":[{"href":"https:\/\/www.ds-iberien.de\/pt-pt\/wp-json\/wp\/v2\/media?parent=2409"}],"curies":[{"name":"wp","href":"https:\/\/api.w.org\/{rel}","templated":true}]}}

ESCOLA ALEMÃ DE SARAGOÇA

<p>[vc_row full_width=&#8221;stretch_row_content_no_spaces&#8221; css=&#8221;.vc_custom_1743070722946{padding-top: 500px !important;padding-bottom: 500px !important;background-image: url(https://www.ds-iberien.de/wp-content/uploads/2025/03/colegio-aleman-de-zaragoza-primaria-alumnos.webp?id=4757) !important;background-position: center !important;background-repeat: no-repeat !important;background-size: cover !important;}&#8221;][vc_column][/vc_column][/vc_row][vc_row gap=&#8221;15&#8243; css=&#8221;.vc_custom_1591617474487{margin-top: -70px !important;background-color: rgba(221,51,51,0.01) !important;*background-color: rgb(221,51,51) !important;}&#8221;][vc_column width=&#8221;2/6&#8243; icons_position=&#8221;left&#8221; css=&#8221;.vc_custom_1591615516296{background-color: #f2f2f2 !important;}&#8221;][vc_empty_space height=&#8221;60px&#8221; alter_height=&#8221;none&#8221; hide_on_mobile=&#8221;&#8221;][vc_single_image image=&#8221;4781&#8243; img_size=&#8221;full&#8221; alignment=&#8221;center&#8221;][vc_empty_space hide_on_mobile=&#8221;&#8221;][vc_column_text]</p>
<p style="text-align: center; font-size: 25px;"><a style="color: #a0002f;" href="http://colegioaleman.com" target="_blank" rel="noopener noreferrer">colegioaleman.com</a></p>
<p>[/vc_column_text][vc_empty_space alter_height=&#8221;none&#8221; hide_on_mobile=&#8221;&#8221;][/vc_column][vc_column width=&#8221;1/6&#8243; css=&#8221;.vc_custom_1591616350551{background-color: #ffffff !important;}&#8221;][vc_empty_space alter_height=&#8221;none&#8221; hide_on_mobile=&#8221;&#8221;][vc_single_image image=&#8221;949&#8243; img_size=&#8221;full&#8221; alignment=&#8221;center&#8221;][vc_empty_space hide_on_mobile=&#8221;&#8221;][vc_column_text]</p>
<p style="text-align: center;"><strong><span style="color: #c10c0c;">1956</span></strong><br />
<strong><span style="color: #c10c0c;">FUNDAÇAO</span></strong></p>
<p>[/vc_column_text][vc_empty_space hide_on_mobile=&#8221;&#8221;][/vc_column][vc_column width=&#8221;1/6&#8243; css=&#8221;.vc_custom_1591616358805{background-color: #ffffff !important;}&#8221;][vc_empty_space alter_height=&#8221;none&#8221; hide_on_mobile=&#8221;&#8221;][vc_single_image image=&#8221;950&#8243; img_size=&#8221;full&#8221; alignment=&#8221;center&#8221;][vc_empty_space hide_on_mobile=&#8221;&#8221;][vc_column_text]</p>
<p style="text-align: center;"><strong><span style="color: #c10c0c;">601<br />
ALUNOS<br />
</span></strong></p>
<p>[/vc_column_text][vc_empty_space hide_on_mobile=&#8221;&#8221;][/vc_column][vc_column width=&#8221;1/6&#8243; css=&#8221;.vc_custom_1591616367652{background-color: #ffffff !important;}&#8221;][vc_empty_space alter_height=&#8221;none&#8221; hide_on_mobile=&#8221;&#8221;][vc_single_image image=&#8221;951&#8243; img_size=&#8221;full&#8221; alignment=&#8221;center&#8221;][vc_empty_space hide_on_mobile=&#8221;&#8221;][vc_column_text]</p>
<p style="text-align: center;"><strong><span style="color: #c10c0c;">71<br />
ENSINO MÉDIO<br />
</span></strong></p>
<p>[/vc_column_text][vc_empty_space hide_on_mobile=&#8221;&#8221;][/vc_column][vc_column width=&#8221;1/6&#8243; css=&#8221;.vc_custom_1591616387443{background-color: #ffffff !important;}&#8221;][vc_empty_space alter_height=&#8221;none&#8221; hide_on_mobile=&#8221;&#8221;][vc_single_image image=&#8221;952&#8243; img_size=&#8221;full&#8221; alignment=&#8221;center&#8221;][vc_empty_space hide_on_mobile=&#8221;&#8221;][vc_column_text]</p>
<p style="text-align: center;"><strong><span style="color: #c10c0c;">95<br />
FUNCIONÁRIOS<br />
</span></strong></p>
<p>[/vc_column_text][vc_empty_space hide_on_mobile=&#8221;&#8221;][/vc_column][/vc_row][vc_row full_width=&#8221;stretch_row&#8221; gap=&#8221;35&#8243;][vc_column][vc_empty_space alter_height=&#8221;medium&#8221; hide_on_mobile=&#8221;&#8221;][/vc_column][/vc_row][vc_row full_width=&#8221;stretch_row_content_no_spaces&#8221; scheme=&#8221;dark&#8221; css=&#8221;.vc_custom_1591616563751{background-color: #f2f3f6 !important;}&#8221;][vc_column width=&#8221;1/2&#8243; icons_position=&#8221;left&#8221; css=&#8221;.vc_custom_1743070743628{border-right-width: 15px !important;padding-top: 500px !important;padding-bottom: 500px !important;background-image: url(https://www.ds-iberien.de/wp-content/uploads/2025/03/secundaria-colegio-aleman-zaragoza-alumnos.webp?id=4760) !important;background-position: center !important;background-repeat: no-repeat !important;background-size: cover !important;border-right-color: #a00007 !important;border-right-style: solid !important;}&#8221;][/vc_column][vc_column width=&#8221;1/2&#8243; icons_position=&#8221;left&#8221; css=&#8221;.vc_custom_1591617175100{padding-left: 40px !important;}&#8221; el_class=&#8221;overflow&#8221;][vc_column_text css=&#8221;.vc_custom_1743180855319{padding-top: 40px !important;padding-bottom: 40px !important;padding-left: 40px !important;}&#8221;]O Colégio Alemão de Saragoça, que celebrará o seu 70º aniversário no próximo ano, é uma instituição educativa privada e laica que acolhe mais de 600 alunos, desde os quatro meses até aos 18 anos de idade. Desde cedo, os alunos são imersos na língua alemã, preparando-se para a introdução do inglês como terceira língua na escola primária.</p>
<p>Com uma filosofia centrada no aluno e uma perspetiva global, a escola dá ênfase à aprendizagem multicultural, onde as línguas e a diversidade desempenham um papel fundamental na educação holística dos seus alunos.</p>
<p>O ensino da escola não se limita a conteúdos, mas incentiva o desenvolvimento de aptidões, competências e valores, combinando a tradição educativa alemã com uma visão global. Desta forma, os alunos acrescentam à sua aprendizagem experiências de intercâmbio, estágios e trabalho voluntário, desenvolvendo aptidões e uma forte consciência social que os prepara para o futuro.</p>
<p>O programa educativo do Colégio Alemão de Saragoça incluiu, este ano letivo, novos projetos inovadores, com os quais continua a oferecer uma atenção individualizada e personalizada. Entre os projetos destacam-se o plano de altas habilidades, o plano de alto rendimento desportivo, o projeto Música 360º e os Grupos de Adaptação 0 para novos alunos, com um programa concebido para os alunos que vêm de um ambiente educativo em que o alemão não é a língua veicular, facilitando a sua integração no ambiente académico e social do colégio.</p>
<p>Além disso, comprometido com a excelência académica e o ensino da língua, o Colégio Alemão de Saragoça é um centro de exames do Goethe-Institut de Aragão e um centro preparatório para os exames de Cambridge. Esta é uma oportunidade que oferece aos seus alunos o reconhecimento internacional das suas competências linguísticas, dotando-os de ferramentas para o mundo.[/vc_column_text][/vc_column][/vc_row][vc_row full_width=&#8221;stretch_row&#8221; gap=&#8221;35&#8243;][vc_column][vc_empty_space alter_height=&#8221;medium&#8221; hide_on_mobile=&#8221;&#8221;][/vc_column][/vc_row][vc_row equal_height=&#8221;yes&#8221; content_placement=&#8221;middle&#8221;][vc_column width=&#8221;1/4&#8243;][vc_single_image image=&#8221;855&#8243; img_size=&#8221;full&#8221;][/vc_column][vc_column width=&#8221;1/4&#8243;][vc_single_image image=&#8221;856&#8243; img_size=&#8221;full&#8221;][/vc_column][vc_column width=&#8221;1/4&#8243;][vc_single_image image=&#8221;857&#8243; img_size=&#8221;full&#8221;][/vc_column][vc_column width=&#8221;1/4&#8243;][vc_single_image image=&#8221;858&#8243; img_size=&#8221;full&#8221;][/vc_column][/vc_row][vc_row full_width=&#8221;stretch_row&#8221; gap=&#8221;35&#8243;][vc_column][vc_empty_space alter_height=&#8221;medium&#8221; hide_on_mobile=&#8221;&#8221;][/vc_column][/vc_row]</p>
