{"id":2261,"date":"2020-07-15T11:13:36","date_gmt":"2020-07-15T09:13:36","guid":{"rendered":"https:\/\/www.ds-iberien.de\/deutsche-schule-malaga-2\/"},"modified":"2021-04-16T01:30:49","modified_gmt":"2021-04-15T23:30:49","slug":"deutsche-schule-malaga-2","status":"publish","type":"page","link":"https:\/\/www.ds-iberien.de\/es\/deutsche-schule-malaga-2\/","title":{"rendered":"COLEGIO ALEMAN DE M\u00c1LAGA"},"content":{"rendered":"<p>[vc_row][vc_column width=\u00bb1\/4&#8243; css=\u00bb.vc_custom_1599554175594{background-color: #e6e6e6 !important;}\u00bb el_class=\u00bbmenu_lateral\u00bb][vc_wp_custommenu nav_menu=\u00bb52&#8243;][vc_empty_space alter_height=\u00bbsmall\u00bb hide_on_mobile=\u00bb\u00bb][vc_wp_custommenu nav_menu=\u00bb53&#8243;][vc_empty_space alter_height=\u00bbsmall\u00bb hide_on_mobile=\u00bb\u00bb][vc_wp_custommenu nav_menu=\u00bb54&#8243;][\/vc_column][vc_column width=\u00bb3\/4&#8243;][vc_column_text]<\/p>\n<h2 style=\"text-align: center; color: #d7362d;\">COLEGIO ALEMAN DE M\u00c1LAGA<\/h2>\n<p>[\/vc_column_text][vc_empty_space hide_on_mobile=\u00bb\u00bb][vc_row_inner][vc_column_inner width=\u00bb2\/3&#8243;][vc_single_image image=\u00bb1433&#8243; img_size=\u00bbfull\u00bb][vc_empty_space hide_on_mobile=\u00bb\u00bb][vc_column_text]Die Deutsche Schule M\u00e1laga ist eine selbst\u00e4ndige Privatschule, die von den spanischen Erziehungsbeh\u00f6rden genehmigt ist und von der \u00abSt\u00e4ndigen Konferenz der Kultusminister der L\u00e4nder der Bundesrepublik Deutschland\u00bb (KMK) als offizielle Auslandsschule anerkannt und beaufsichtigt wird. Die Schule ist eine voll ausgebaute Begegnungsschule mit dem Ziel einer bilingualen Ausbildung und hat im Jahr 2008 weltweit als erste Schule das G\u00fctesiegel \u00abExzellente Deutsche Auslandsschule\u00bb<br \/>\nerhalten.[\/vc_column_text][\/vc_column_inner][vc_column_inner width=\u00bb1\/3&#8243; css=\u00bb.vc_custom_1593427104907{border-left-width: 2px !important;border-left-color: #f4b606 !important;border-left-style: solid !important;}\u00bb][vc_single_image image=\u00bb1329&#8243; img_size=\u00bbfull\u00bb alignment=\u00bbright\u00bb][vc_empty_space hide_on_mobile=\u00bb\u00bb][vc_column_text]<\/p>\n<p style=\"text-align: right;\"><span style=\"color: #f4b606;\">COLEGIO ALEMAN DE M\u00c1LAGA<\/span><\/p>\n<p>[\/vc_column_text][vc_empty_space alter_height=\u00bbmedium\u00bb hide_on_mobile=\u00bb\u00bb][vc_column_text]<\/p>\n<p style=\"text-align: right;\"><strong>Elmar Wind<\/strong><br \/>\nSchulleiter<br \/>\n<strong>Telefon<\/strong><br \/>\n<a href=\"tel:+34952831417\">+34 95-283 14 17<\/a><br \/>\n<strong>E-Mail<\/strong><br \/>\n<a href=\"mailto:wind@dsmalaga.com\">wind@dsmalaga.com<\/a><br \/>\n<strong>Adresse<\/strong><br \/>\nDeutsche Schule M\u00e1laga &#8211; Colegio Alem\u00e1n de<br \/>\nM\u00e1laga<br \/>\nUrb. Elviria, La Mairena<br \/>\nCalle Vel\u00e1zquez 1-5<br \/>\n29612 Oj\u00e9n, M\u00e1laga<br \/>\nSpanien<br \/>\n<strong>WEBSITE<\/strong><br \/>\n<a href=\"https:\/\/www.dsmalaga.com\/\" target=\"_Blank\" rel=\"noopener noreferrer\">www.dsmalaga.com<\/a><\/p>\n<p>[\/vc_column_text][\/vc_column_inner][\/vc_row_inner][\/vc_column][\/vc_row][vc_row][vc_column width=\u00bb1\/4&#8243;][\/vc_column][vc_column width=\u00bb3\/4&#8243;][vc_empty_space alter_height=\u00bbmedium\u00bb hide_on_mobile=\u00bb\u00bb][vc_column_text]<\/p>\n<h3 style=\"text-align: left; color: #d7362d;\">ALLGEMEIN<\/h3>\n<p>[\/vc_column_text][vc_separator color=\u00bbcustom\u00bb accent_color=\u00bb#f4b606&#8243; css=\u00bb.vc_custom_1593438972630{margin-top: 0px !important;margin-bottom: 0px !important;padding-top: 0px !important;padding-bottom: 0px !important;}\u00bb][vc_column_text]<\/p>\n<table style=\"border: 0!important; background-color: white!important;\" border=\"0\" width=\"100%\" cellspacing=\"0\" cellpadding=\"0\">\n<tbody>\n<tr valign=\"top\">\n<td style=\"text-align: left; width: 20%; border: 0!important; background-color: white!important;\"><strong>TR\u00c4GER<\/strong><\/td>\n<td style=\"width: 30%; border: 0px none !important; background-color: white !important; text-align: left;\">Patronat der Deutschen Schule in der Provinz M\u00e1laga<\/td>\n<td style=\"text-align: center; width: 25%; border: 0!important; background-color: white!important;\"><strong>GR\u00dcNDUNGSJAHR<\/strong><br \/>\n1966<\/td>\n<td style=\"text-align: center; width: 25%; border: 0!important; background-color: white!important;\"><strong>JAHRGANGSSTUFEN<\/strong><br \/>\n1-12<\/td>\n<\/tr>\n<tr valign=\"top\">\n<td style=\"width: 20%; border: 0px none !important; background-color: white !important; text-align: left;\"><strong>AUSZEICHNUNGEN<\/strong><\/td>\n<td style=\"width: 30%; border: 0px none !important; background-color: white !important; text-align: left;\">G\u00fctesiegel BLI \u2013 Exzellente Deutsche Auslandsschule<\/td>\n<td style=\"text-align: center; width: 25%; border: 0!important; background-color: white!important;\"><strong>SCHULJAHRESBEGINN<\/strong><br \/>\nSeptember<\/td>\n<td style=\"text-align: center; width: 25%; border: 0!important; background-color: white!important;\"><strong>SOMMERFERIEN<\/strong><br \/>\nJuli\/August<\/td>\n<\/tr>\n<tr valign=\"top\">\n<td style=\"width: 20%; border: 0px none !important; background-color: white !important; text-align: left;\"><strong>ABSCHL\u00dcSSE<\/strong><\/td>\n<td style=\"width: 30%; border: 0px none !important; background-color: white !important; text-align: left;\">Abitur (Allgemeine Hochschulreife)<br \/>\nHauptschulabschluss<br \/>\nMittlerer Schulabschluss (Realschulabschluss)<\/td>\n<td style=\"text-align: center; width: 25%; border: 0!important; background-color: white!important;\"><strong>ANZAHL SCH\u00dcLER<\/strong><br \/>\n570<\/td>\n<td style=\"text-align: center; width: 25%; border: 0!important; background-color: white!important;\"><strong>ANZAHL LEHRKR\u00c4FTE<\/strong><br \/>\n40<\/td>\n<\/tr>\n<\/tbody>\n<\/table>\n<p>[\/vc_column_text][\/vc_column][\/vc_row][vc_row][vc_column width=\u00bb1\/4&#8243;][\/vc_column][vc_column width=\u00bb3\/4&#8243;][vc_empty_space alter_height=\u00bbmedium\u00bb hide_on_mobile=\u00bb\u00bb][vc_row_inner][vc_column_inner width=\u00bb1\/2&#8243;][vc_single_image image=\u00bb1434&#8243; img_size=\u00bbfull\u00bb][\/vc_column_inner][vc_column_inner width=\u00bb1\/2&#8243;][vc_column_text]<\/p>\n<h3 style=\"color: #d7362d; text-align: right;\">INFOS ZUR SCHULE<\/h3>\n<p>[\/vc_column_text][vc_separator color=\u00bbcustom\u00bb accent_color=\u00bb#f4b606&#8243; css=\u00bb.vc_custom_1593437458871{margin-top: 0px !important;margin-bottom: 0px !important;padding-top: 0px !important;padding-bottom: 0px !important;}\u00bb][vc_column_text]<\/p>\n<table style=\"border: 0!important; background-color: white!important;\" border=\"0\" width=\"100%\" cellspacing=\"0\" cellpadding=\"0\">\n<tbody>\n<tr valign=\"top\">\n<td style=\"text-align: center; width: 50%; border: 0!important; background-color: white!important;\"><strong>UNTERRICHTSSPRACHEN<\/strong><br \/>\nDeutsch<br \/>\nSpanisch<\/td>\n<td style=\"text-align: center; width: 50%; border: 0!important; background-color: white!important;\"><strong>SCHULTYP<\/strong><br \/>\nBegegnungsschule<\/td>\n<\/tr>\n<\/tbody>\n<\/table>\n<p>[\/vc_column_text][vc_empty_space hide_on_mobile=\u00bb\u00bb][vc_column_text]<\/p>\n<table style=\"border: 0!important; background-color: white!important;\" border=\"0\" width=\"100%\" cellspacing=\"0\" cellpadding=\"0\">\n<tbody>\n<tr valign=\"top\">\n<td style=\"text-align: center; width: 50%; border: 0!important; background-color: white!important;\"><strong>SCHULSTRUKTUR<\/strong><br \/>\nGrundschule<br \/>\nKindergarten<br \/>\nSekundarstufe 1<br \/>\nSekundarstufe 2<\/td>\n<td style=\"text-align: center; border: 0!important; background-color: white!important;\"><strong>FREMDSPRACHEN<\/strong><br \/>\nEnglisch<br \/>\nFranz\u00f6sisch<br \/>\nSpanisch<\/td>\n<\/tr>\n<\/tbody>\n<\/table>\n<p>[\/vc_column_text][\/vc_column_inner][\/vc_row_inner][\/vc_column][\/vc_row][vc_row][vc_column width=\u00bb1\/4&#8243;][\/vc_column][vc_column width=\u00bb3\/4&#8243;][vc_empty_space alter_height=\u00bbmedium\u00bb hide_on_mobile=\u00bb\u00bb][vc_column_text]<\/p>\n<h3 style=\"text-align: left; color: #d7362d;\">PRAKTIKUM<\/h3>\n<p>[\/vc_column_text][vc_separator color=\u00bbcustom\u00bb accent_color=\u00bb#f4b606&#8243; css=\u00bb.vc_custom_1593437458871{margin-top: 0px !important;margin-bottom: 0px !important;padding-top: 0px !important;padding-bottom: 0px !important;}\u00bb][vc_column_text]Praktika sind in Kindergarten, Grund- und Sekundarschule m\u00f6glich. Kontaktieren Sie die Schule oder besuchen Sie die Schul-Website, um mehr zu erfahren.<br \/>\n<a href=\"http:\/\/www.dsmalaga.com\" target=\"_blank\" rel=\"noopener noreferrer\">www.dsmalaga.com<\/a>[\/vc_column_text][\/vc_column][\/vc_row][vc_row][vc_column][vc_column_text][\/vc_column_text][\/vc_column][\/vc_row]<\/p>\n","protected":false},"excerpt":{"rendered":"<p>[vc_row][vc_column width=\u00bb1\/4&#8243; css=\u00bb.vc_custom_1599554175594{background-color: #e6e6e6 !important;}\u00bb el_class=\u00bbmenu_lateral\u00bb][vc_wp_custommenu nav_menu=\u00bb52&#8243;][vc_empty_space alter_height=\u00bbsmall\u00bb hide_on_mobile=\u00bb\u00bb][vc_wp_custommenu nav_menu=\u00bb53&#8243;][vc_empty_space alter_height=\u00bbsmall\u00bb hide_on_mobile=\u00bb\u00bb][vc_wp_custommenu nav_menu=\u00bb54&#8243;][\/vc_column][vc_column width=\u00bb3\/4&#8243;][vc_column_text] COLEGIO ALEMAN DE M\u00c1LAGA [\/vc_column_text][vc_empty_space hide_on_mobile=\u00bb\u00bb][vc_row_inner][vc_column_inner width=\u00bb2\/3&#8243;][vc_single_image image=\u00bb1433&#8243; img_size=\u00bbfull\u00bb][vc_empty_space hide_on_mobile=\u00bb\u00bb][vc_column_text]Die Deutsche Schule M\u00e1laga ist eine selbst\u00e4ndige Privatschule, die von den spanischen Erziehungsbeh\u00f6rden genehmigt ist und von&hellip;<\/p>\n","protected":false},"author":1,"featured_media":0,"parent":0,"menu_order":0,"comment_status":"closed","ping_status":"closed","template":"","meta":[],"aioseo_notices":[],"_links":{"self":[{"href":"https:\/\/www.ds-iberien.de\/es\/wp-json\/wp\/v2\/pages\/2261"}],"collection":[{"href":"https:\/\/www.ds-iberien.de\/es\/wp-json\/wp\/v2\/pages"}],"about":[{"href":"https:\/\/www.ds-iberien.de\/es\/wp-json\/wp\/v2\/types\/page"}],"author":[{"embeddable":true,"href":"https:\/\/www.ds-iberien.de\/es\/wp-json\/wp\/v2\/users\/1"}],"replies":[{"embeddable":true,"href":"https:\/\/www.ds-iberien.de\/es\/wp-json\/wp\/v2\/comments?post=2261"}],"version-history":[{"count":2,"href":"https:\/\/www.ds-iberien.de\/es\/wp-json\/wp\/v2\/pages\/2261\/revisions"}],"predecessor-version":[{"id":2283,"href":"https:\/\/www.ds-iberien.de\/es\/wp-json\/wp\/v2\/pages\/2261\/revisions\/2283"}],"wp:attachment":[{"href":"https:\/\/www.ds-iberien.de\/es\/wp-json\/wp\/v2\/media?parent=2261"}],"curies":[{"name":"wp","href":"https:\/\/api.w.org\/{rel}","templated":true}]}}

COLEGIO ALEMAN DE MÁLAGA

<p>[vc_row][vc_column width=»1/4&#8243; css=».vc_custom_1599554175594{background-color: #e6e6e6 !important;}» el_class=»menu_lateral»][vc_wp_custommenu nav_menu=»52&#8243;][vc_empty_space alter_height=»small» hide_on_mobile=»»][vc_wp_custommenu nav_menu=»53&#8243;][vc_empty_space alter_height=»small» hide_on_mobile=»»][vc_wp_custommenu nav_menu=»54&#8243;][/vc_column][vc_column width=»3/4&#8243;][vc_column_text]</p>
<h2 style="text-align: center; color: #d7362d;">COLEGIO ALEMAN DE MÁLAGA</h2>
<p>[/vc_column_text][vc_empty_space hide_on_mobile=»»][vc_row_inner][vc_column_inner width=»2/3&#8243;][vc_single_image image=»1433&#8243; img_size=»full»][vc_empty_space hide_on_mobile=»»][vc_column_text]Die Deutsche Schule Málaga ist eine selbständige Privatschule, die von den spanischen Erziehungsbehörden genehmigt ist und von der «Ständigen Konferenz der Kultusminister der Länder der Bundesrepublik Deutschland» (KMK) als offizielle Auslandsschule anerkannt und beaufsichtigt wird. Die Schule ist eine voll ausgebaute Begegnungsschule mit dem Ziel einer bilingualen Ausbildung und hat im Jahr 2008 weltweit als erste Schule das Gütesiegel «Exzellente Deutsche Auslandsschule»<br />
erhalten.[/vc_column_text][/vc_column_inner][vc_column_inner width=»1/3&#8243; css=».vc_custom_1593427104907{border-left-width: 2px !important;border-left-color: #f4b606 !important;border-left-style: solid !important;}»][vc_single_image image=»1329&#8243; img_size=»full» alignment=»right»][vc_empty_space hide_on_mobile=»»][vc_column_text]</p>
<p style="text-align: right;"><span style="color: #f4b606;">COLEGIO ALEMAN DE MÁLAGA</span></p>
<p>[/vc_column_text][vc_empty_space alter_height=»medium» hide_on_mobile=»»][vc_column_text]</p>
<p style="text-align: right;"><strong>Elmar Wind</strong><br />
Schulleiter<br />
<strong>Telefon</strong><br />
<a href="tel:+34952831417">+34 95-283 14 17</a><br />
<strong>E-Mail</strong><br />
<a href="mailto:wind@dsmalaga.com">wind@dsmalaga.com</a><br />
<strong>Adresse</strong><br />
Deutsche Schule Málaga &#8211; Colegio Alemán de<br />
Málaga<br />
Urb. Elviria, La Mairena<br />
Calle Velázquez 1-5<br />
29612 Ojén, Málaga<br />
Spanien<br />
<strong>WEBSITE</strong><br />
<a href="https://www.dsmalaga.com/" target="_Blank" rel="noopener noreferrer">www.dsmalaga.com</a></p>
<p>[/vc_column_text][/vc_column_inner][/vc_row_inner][/vc_column][/vc_row][vc_row][vc_column width=»1/4&#8243;][/vc_column][vc_column width=»3/4&#8243;][vc_empty_space alter_height=»medium» hide_on_mobile=»»][vc_column_text]</p>
<h3 style="text-align: left; color: #d7362d;">ALLGEMEIN</h3>
<p>[/vc_column_text][vc_separator color=»custom» accent_color=»#f4b606&#8243; css=».vc_custom_1593438972630{margin-top: 0px !important;margin-bottom: 0px !important;padding-top: 0px !important;padding-bottom: 0px !important;}»][vc_column_text]</p>
<table style="border: 0!important; background-color: white!important;" border="0" width="100%" cellspacing="0" cellpadding="0">
<tbody>
<tr valign="top">
<td style="text-align: left; width: 20%; border: 0!important; background-color: white!important;"><strong>TRÄGER</strong></td>
<td style="width: 30%; border: 0px none !important; background-color: white !important; text-align: left;">Patronat der Deutschen Schule in der Provinz Málaga</td>
<td style="text-align: center; width: 25%; border: 0!important; background-color: white!important;"><strong>GRÜNDUNGSJAHR</strong><br />
1966</td>
<td style="text-align: center; width: 25%; border: 0!important; background-color: white!important;"><strong>JAHRGANGSSTUFEN</strong><br />
1-12</td>
</tr>
<tr valign="top">
<td style="width: 20%; border: 0px none !important; background-color: white !important; text-align: left;"><strong>AUSZEICHNUNGEN</strong></td>
<td style="width: 30%; border: 0px none !important; background-color: white !important; text-align: left;">Gütesiegel BLI – Exzellente Deutsche Auslandsschule</td>
<td style="text-align: center; width: 25%; border: 0!important; background-color: white!important;"><strong>SCHULJAHRESBEGINN</strong><br />
September</td>
<td style="text-align: center; width: 25%; border: 0!important; background-color: white!important;"><strong>SOMMERFERIEN</strong><br />
Juli/August</td>
</tr>
<tr valign="top">
<td style="width: 20%; border: 0px none !important; background-color: white !important; text-align: left;"><strong>ABSCHLÜSSE</strong></td>
<td style="width: 30%; border: 0px none !important; background-color: white !important; text-align: left;">Abitur (Allgemeine Hochschulreife)<br />
Hauptschulabschluss<br />
Mittlerer Schulabschluss (Realschulabschluss)</td>
<td style="text-align: center; width: 25%; border: 0!important; background-color: white!important;"><strong>ANZAHL SCHÜLER</strong><br />
570</td>
<td style="text-align: center; width: 25%; border: 0!important; background-color: white!important;"><strong>ANZAHL LEHRKRÄFTE</strong><br />
40</td>
</tr>
</tbody>
</table>
<p>[/vc_column_text][/vc_column][/vc_row][vc_row][vc_column width=»1/4&#8243;][/vc_column][vc_column width=»3/4&#8243;][vc_empty_space alter_height=»medium» hide_on_mobile=»»][vc_row_inner][vc_column_inner width=»1/2&#8243;][vc_single_image image=»1434&#8243; img_size=»full»][/vc_column_inner][vc_column_inner width=»1/2&#8243;][vc_column_text]</p>
<h3 style="color: #d7362d; text-align: right;">INFOS ZUR SCHULE</h3>
<p>[/vc_column_text][vc_separator color=»custom» accent_color=»#f4b606&#8243; css=».vc_custom_1593437458871{margin-top: 0px !important;margin-bottom: 0px !important;padding-top: 0px !important;padding-bottom: 0px !important;}»][vc_column_text]</p>
<table style="border: 0!important; background-color: white!important;" border="0" width="100%" cellspacing="0" cellpadding="0">
<tbody>
<tr valign="top">
<td style="text-align: center; width: 50%; border: 0!important; background-color: white!important;"><strong>UNTERRICHTSSPRACHEN</strong><br />
Deutsch<br />
Spanisch</td>
<td style="text-align: center; width: 50%; border: 0!important; background-color: white!important;"><strong>SCHULTYP</strong><br />
Begegnungsschule</td>
</tr>
</tbody>
</table>
<p>[/vc_column_text][vc_empty_space hide_on_mobile=»»][vc_column_text]</p>
<table style="border: 0!important; background-color: white!important;" border="0" width="100%" cellspacing="0" cellpadding="0">
<tbody>
<tr valign="top">
<td style="text-align: center; width: 50%; border: 0!important; background-color: white!important;"><strong>SCHULSTRUKTUR</strong><br />
Grundschule<br />
Kindergarten<br />
Sekundarstufe 1<br />
Sekundarstufe 2</td>
<td style="text-align: center; border: 0!important; background-color: white!important;"><strong>FREMDSPRACHEN</strong><br />
Englisch<br />
Französisch<br />
Spanisch</td>
</tr>
</tbody>
</table>
<p>[/vc_column_text][/vc_column_inner][/vc_row_inner][/vc_column][/vc_row][vc_row][vc_column width=»1/4&#8243;][/vc_column][vc_column width=»3/4&#8243;][vc_empty_space alter_height=»medium» hide_on_mobile=»»][vc_column_text]</p>
<h3 style="text-align: left; color: #d7362d;">PRAKTIKUM</h3>
<p>[/vc_column_text][vc_separator color=»custom» accent_color=»#f4b606&#8243; css=».vc_custom_1593437458871{margin-top: 0px !important;margin-bottom: 0px !important;padding-top: 0px !important;padding-bottom: 0px !important;}»][vc_column_text]Praktika sind in Kindergarten, Grund- und Sekundarschule möglich. Kontaktieren Sie die Schule oder besuchen Sie die Schul-Website, um mehr zu erfahren.<br />
<a href="http://www.dsmalaga.com" target="_blank" rel="noopener noreferrer">www.dsmalaga.com</a>[/vc_column_text][/vc_column][/vc_row][vc_row][vc_column][vc_column_text][/vc_column_text][/vc_column][/vc_row]</p>

<p>[vc_row][vc_column width=»1/4&#8243; css=».vc_custom_1599554175594{background-color: #e6e6e6 !important;}» el_class=»menu_lateral»][vc_wp_custommenu nav_menu=»52&#8243;][vc_empty_space alter_height=»small» hide_on_mobile=»»][vc_wp_custommenu nav_menu=»53&#8243;][vc_empty_space alter_height=»small» hide_on_mobile=»»][vc_wp_custommenu nav_menu=»54&#8243;][/vc_column][vc_column width=»3/4&#8243;][vc_column_text] COLEGIO ALEMAN DE MÁLAGA [/vc_column_text][vc_empty_space hide_on_mobile=»»][vc_row_inner][vc_column_inner width=»2/3&#8243;][vc_single_image image=»1433&#8243; img_size=»full»][vc_empty_space hide_on_mobile=»»][vc_column_text]Die Deutsche Schule Málaga ist eine selbständige Privatschule, die von den spanischen Erziehungsbehörden genehmigt ist und von&hellip;</p>
