{"id":2257,"date":"2020-07-10T14:26:06","date_gmt":"2020-07-10T12:26:06","guid":{"rendered":"https:\/\/www.ds-iberien.de\/deutsche-schule-lissabon-2\/"},"modified":"2021-04-16T01:28:58","modified_gmt":"2021-04-15T23:28:58","slug":"deutsche-schule-lissabon-2","status":"publish","type":"page","link":"https:\/\/www.ds-iberien.de\/es\/deutsche-schule-lissabon-2\/","title":{"rendered":"COLEGIO ALEMAN DE LISBOA"},"content":{"rendered":"<p>[vc_row][vc_column width=\u00bb1\/4&#8243; css=\u00bb.vc_custom_1599554277091{background-color: #e6e6e6 !important;}\u00bb el_class=\u00bbmenu_lateral\u00bb][vc_wp_custommenu nav_menu=\u00bb52&#8243;][vc_empty_space alter_height=\u00bbsmall\u00bb hide_on_mobile=\u00bb\u00bb][vc_wp_custommenu nav_menu=\u00bb53&#8243;][vc_empty_space alter_height=\u00bbsmall\u00bb hide_on_mobile=\u00bb\u00bb][vc_wp_custommenu nav_menu=\u00bb54&#8243;][\/vc_column][vc_column width=\u00bb3\/4&#8243;][vc_column_text]<\/p>\n<h2 style=\"text-align: center; color: #d7362d;\">COLEGIO ALEMAN DE LISBOA<\/h2>\n<p>[\/vc_column_text][vc_empty_space hide_on_mobile=\u00bb\u00bb][vc_row_inner][vc_column_inner width=\u00bb2\/3&#8243;][vc_single_image image=\u00bb1786&#8243; img_size=\u00bbfull\u00bb][vc_empty_space hide_on_mobile=\u00bb\u00bb][vc_column_text]Unser Ziel ist die ganzheitliche Bildung unserer Sch\u00fcler und Sch\u00fclerinnen. Sie sollen sich bei uns entfalten k\u00f6nnen, ihre Talente zur Geltung bringen und vor allem mit Freude und Erfolg lernen. Sie werden sehen, dass unser reiches Schulleben auch au\u00dferhalb des Unterrichts junge Menschen mit all ihren Talenten, Interessen und Neigungen anspricht und f\u00f6rdert.[\/vc_column_text][\/vc_column_inner][vc_column_inner width=\u00bb1\/3&#8243; css=\u00bb.vc_custom_1593427104907{border-left-width: 2px !important;border-left-color: #f4b606 !important;border-left-style: solid !important;}\u00bb][vc_single_image image=\u00bb924&#8243; img_size=\u00bbfull\u00bb alignment=\u00bbright\u00bb][vc_empty_space hide_on_mobile=\u00bb\u00bb][vc_column_text]<\/p>\n<p style=\"text-align: right;\"><span style=\"color: #f4b606;\">COLEGIO ALEMAN DE LISBOA<\/span><\/p>\n<p>[\/vc_column_text][vc_empty_space alter_height=\u00bbmedium\u00bb hide_on_mobile=\u00bb\u00bb][vc_column_text]<\/p>\n<p style=\"text-align: right;\"><strong>Teresa Salgueiro Lenze<\/strong><br \/>\nSchulleiterin<br \/>\n<strong>Telefon<\/strong><br \/>\n<a href=\"tel:+351217510260\">+351-21-751 02 60<\/a><br \/>\n<strong>E-Mail<\/strong><br \/>\n<a href=\"mailto:schulleitung@dslissabon.com\">schulleitung@dslissabon.com<\/a><br \/>\n<strong>Adresse<\/strong><br \/>\nDeutsche Schule Lissabon<br \/>\nLargo Willy Brandt<br \/>\n1600-891 Lisboa<br \/>\nPORTUGAL<\/p>\n<p style=\"text-align: right;\"><strong>WEBSITE<\/strong><br \/>\n<a href=\"http:\/\/www.dslissabon.com\" target=\"_Blank\" rel=\"noopener noreferrer\">www.dslissabon.com<\/a><\/p>\n<p>[\/vc_column_text][\/vc_column_inner][\/vc_row_inner][\/vc_column][\/vc_row][vc_row][vc_column width=\u00bb1\/4&#8243;][\/vc_column][vc_column width=\u00bb3\/4&#8243;][vc_empty_space alter_height=\u00bbmedium\u00bb hide_on_mobile=\u00bb\u00bb][vc_column_text]<\/p>\n<h3 style=\"text-align: left; color: #d7362d;\">ALLGEMEIN<\/h3>\n<p>[\/vc_column_text][vc_separator color=\u00bbcustom\u00bb accent_color=\u00bb#f4b606&#8243; css=\u00bb.vc_custom_1593438972630{margin-top: 0px !important;margin-bottom: 0px !important;padding-top: 0px !important;padding-bottom: 0px !important;}\u00bb][vc_column_text]<\/p>\n<table style=\"border: 0!important; background-color: white!important;\" border=\"0\" width=\"100%\" cellspacing=\"0\" cellpadding=\"0\">\n<tbody>\n<tr valign=\"top\">\n<td style=\"text-align: left; width: 20%; border: 0!important; background-color: white!important;\"><strong>TR\u00c4GER<\/strong><\/td>\n<td style=\"width: 30%; border: 0px none !important; background-color: white !important; text-align: left;\">Deutscher Schulverein Lissabon<\/td>\n<td style=\"text-align: center; width: 25%; border: 0!important; background-color: white!important;\"><strong>GR\u00dcNDUNGSJAHR<\/strong><br \/>\n1848<\/td>\n<td style=\"text-align: center; width: 25%; border: 0!important; background-color: white!important;\"><strong>JAHRGANGSSTUFEN<\/strong><br \/>\nKG-12<\/td>\n<\/tr>\n<tr valign=\"top\">\n<td style=\"width: 20%; border: 0px none !important; background-color: white !important; text-align: left;\"><strong>AUSZEICHNUNGEN<\/strong><\/td>\n<td style=\"width: 30%; border: 0px none !important; background-color: white !important; text-align: left;\">G\u00fctesiegel BLI \u2013 Exzellente Deutsche Auslandsschule<\/td>\n<td style=\"text-align: center; width: 25%; border: 0!important; background-color: white!important;\"><strong>SCHULJAHRESBEGINN<\/strong><br \/>\nSeptember<\/td>\n<td style=\"text-align: center; width: 25%; border: 0!important; background-color: white!important;\"><\/td>\n<\/tr>\n<tr valign=\"top\">\n<td style=\"width: 20%; border: 0px none !important; background-color: white !important; text-align: left;\"><strong>ABSCHL\u00dcSSE<\/strong><\/td>\n<td style=\"width: 30%; border: 0px none !important; background-color: white !important; text-align: left;\">Abitur, Realschulabschluss und Hauptschulabschluss<\/td>\n<td style=\"text-align: center; width: 25%; border: 0!important; background-color: white!important;\"><strong>ANZAHL SCH\u00dcLER<\/strong><br \/>\n1060<\/td>\n<td style=\"text-align: center; width: 25%; border: 0!important; background-color: white!important;\"><strong>ANZAHL LEHRKR\u00c4FTE<\/strong><br \/>\n150<\/td>\n<\/tr>\n<\/tbody>\n<\/table>\n<p>[\/vc_column_text][\/vc_column][\/vc_row][vc_row][vc_column width=\u00bb1\/4&#8243;][\/vc_column][vc_column width=\u00bb3\/4&#8243;][vc_empty_space alter_height=\u00bbmedium\u00bb hide_on_mobile=\u00bb\u00bb][vc_row_inner][vc_column_inner width=\u00bb1\/2&#8243;][vc_single_image image=\u00bb1425&#8243; img_size=\u00bbfull\u00bb][\/vc_column_inner][vc_column_inner width=\u00bb1\/2&#8243;][vc_column_text]<\/p>\n<h3 style=\"color: #d7362d; text-align: right;\">INFOS ZUR SCHULE<\/h3>\n<p>[\/vc_column_text][vc_separator color=\u00bbcustom\u00bb accent_color=\u00bb#f4b606&#8243; css=\u00bb.vc_custom_1593437458871{margin-top: 0px !important;margin-bottom: 0px !important;padding-top: 0px !important;padding-bottom: 0px !important;}\u00bb][vc_column_text]<\/p>\n<table style=\"border: 0!important; background-color: white!important;\" border=\"0\" width=\"100%\" cellspacing=\"0\" cellpadding=\"0\">\n<tbody>\n<tr valign=\"top\">\n<td style=\"text-align: center; width: 50%; border: 0!important; background-color: white!important;\"><strong>UNTERRICHTSSPRACHEN<\/strong><br \/>\nDeutsch<br \/>\nPortugiesisch<\/td>\n<td style=\"text-align: center; width: 50%; border: 0!important; background-color: white!important;\"><strong>SCHULTYP<\/strong><br \/>\nBegegnungsschule<\/td>\n<\/tr>\n<\/tbody>\n<\/table>\n<p>[\/vc_column_text][vc_empty_space hide_on_mobile=\u00bb\u00bb][vc_column_text]<\/p>\n<table style=\"border: 0!important; background-color: white!important;\" border=\"0\" width=\"100%\" cellspacing=\"0\" cellpadding=\"0\">\n<tbody>\n<tr valign=\"top\">\n<td style=\"text-align: center; width: 50%; border: 0!important; background-color: white!important;\"><strong>SCHULSTRUKTUR<\/strong><br \/>\nKindergarten<br \/>\nGrundschule<br \/>\nSekundarstufe 1<br \/>\nSekundarstufe 2<\/td>\n<td style=\"text-align: center; border: 0!important; background-color: white!important;\"><strong>FREMDSPRACHEN<\/strong><br \/>\nDeutsch<br \/>\nEnglisch<br \/>\nFranz\u00f6sisch<br \/>\nPortugiesisch<\/td>\n<\/tr>\n<\/tbody>\n<\/table>\n<p>[\/vc_column_text][\/vc_column_inner][\/vc_row_inner][\/vc_column][\/vc_row][vc_row][vc_column width=\u00bb1\/4&#8243;][\/vc_column][vc_column width=\u00bb3\/4&#8243;][vc_empty_space alter_height=\u00bbmedium\u00bb hide_on_mobile=\u00bb\u00bb][vc_column_text]<\/p>\n<h3 style=\"text-align: left; color: #d7362d;\">PRAKTIKUM<\/h3>\n<p>[\/vc_column_text][vc_separator color=\u00bbcustom\u00bb accent_color=\u00bb#f4b606&#8243; css=\u00bb.vc_custom_1593437458871{margin-top: 0px !important;margin-bottom: 0px !important;padding-top: 0px !important;padding-bottom: 0px !important;}\u00bb][vc_row_inner][vc_column_inner][vc_column_text]Sie k\u00f6nnen sich entweder auf ein reines Grundschulpraktikum oder auf ein Praktikum in Sekundarstufen I\/II bewerben. Wir vergeben keine Sekundarstufenpraktika an Studierende des Grundschullehramtes. Der Beginn der Praktika ist in der Regel nur an zwei Terminen im Schuljahr m\u00f6glich:<br \/>\n\u2022 zu Schuljahresbeginn Anfang September<br \/>\n\u2022 im Februar\/ M\u00e4rz<\/p>\n<p>Der Kindergarten der Deutschen Schule Lissabon bietet Praxispl\u00e4tze f\u00fcr angehende Erzieherinnen und Erziehern \u00fcber das gesamte Schuljahr an.<br \/>\nAlle Informationen unter <a href=\"https:\/\/dslissabon.com\/die-schule\/stellenanzeigen\/schulpraktika\/\">https:\/\/dslissabon.com\/die-schule\/stellenanzeigen\/schulpraktika\/<\/a>[\/vc_column_text][\/vc_column_inner][\/vc_row_inner][\/vc_column][\/vc_row][vc_row][vc_column][vc_column_text][\/vc_column_text][\/vc_column][\/vc_row]<\/p>\n","protected":false},"excerpt":{"rendered":"<p>[vc_row][vc_column width=\u00bb1\/4&#8243; css=\u00bb.vc_custom_1599554277091{background-color: #e6e6e6 !important;}\u00bb el_class=\u00bbmenu_lateral\u00bb][vc_wp_custommenu nav_menu=\u00bb52&#8243;][vc_empty_space alter_height=\u00bbsmall\u00bb hide_on_mobile=\u00bb\u00bb][vc_wp_custommenu nav_menu=\u00bb53&#8243;][vc_empty_space alter_height=\u00bbsmall\u00bb hide_on_mobile=\u00bb\u00bb][vc_wp_custommenu nav_menu=\u00bb54&#8243;][\/vc_column][vc_column width=\u00bb3\/4&#8243;][vc_column_text] COLEGIO ALEMAN DE LISBOA [\/vc_column_text][vc_empty_space hide_on_mobile=\u00bb\u00bb][vc_row_inner][vc_column_inner width=\u00bb2\/3&#8243;][vc_single_image image=\u00bb1786&#8243; img_size=\u00bbfull\u00bb][vc_empty_space hide_on_mobile=\u00bb\u00bb][vc_column_text]Unser Ziel ist die ganzheitliche Bildung unserer Sch\u00fcler und Sch\u00fclerinnen. Sie sollen sich bei uns entfalten k\u00f6nnen,&hellip;<\/p>\n","protected":false},"author":1,"featured_media":0,"parent":0,"menu_order":0,"comment_status":"closed","ping_status":"closed","template":"","meta":[],"aioseo_notices":[],"_links":{"self":[{"href":"https:\/\/www.ds-iberien.de\/es\/wp-json\/wp\/v2\/pages\/2257"}],"collection":[{"href":"https:\/\/www.ds-iberien.de\/es\/wp-json\/wp\/v2\/pages"}],"about":[{"href":"https:\/\/www.ds-iberien.de\/es\/wp-json\/wp\/v2\/types\/page"}],"author":[{"embeddable":true,"href":"https:\/\/www.ds-iberien.de\/es\/wp-json\/wp\/v2\/users\/1"}],"replies":[{"embeddable":true,"href":"https:\/\/www.ds-iberien.de\/es\/wp-json\/wp\/v2\/comments?post=2257"}],"version-history":[{"count":2,"href":"https:\/\/www.ds-iberien.de\/es\/wp-json\/wp\/v2\/pages\/2257\/revisions"}],"predecessor-version":[{"id":2279,"href":"https:\/\/www.ds-iberien.de\/es\/wp-json\/wp\/v2\/pages\/2257\/revisions\/2279"}],"wp:attachment":[{"href":"https:\/\/www.ds-iberien.de\/es\/wp-json\/wp\/v2\/media?parent=2257"}],"curies":[{"name":"wp","href":"https:\/\/api.w.org\/{rel}","templated":true}]}}

<p>[vc_row][vc_column width=»1/4&#8243; css=».vc_custom_1599554277091{background-color: #e6e6e6 !important;}» el_class=»menu_lateral»][vc_wp_custommenu nav_menu=»52&#8243;][vc_empty_space alter_height=»small» hide_on_mobile=»»][vc_wp_custommenu nav_menu=»53&#8243;][vc_empty_space alter_height=»small» hide_on_mobile=»»][vc_wp_custommenu nav_menu=»54&#8243;][/vc_column][vc_column width=»3/4&#8243;][vc_column_text]</p>
<h2 style="text-align: center; color: #d7362d;">COLEGIO ALEMAN DE LISBOA</h2>
<p>[/vc_column_text][vc_empty_space hide_on_mobile=»»][vc_row_inner][vc_column_inner width=»2/3&#8243;][vc_single_image image=»1786&#8243; img_size=»full»][vc_empty_space hide_on_mobile=»»][vc_column_text]Unser Ziel ist die ganzheitliche Bildung unserer Schüler und Schülerinnen. Sie sollen sich bei uns entfalten können, ihre Talente zur Geltung bringen und vor allem mit Freude und Erfolg lernen. Sie werden sehen, dass unser reiches Schulleben auch außerhalb des Unterrichts junge Menschen mit all ihren Talenten, Interessen und Neigungen anspricht und fördert.[/vc_column_text][/vc_column_inner][vc_column_inner width=»1/3&#8243; css=».vc_custom_1593427104907{border-left-width: 2px !important;border-left-color: #f4b606 !important;border-left-style: solid !important;}»][vc_single_image image=»924&#8243; img_size=»full» alignment=»right»][vc_empty_space hide_on_mobile=»»][vc_column_text]</p>
<p style="text-align: right;"><span style="color: #f4b606;">COLEGIO ALEMAN DE LISBOA</span></p>
<p>[/vc_column_text][vc_empty_space alter_height=»medium» hide_on_mobile=»»][vc_column_text]</p>
<p style="text-align: right;"><strong>Teresa Salgueiro Lenze</strong><br />
Schulleiterin<br />
<strong>Telefon</strong><br />
<a href="tel:+351217510260">+351-21-751 02 60</a><br />
<strong>E-Mail</strong><br />
<a href="mailto:schulleitung@dslissabon.com">schulleitung@dslissabon.com</a><br />
<strong>Adresse</strong><br />
Deutsche Schule Lissabon<br />
Largo Willy Brandt<br />
1600-891 Lisboa<br />
PORTUGAL</p>
<p style="text-align: right;"><strong>WEBSITE</strong><br />
<a href="http://www.dslissabon.com" target="_Blank" rel="noopener noreferrer">www.dslissabon.com</a></p>
<p>[/vc_column_text][/vc_column_inner][/vc_row_inner][/vc_column][/vc_row][vc_row][vc_column width=»1/4&#8243;][/vc_column][vc_column width=»3/4&#8243;][vc_empty_space alter_height=»medium» hide_on_mobile=»»][vc_column_text]</p>
<h3 style="text-align: left; color: #d7362d;">ALLGEMEIN</h3>
<p>[/vc_column_text][vc_separator color=»custom» accent_color=»#f4b606&#8243; css=».vc_custom_1593438972630{margin-top: 0px !important;margin-bottom: 0px !important;padding-top: 0px !important;padding-bottom: 0px !important;}»][vc_column_text]</p>
<table style="border: 0!important; background-color: white!important;" border="0" width="100%" cellspacing="0" cellpadding="0">
<tbody>
<tr valign="top">
<td style="text-align: left; width: 20%; border: 0!important; background-color: white!important;"><strong>TRÄGER</strong></td>
<td style="width: 30%; border: 0px none !important; background-color: white !important; text-align: left;">Deutscher Schulverein Lissabon</td>
<td style="text-align: center; width: 25%; border: 0!important; background-color: white!important;"><strong>GRÜNDUNGSJAHR</strong><br />
1848</td>
<td style="text-align: center; width: 25%; border: 0!important; background-color: white!important;"><strong>JAHRGANGSSTUFEN</strong><br />
KG-12</td>
</tr>
<tr valign="top">
<td style="width: 20%; border: 0px none !important; background-color: white !important; text-align: left;"><strong>AUSZEICHNUNGEN</strong></td>
<td style="width: 30%; border: 0px none !important; background-color: white !important; text-align: left;">Gütesiegel BLI – Exzellente Deutsche Auslandsschule</td>
<td style="text-align: center; width: 25%; border: 0!important; background-color: white!important;"><strong>SCHULJAHRESBEGINN</strong><br />
September</td>
<td style="text-align: center; width: 25%; border: 0!important; background-color: white!important;"></td>
</tr>
<tr valign="top">
<td style="width: 20%; border: 0px none !important; background-color: white !important; text-align: left;"><strong>ABSCHLÜSSE</strong></td>
<td style="width: 30%; border: 0px none !important; background-color: white !important; text-align: left;">Abitur, Realschulabschluss und Hauptschulabschluss</td>
<td style="text-align: center; width: 25%; border: 0!important; background-color: white!important;"><strong>ANZAHL SCHÜLER</strong><br />
1060</td>
<td style="text-align: center; width: 25%; border: 0!important; background-color: white!important;"><strong>ANZAHL LEHRKRÄFTE</strong><br />
150</td>
</tr>
</tbody>
</table>
<p>[/vc_column_text][/vc_column][/vc_row][vc_row][vc_column width=»1/4&#8243;][/vc_column][vc_column width=»3/4&#8243;][vc_empty_space alter_height=»medium» hide_on_mobile=»»][vc_row_inner][vc_column_inner width=»1/2&#8243;][vc_single_image image=»1425&#8243; img_size=»full»][/vc_column_inner][vc_column_inner width=»1/2&#8243;][vc_column_text]</p>
<h3 style="color: #d7362d; text-align: right;">INFOS ZUR SCHULE</h3>
<p>[/vc_column_text][vc_separator color=»custom» accent_color=»#f4b606&#8243; css=».vc_custom_1593437458871{margin-top: 0px !important;margin-bottom: 0px !important;padding-top: 0px !important;padding-bottom: 0px !important;}»][vc_column_text]</p>
<table style="border: 0!important; background-color: white!important;" border="0" width="100%" cellspacing="0" cellpadding="0">
<tbody>
<tr valign="top">
<td style="text-align: center; width: 50%; border: 0!important; background-color: white!important;"><strong>UNTERRICHTSSPRACHEN</strong><br />
Deutsch<br />
Portugiesisch</td>
<td style="text-align: center; width: 50%; border: 0!important; background-color: white!important;"><strong>SCHULTYP</strong><br />
Begegnungsschule</td>
</tr>
</tbody>
</table>
<p>[/vc_column_text][vc_empty_space hide_on_mobile=»»][vc_column_text]</p>
<table style="border: 0!important; background-color: white!important;" border="0" width="100%" cellspacing="0" cellpadding="0">
<tbody>
<tr valign="top">
<td style="text-align: center; width: 50%; border: 0!important; background-color: white!important;"><strong>SCHULSTRUKTUR</strong><br />
Kindergarten<br />
Grundschule<br />
Sekundarstufe 1<br />
Sekundarstufe 2</td>
<td style="text-align: center; border: 0!important; background-color: white!important;"><strong>FREMDSPRACHEN</strong><br />
Deutsch<br />
Englisch<br />
Französisch<br />
Portugiesisch</td>
</tr>
</tbody>
</table>
<p>[/vc_column_text][/vc_column_inner][/vc_row_inner][/vc_column][/vc_row][vc_row][vc_column width=»1/4&#8243;][/vc_column][vc_column width=»3/4&#8243;][vc_empty_space alter_height=»medium» hide_on_mobile=»»][vc_column_text]</p>
<h3 style="text-align: left; color: #d7362d;">PRAKTIKUM</h3>
<p>[/vc_column_text][vc_separator color=»custom» accent_color=»#f4b606&#8243; css=».vc_custom_1593437458871{margin-top: 0px !important;margin-bottom: 0px !important;padding-top: 0px !important;padding-bottom: 0px !important;}»][vc_row_inner][vc_column_inner][vc_column_text]Sie können sich entweder auf ein reines Grundschulpraktikum oder auf ein Praktikum in Sekundarstufen I/II bewerben. Wir vergeben keine Sekundarstufenpraktika an Studierende des Grundschullehramtes. Der Beginn der Praktika ist in der Regel nur an zwei Terminen im Schuljahr möglich:<br />
• zu Schuljahresbeginn Anfang September<br />
• im Februar/ März</p>
<p>Der Kindergarten der Deutschen Schule Lissabon bietet Praxisplätze für angehende Erzieherinnen und Erziehern über das gesamte Schuljahr an.<br />
Alle Informationen unter <a href="https://dslissabon.com/die-schule/stellenanzeigen/schulpraktika/">https://dslissabon.com/die-schule/stellenanzeigen/schulpraktika/</a>[/vc_column_text][/vc_column_inner][/vc_row_inner][/vc_column][/vc_row][vc_row][vc_column][vc_column_text][/vc_column_text][/vc_column][/vc_row]</p>

<p>[vc_row][vc_column width=»1/4&#8243; css=».vc_custom_1599554277091{background-color: #e6e6e6 !important;}» el_class=»menu_lateral»][vc_wp_custommenu nav_menu=»52&#8243;][vc_empty_space alter_height=»small» hide_on_mobile=»»][vc_wp_custommenu nav_menu=»53&#8243;][vc_empty_space alter_height=»small» hide_on_mobile=»»][vc_wp_custommenu nav_menu=»54&#8243;][/vc_column][vc_column width=»3/4&#8243;][vc_column_text] COLEGIO ALEMAN DE LISBOA [/vc_column_text][vc_empty_space hide_on_mobile=»»][vc_row_inner][vc_column_inner width=»2/3&#8243;][vc_single_image image=»1786&#8243; img_size=»full»][vc_empty_space hide_on_mobile=»»][vc_column_text]Unser Ziel ist die ganzheitliche Bildung unserer Schüler und Schülerinnen. Sie sollen sich bei uns entfalten können,&hellip;</p>
