{"id":2194,"date":"2020-06-16T15:55:39","date_gmt":"2020-06-16T13:55:39","guid":{"rendered":"https:\/\/www.ds-iberien.de\/schulleitung\/"},"modified":"2024-07-31T19:07:27","modified_gmt":"2024-07-31T17:07:27","slug":"direccion-del-colegio","status":"publish","type":"page","link":"https:\/\/www.ds-iberien.de\/es\/direccion-del-colegio\/","title":{"rendered":"DIRECCI\u00d3N DEL COLEGIO"},"content":{"rendered":"<p>[vc_row][vc_column width=\u00bb1\/4&#8243; css=\u00bb.vc_custom_1599053863613{background-color: #e6e6e6 !important;}\u00bb el_class=\u00bbmenu_lateral\u00bb][vc_wp_custommenu nav_menu=\u00bb52&#8243;][vc_empty_space alter_height=\u00bbsmall\u00bb hide_on_mobile=\u00bb\u00bb][vc_wp_custommenu nav_menu=\u00bb53&#8243;][vc_empty_space alter_height=\u00bbsmall\u00bb hide_on_mobile=\u00bb\u00bb][vc_wp_custommenu nav_menu=\u00bb54&#8243;][\/vc_column][vc_column width=\u00bb3\/4&#8243;][vc_column_text]<\/p>\n<h2 style=\"text-align: center; color: #d7362d;\">DIRECCI\u00d3N DEL COLEGIO<\/h2>\n<p>[\/vc_column_text][vc_empty_space hide_on_mobile=\u00bb\u00bb][vc_single_image image=\u00bb1158&#8243; img_size=\u00bbfull\u00bb][vc_empty_space alter_height=\u00bbmedium\u00bb hide_on_mobile=\u00bb\u00bb][vc_column_text]Si ha demostrado su val\u00eda como funcionario alem\u00e1n en el servicio escolar alem\u00e1n o en alg\u00fan colegio alem\u00e1n en el extranjero y est\u00e1 dispuesto a asumir nuevos retos y mayores responsabilidades, entonces deber\u00eda considerar la posibilidad de trabajar como director de colegio con nosotros.<\/p>\n<p>Su solicitud debe ser presentada a trav\u00e9s de la Agencia Central de Colegios en el Extranjero (ZfA) &#8211; los solicitantes ser\u00e1n recomendados al consejo escolar para su selecci\u00f3n por un grupo de expertos (representantes del Gobierno Federal y de los L\u00e4nder en el BLASchA).<\/p>\n<p>Puede encontrar m\u00e1s informaci\u00f3n sobre el procedimiento en este enlace:\u00a0<a href=\"https:\/\/www.auslandsschulwesen.de\/DE\/Bewerbung\/Leitungs-und-Funktionsstellen\/Schulleitung\/schulleitung.html\" target=\"_blank\" rel=\"noopener noreferrer\">Direcci\u00f3n Escolar en el Extranjero<\/a>[\/vc_column_text][\/vc_column][\/vc_row]<\/p>\n","protected":false},"excerpt":{"rendered":"<p>[vc_row][vc_column width=\u00bb1\/4&#8243; css=\u00bb.vc_custom_1599053863613{background-color: #e6e6e6 !important;}\u00bb el_class=\u00bbmenu_lateral\u00bb][vc_wp_custommenu nav_menu=\u00bb52&#8243;][vc_empty_space alter_height=\u00bbsmall\u00bb hide_on_mobile=\u00bb\u00bb][vc_wp_custommenu nav_menu=\u00bb53&#8243;][vc_empty_space alter_height=\u00bbsmall\u00bb hide_on_mobile=\u00bb\u00bb][vc_wp_custommenu nav_menu=\u00bb54&#8243;][\/vc_column][vc_column width=\u00bb3\/4&#8243;][vc_column_text] DIRECCI\u00d3N DEL COLEGIO [\/vc_column_text][vc_empty_space hide_on_mobile=\u00bb\u00bb][vc_single_image image=\u00bb1158&#8243; img_size=\u00bbfull\u00bb][vc_empty_space alter_height=\u00bbmedium\u00bb hide_on_mobile=\u00bb\u00bb][vc_column_text]Si ha demostrado su val\u00eda como funcionario alem\u00e1n en el servicio escolar alem\u00e1n o en alg\u00fan colegio alem\u00e1n&hellip;<\/p>\n","protected":false},"author":1,"featured_media":0,"parent":0,"menu_order":0,"comment_status":"closed","ping_status":"closed","template":"","meta":[],"aioseo_notices":[],"_links":{"self":[{"href":"https:\/\/www.ds-iberien.de\/es\/wp-json\/wp\/v2\/pages\/2194"}],"collection":[{"href":"https:\/\/www.ds-iberien.de\/es\/wp-json\/wp\/v2\/pages"}],"about":[{"href":"https:\/\/www.ds-iberien.de\/es\/wp-json\/wp\/v2\/types\/page"}],"author":[{"embeddable":true,"href":"https:\/\/www.ds-iberien.de\/es\/wp-json\/wp\/v2\/users\/1"}],"replies":[{"embeddable":true,"href":"https:\/\/www.ds-iberien.de\/es\/wp-json\/wp\/v2\/comments?post=2194"}],"version-history":[{"count":3,"href":"https:\/\/www.ds-iberien.de\/es\/wp-json\/wp\/v2\/pages\/2194\/revisions"}],"predecessor-version":[{"id":4345,"href":"https:\/\/www.ds-iberien.de\/es\/wp-json\/wp\/v2\/pages\/2194\/revisions\/4345"}],"wp:attachment":[{"href":"https:\/\/www.ds-iberien.de\/es\/wp-json\/wp\/v2\/media?parent=2194"}],"curies":[{"name":"wp","href":"https:\/\/api.w.org\/{rel}","templated":true}]}}

DIRECCIÓN DEL COLEGIO

<p>[vc_row][vc_column width=»1/4&#8243; css=».vc_custom_1599053863613{background-color: #e6e6e6 !important;}» el_class=»menu_lateral»][vc_wp_custommenu nav_menu=»52&#8243;][vc_empty_space alter_height=»small» hide_on_mobile=»»][vc_wp_custommenu nav_menu=»53&#8243;][vc_empty_space alter_height=»small» hide_on_mobile=»»][vc_wp_custommenu nav_menu=»54&#8243;][/vc_column][vc_column width=»3/4&#8243;][vc_column_text]</p>
<h2 style="text-align: center; color: #d7362d;">DIRECCIÓN DEL COLEGIO</h2>
<p>[/vc_column_text][vc_empty_space hide_on_mobile=»»][vc_single_image image=»1158&#8243; img_size=»full»][vc_empty_space alter_height=»medium» hide_on_mobile=»»][vc_column_text]Si ha demostrado su valía como funcionario alemán en el servicio escolar alemán o en algún colegio alemán en el extranjero y está dispuesto a asumir nuevos retos y mayores responsabilidades, entonces debería considerar la posibilidad de trabajar como director de colegio con nosotros.</p>
<p>Su solicitud debe ser presentada a través de la Agencia Central de Colegios en el Extranjero (ZfA) &#8211; los solicitantes serán recomendados al consejo escolar para su selección por un grupo de expertos (representantes del Gobierno Federal y de los Länder en el BLASchA).</p>
<p>Puede encontrar más información sobre el procedimiento en este enlace: <a href="https://www.auslandsschulwesen.de/DE/Bewerbung/Leitungs-und-Funktionsstellen/Schulleitung/schulleitung.html" target="_blank" rel="noopener noreferrer">Dirección Escolar en el Extranjero</a>[/vc_column_text][/vc_column][/vc_row]</p>

<p>[vc_row][vc_column width=»1/4&#8243; css=».vc_custom_1599053863613{background-color: #e6e6e6 !important;}» el_class=»menu_lateral»][vc_wp_custommenu nav_menu=»52&#8243;][vc_empty_space alter_height=»small» hide_on_mobile=»»][vc_wp_custommenu nav_menu=»53&#8243;][vc_empty_space alter_height=»small» hide_on_mobile=»»][vc_wp_custommenu nav_menu=»54&#8243;][/vc_column][vc_column width=»3/4&#8243;][vc_column_text] DIRECCIÓN DEL COLEGIO [/vc_column_text][vc_empty_space hide_on_mobile=»»][vc_single_image image=»1158&#8243; img_size=»full»][vc_empty_space alter_height=»medium» hide_on_mobile=»»][vc_column_text]Si ha demostrado su valía como funcionario alemán en el servicio escolar alemán o en algún colegio alemán&hellip;</p>
