{"id":2185,"date":"2020-06-16T14:03:53","date_gmt":"2020-06-16T12:03:53","guid":{"rendered":"https:\/\/www.ds-iberien.de\/arbeitsmoglichkeiten\/"},"modified":"2021-05-17T08:55:55","modified_gmt":"2021-05-17T06:55:55","slug":"opciones-de-empleo","status":"publish","type":"page","link":"https:\/\/www.ds-iberien.de\/es\/opciones-de-empleo\/","title":{"rendered":"OPCIONES DE EMPLEO"},"content":{"rendered":"<p>[vc_row][vc_column width=\u00bb1\/4&#8243; css=\u00bb.vc_custom_1599053836154{background-color: #e6e6e6 !important;}\u00bb el_class=\u00bbmenu_lateral\u00bb][vc_wp_custommenu nav_menu=\u00bb52&#8243;][vc_empty_space alter_height=\u00bbsmall\u00bb hide_on_mobile=\u00bb\u00bb][vc_wp_custommenu nav_menu=\u00bb53&#8243;][vc_empty_space alter_height=\u00bbsmall\u00bb hide_on_mobile=\u00bb\u00bb][vc_wp_custommenu nav_menu=\u00bb54&#8243;][\/vc_column][vc_column width=\u00bb3\/4&#8243;][vc_column_text]<\/p>\n<h2 style=\"text-align: center; color: #d7362d;\">OPCIONES DE EMPLEO<\/h2>\n<p>[\/vc_column_text][vc_empty_space hide_on_mobile=\u00bb\u00bb][vc_column_text]\u00bfDar clase en Espa\u00f1a o Portugal? \u00bfLe parece atractivo? Si es un profesor apasionado y le gustar\u00eda transmitir sus conocimientos en un entorno diferente, y si cree que viajar y vivir en otros lugares tambi\u00e9n ampl\u00eda tus propios horizontes, entonces solicitar una plaza en una de nuestros colegios podr\u00eda ser perfecto para usted.<\/p>\n<p>Hay diferentes opciones de empleo como profesor alem\u00e1n en el extranjero:<\/p>\n<ul>\n<li>DIRECCI\u00d3N PEDAG\u00d3GICA: Ha demostrado su val\u00eda en el servicio escolar nacional o extranjero y quiere dirigir un colegio alem\u00e1n en el extranjero. Con nosotros tiene la oportunidad de particpar en el desarrollo de escuelas magn\u00edficamente cualificadas junto con profesores y padres comprometidos.<\/li>\n<li>ADLK (Auslandsdienstlehrkraft \u2013 profesores del servicio exterior): Usted es un funcionario p\u00fablico en Alemania con un contrato de trabajo permanente y su empleador (el estado federal en el que est\u00e1 empleado) lo libera de sus obligaciones. El traslado se realiza a trav\u00e9s de la Agencia Central de los Colegios en el Extranjero. No debe haber alcanzado la edad de 63 a\u00f1os cuando empiece a trabajar en el extranjero.<\/li>\n<li>OLK (Ortslehrkr\u00e4fte \u2013 profesores locales): Usted tiene la titulaci\u00f3n alemana o europea para poder ejercer la profesi\u00f3n de maestro, o bien es un funcionario alem\u00e1n que tiene una excedencia de su empleador, el Land correspondiente. Entonces podr\u00e1 optar por un contrato de trabajo en Espa\u00f1a o Portugal conforme a las leyes y convenios laborales locales.<\/li>\n<li>OK (personal local): No es profesor pero te gustar\u00eda trabajar en una Colegio Alem\u00e1n en el Extranjero. Aqu\u00ed puede encontrar ofertas de trabajo para personal no docente en colegios y jardines de infancia: educadores, administraci\u00f3n, servicios, etc.<\/li>\n<\/ul>\n<p>[\/vc_column_text][vc_empty_space hide_on_mobile=\u00bb\u00bb][vc_row_inner][vc_column_inner width=\u00bb1\/4&#8243;][vc_column_text css=\u00bb.vc_custom_1621234318151{background-color: #000000 !important;}\u00bb]<\/p>\n<p style=\"text-align: center;\"><a href=\"https:\/\/www.ds-iberien.de\/es\/direccion-del-colegio\/\"><span style=\"color: #ffffff;\">DIRECCI\u00d3N PEDAG\u00d3GICA<\/span><\/a><\/p>\n<p>[\/vc_column_text][vc_empty_space hide_on_mobile=\u00bb\u00bb][vc_single_image image=\u00bb1566&#8243; img_size=\u00bbfull\u00bb][vc_empty_space hide_on_mobile=\u00bb\u00bb][vc_column_text]<\/p>\n<p style=\"text-align: center;\"><span style=\"color: #fbd44f;\">Gesti\u00f3n pedag\u00f3gica de nuestras escuelas<\/span><\/p>\n<p>[\/vc_column_text][vc_empty_space hide_on_mobile=\u00bb\u00bb][vc_btn title=\u00bbOfertas de trabajo \u00bb color=\u00bborange\u00bb align=\u00bbcenter\u00bb button_block=\u00bbtrue\u00bb link=\u00bburl:http%3A%2F%2Fds-iberien.de%2Fintranet%2Flista.php%3Fidi%3Des%26accion%3Dbuscar%26perfil%3D4|||\u00bb][\/vc_column_inner][vc_column_inner width=\u00bb1\/4&#8243;][vc_column_text css=\u00bb.vc_custom_1621234337367{background-color: #000000 !important;}\u00bb]<\/p>\n<p style=\"text-align: center;\"><a href=\"https:\/\/www.ds-iberien.de\/es\/adlk\/\"><span style=\"color: #ffffff;\">ADLK<\/span><\/a><\/p>\n<p>[\/vc_column_text][vc_empty_space hide_on_mobile=\u00bb\u00bb][vc_single_image image=\u00bb1565&#8243; img_size=\u00bbfull\u00bb][vc_empty_space hide_on_mobile=\u00bb\u00bb][vc_column_text]<\/p>\n<p style=\"text-align: center;\"><span style=\"color: #fbd44f;\">Funcionarios<br \/>\nProfesores<\/span><\/p>\n<p>[\/vc_column_text][vc_empty_space hide_on_mobile=\u00bb\u00bb][vc_btn title=\u00bbOfertas de trabajo \u00bb color=\u00bborange\u00bb align=\u00bbcenter\u00bb button_block=\u00bbtrue\u00bb link=\u00bburl:http%3A%2F%2Fds-iberien.de%2Fintranet%2Flista.php%3Fidi%3Des%26accion%3Dbuscar%26perfil%3D1|||\u00bb][\/vc_column_inner][vc_column_inner width=\u00bb1\/4&#8243;][vc_column_text css=\u00bb.vc_custom_1621234357671{background-color: #000000 !important;}\u00bb]<\/p>\n<p style=\"text-align: center;\"><a href=\"https:\/\/www.ds-iberien.de\/es\/olk\/\"><span style=\"color: #ffffff;\">OLK<\/span><\/a><\/p>\n<p>[\/vc_column_text][vc_empty_space hide_on_mobile=\u00bb\u00bb][vc_single_image image=\u00bb1567&#8243; img_size=\u00bbfull\u00bb][vc_empty_space hide_on_mobile=\u00bb\u00bb][vc_column_text]<\/p>\n<p style=\"text-align: center;\"><span style=\"color: #fbd44f;\">Con titulaci\u00f3n docente reconocida<\/span><\/p>\n<p>[\/vc_column_text][vc_empty_space hide_on_mobile=\u00bb\u00bb][vc_btn title=\u00bbOfertas de trabajo \u00bb color=\u00bborange\u00bb align=\u00bbcenter\u00bb button_block=\u00bbtrue\u00bb link=\u00bburl:http%3A%2F%2Fds-iberien.de%2Fintranet%2Flista.php%3Fidi%3Des%26accion%3Dbuscar%26perfil%3D2|||\u00bb][\/vc_column_inner][vc_column_inner width=\u00bb1\/4&#8243;][vc_column_text css=\u00bb.vc_custom_1621234375672{background-color: #000000 !important;}\u00bb]<\/p>\n<p style=\"text-align: center;\"><a href=\"https:\/\/www.ds-iberien.de\/es\/ok\/\"><span style=\"color: #ffffff;\">OK<\/span><\/a><\/p>\n<p>[\/vc_column_text][vc_empty_space hide_on_mobile=\u00bb\u00bb][vc_single_image image=\u00bb1662&#8243; img_size=\u00bbfull\u00bb][vc_empty_space hide_on_mobile=\u00bb\u00bb][vc_column_text]<\/p>\n<p style=\"text-align: center;\"><span style=\"color: #fbd44f;\">Servicio de educador, administraci\u00f3n, etc.<\/span><\/p>\n<p>[\/vc_column_text][vc_empty_space hide_on_mobile=\u00bb\u00bb][vc_btn title=\u00bbOfertas de trabajo \u00bb color=\u00bborange\u00bb align=\u00bbcenter\u00bb button_block=\u00bbtrue\u00bb link=\u00bburl:http%3A%2F%2Fds-iberien.de%2Fintranet%2Flista.php%3Fidi%3Des%26accion%3Dbuscar%26perfil%3D3|||\u00bb][\/vc_column_inner][\/vc_row_inner][\/vc_column][\/vc_row]<\/p>\n","protected":false},"excerpt":{"rendered":"<p>[vc_row][vc_column width=\u00bb1\/4&#8243; css=\u00bb.vc_custom_1599053836154{background-color: #e6e6e6 !important;}\u00bb el_class=\u00bbmenu_lateral\u00bb][vc_wp_custommenu nav_menu=\u00bb52&#8243;][vc_empty_space alter_height=\u00bbsmall\u00bb hide_on_mobile=\u00bb\u00bb][vc_wp_custommenu nav_menu=\u00bb53&#8243;][vc_empty_space alter_height=\u00bbsmall\u00bb hide_on_mobile=\u00bb\u00bb][vc_wp_custommenu nav_menu=\u00bb54&#8243;][\/vc_column][vc_column width=\u00bb3\/4&#8243;][vc_column_text] OPCIONES DE EMPLEO [\/vc_column_text][vc_empty_space hide_on_mobile=\u00bb\u00bb][vc_column_text]\u00bfDar clase en Espa\u00f1a o Portugal? \u00bfLe parece atractivo? Si es un profesor apasionado y le gustar\u00eda transmitir sus conocimientos en un&hellip;<\/p>\n","protected":false},"author":1,"featured_media":0,"parent":0,"menu_order":0,"comment_status":"closed","ping_status":"closed","template":"","meta":[],"aioseo_notices":[],"_links":{"self":[{"href":"https:\/\/www.ds-iberien.de\/es\/wp-json\/wp\/v2\/pages\/2185"}],"collection":[{"href":"https:\/\/www.ds-iberien.de\/es\/wp-json\/wp\/v2\/pages"}],"about":[{"href":"https:\/\/www.ds-iberien.de\/es\/wp-json\/wp\/v2\/types\/page"}],"author":[{"embeddable":true,"href":"https:\/\/www.ds-iberien.de\/es\/wp-json\/wp\/v2\/users\/1"}],"replies":[{"embeddable":true,"href":"https:\/\/www.ds-iberien.de\/es\/wp-json\/wp\/v2\/comments?post=2185"}],"version-history":[{"count":4,"href":"https:\/\/www.ds-iberien.de\/es\/wp-json\/wp\/v2\/pages\/2185\/revisions"}],"predecessor-version":[{"id":2495,"href":"https:\/\/www.ds-iberien.de\/es\/wp-json\/wp\/v2\/pages\/2185\/revisions\/2495"}],"wp:attachment":[{"href":"https:\/\/www.ds-iberien.de\/es\/wp-json\/wp\/v2\/media?parent=2185"}],"curies":[{"name":"wp","href":"https:\/\/api.w.org\/{rel}","templated":true}]}}

<p>[vc_row][vc_column width=»1/4&#8243; css=».vc_custom_1599053836154{background-color: #e6e6e6 !important;}» el_class=»menu_lateral»][vc_wp_custommenu nav_menu=»52&#8243;][vc_empty_space alter_height=»small» hide_on_mobile=»»][vc_wp_custommenu nav_menu=»53&#8243;][vc_empty_space alter_height=»small» hide_on_mobile=»»][vc_wp_custommenu nav_menu=»54&#8243;][/vc_column][vc_column width=»3/4&#8243;][vc_column_text]</p>
<h2 style="text-align: center; color: #d7362d;">OPCIONES DE EMPLEO</h2>
<p>[/vc_column_text][vc_empty_space hide_on_mobile=»»][vc_column_text]¿Dar clase en España o Portugal? ¿Le parece atractivo? Si es un profesor apasionado y le gustaría transmitir sus conocimientos en un entorno diferente, y si cree que viajar y vivir en otros lugares también amplía tus propios horizontes, entonces solicitar una plaza en una de nuestros colegios podría ser perfecto para usted.</p>
<p>Hay diferentes opciones de empleo como profesor alemán en el extranjero:</p>
<ul>
<li>DIRECCIÓN PEDAGÓGICA: Ha demostrado su valía en el servicio escolar nacional o extranjero y quiere dirigir un colegio alemán en el extranjero. Con nosotros tiene la oportunidad de particpar en el desarrollo de escuelas magníficamente cualificadas junto con profesores y padres comprometidos.</li>
<li>ADLK (Auslandsdienstlehrkraft – profesores del servicio exterior): Usted es un funcionario público en Alemania con un contrato de trabajo permanente y su empleador (el estado federal en el que está empleado) lo libera de sus obligaciones. El traslado se realiza a través de la Agencia Central de los Colegios en el Extranjero. No debe haber alcanzado la edad de 63 años cuando empiece a trabajar en el extranjero.</li>
<li>OLK (Ortslehrkräfte – profesores locales): Usted tiene la titulación alemana o europea para poder ejercer la profesión de maestro, o bien es un funcionario alemán que tiene una excedencia de su empleador, el Land correspondiente. Entonces podrá optar por un contrato de trabajo en España o Portugal conforme a las leyes y convenios laborales locales.</li>
<li>OK (personal local): No es profesor pero te gustaría trabajar en una Colegio Alemán en el Extranjero. Aquí puede encontrar ofertas de trabajo para personal no docente en colegios y jardines de infancia: educadores, administración, servicios, etc.</li>
</ul>
<p>[/vc_column_text][vc_empty_space hide_on_mobile=»»][vc_row_inner][vc_column_inner width=»1/4&#8243;][vc_column_text css=».vc_custom_1621234318151{background-color: #000000 !important;}»]</p>
<p style="text-align: center;"><a href="https://www.ds-iberien.de/es/direccion-del-colegio/"><span style="color: #ffffff;">DIRECCIÓN PEDAGÓGICA</span></a></p>
<p>[/vc_column_text][vc_empty_space hide_on_mobile=»»][vc_single_image image=»1566&#8243; img_size=»full»][vc_empty_space hide_on_mobile=»»][vc_column_text]</p>
<p style="text-align: center;"><span style="color: #fbd44f;">Gestión pedagógica de nuestras escuelas</span></p>
<p>[/vc_column_text][vc_empty_space hide_on_mobile=»»][vc_btn title=»Ofertas de trabajo » color=»orange» align=»center» button_block=»true» link=»url:http%3A%2F%2Fds-iberien.de%2Fintranet%2Flista.php%3Fidi%3Des%26accion%3Dbuscar%26perfil%3D4|||»][/vc_column_inner][vc_column_inner width=»1/4&#8243;][vc_column_text css=».vc_custom_1621234337367{background-color: #000000 !important;}»]</p>
<p style="text-align: center;"><a href="https://www.ds-iberien.de/es/adlk/"><span style="color: #ffffff;">ADLK</span></a></p>
<p>[/vc_column_text][vc_empty_space hide_on_mobile=»»][vc_single_image image=»1565&#8243; img_size=»full»][vc_empty_space hide_on_mobile=»»][vc_column_text]</p>
<p style="text-align: center;"><span style="color: #fbd44f;">Funcionarios<br />
Profesores</span></p>
<p>[/vc_column_text][vc_empty_space hide_on_mobile=»»][vc_btn title=»Ofertas de trabajo » color=»orange» align=»center» button_block=»true» link=»url:http%3A%2F%2Fds-iberien.de%2Fintranet%2Flista.php%3Fidi%3Des%26accion%3Dbuscar%26perfil%3D1|||»][/vc_column_inner][vc_column_inner width=»1/4&#8243;][vc_column_text css=».vc_custom_1621234357671{background-color: #000000 !important;}»]</p>
<p style="text-align: center;"><a href="https://www.ds-iberien.de/es/olk/"><span style="color: #ffffff;">OLK</span></a></p>
<p>[/vc_column_text][vc_empty_space hide_on_mobile=»»][vc_single_image image=»1567&#8243; img_size=»full»][vc_empty_space hide_on_mobile=»»][vc_column_text]</p>
<p style="text-align: center;"><span style="color: #fbd44f;">Con titulación docente reconocida</span></p>
<p>[/vc_column_text][vc_empty_space hide_on_mobile=»»][vc_btn title=»Ofertas de trabajo » color=»orange» align=»center» button_block=»true» link=»url:http%3A%2F%2Fds-iberien.de%2Fintranet%2Flista.php%3Fidi%3Des%26accion%3Dbuscar%26perfil%3D2|||»][/vc_column_inner][vc_column_inner width=»1/4&#8243;][vc_column_text css=».vc_custom_1621234375672{background-color: #000000 !important;}»]</p>
<p style="text-align: center;"><a href="https://www.ds-iberien.de/es/ok/"><span style="color: #ffffff;">OK</span></a></p>
<p>[/vc_column_text][vc_empty_space hide_on_mobile=»»][vc_single_image image=»1662&#8243; img_size=»full»][vc_empty_space hide_on_mobile=»»][vc_column_text]</p>
<p style="text-align: center;"><span style="color: #fbd44f;">Servicio de educador, administración, etc.</span></p>
<p>[/vc_column_text][vc_empty_space hide_on_mobile=»»][vc_btn title=»Ofertas de trabajo » color=»orange» align=»center» button_block=»true» link=»url:http%3A%2F%2Fds-iberien.de%2Fintranet%2Flista.php%3Fidi%3Des%26accion%3Dbuscar%26perfil%3D3|||»][/vc_column_inner][/vc_row_inner][/vc_column][/vc_row]</p>

<p>[vc_row][vc_column width=»1/4&#8243; css=».vc_custom_1599053836154{background-color: #e6e6e6 !important;}» el_class=»menu_lateral»][vc_wp_custommenu nav_menu=»52&#8243;][vc_empty_space alter_height=»small» hide_on_mobile=»»][vc_wp_custommenu nav_menu=»53&#8243;][vc_empty_space alter_height=»small» hide_on_mobile=»»][vc_wp_custommenu nav_menu=»54&#8243;][/vc_column][vc_column width=»3/4&#8243;][vc_column_text] OPCIONES DE EMPLEO [/vc_column_text][vc_empty_space hide_on_mobile=»»][vc_column_text]¿Dar clase en España o Portugal? ¿Le parece atractivo? Si es un profesor apasionado y le gustaría transmitir sus conocimientos en un&hellip;</p>
