{"id":2181,"date":"2020-06-16T13:59:46","date_gmt":"2020-06-16T11:59:46","guid":{"rendered":"https:\/\/www.ds-iberien.de\/arbeiten-in-portugal\/"},"modified":"2021-04-20T01:52:31","modified_gmt":"2021-04-19T23:52:31","slug":"trabajar-en-portugal","status":"publish","type":"page","link":"https:\/\/www.ds-iberien.de\/es\/trabajar-en-portugal\/","title":{"rendered":"TRABAJAR EN PORTUGAL"},"content":{"rendered":"<p>[vc_row][vc_column width=\u00bb1\/4&#8243; css=\u00bb.vc_custom_1599053787731{background-color: #e6e6e6 !important;}\u00bb el_class=\u00bbmenu_lateral\u00bb][vc_wp_custommenu nav_menu=\u00bb52&#8243;][vc_empty_space alter_height=\u00bbsmall\u00bb hide_on_mobile=\u00bb\u00bb][vc_wp_custommenu nav_menu=\u00bb53&#8243;][vc_empty_space alter_height=\u00bbsmall\u00bb hide_on_mobile=\u00bb\u00bb][vc_wp_custommenu nav_menu=\u00bb54&#8243;][\/vc_column][vc_column width=\u00bb3\/4&#8243;][vc_column_text]<\/p>\n<h2 style=\"text-align: center; color: #d7362d;\">TRABAJAR EN PORTUGAL<\/h2>\n<p>[\/vc_column_text][vc_single_image image=\u00bb1666&#8243; img_size=\u00bbfull\u00bb][vc_empty_space alter_height=\u00bbsmall\u00bb hide_on_mobile=\u00bb\u00bb][vc_column_text]Portugal es un pa\u00eds muy atractivo para los expatriados: clima suave, cultura ancestral, playas fascinantes, paisajes id\u00edlicos, cocina exquisita y habitantes amables. \u00bfQu\u00e9 m\u00e1s se puede pedir? Los dos Colegios Alemanes en el Extranjero, Lisboa y Oporto, tienen una larga tradici\u00f3n y comunidades escolares comprometidas en las que los empleados disfrutan ayudando a desarrollar el colegio. Conozca m\u00e1s sobre nosotros.[\/vc_column_text][vc_empty_space alter_height=\u00bblarge\u00bb hide_on_mobile=\u00bb\u00bb][vc_row_inner][vc_column_inner width=\u00bb1\/2&#8243;][vc_single_image image=\u00bb924&#8243; img_size=\u00bbfull\u00bb alignment=\u00bbcenter\u00bb][vc_empty_space alter_height=\u00bbsmall\u00bb hide_on_mobile=\u00bb\u00bb][vc_column_text]<\/p>\n<p style=\"text-align: center;\"><a style=\"color: #fbd44f;\" href=\"https:\/\/www.ds-iberien.de\/es\/deutsche-schule-lissabon-2\/\">COLEGIO ALEMAN DE LISBOA<\/a><\/p>\n<p>[\/vc_column_text][\/vc_column_inner][vc_column_inner width=\u00bb1\/2&#8243;][vc_single_image image=\u00bb917&#8243; img_size=\u00bbfull\u00bb alignment=\u00bbcenter\u00bb][vc_empty_space alter_height=\u00bbsmall\u00bb hide_on_mobile=\u00bb\u00bb][vc_column_text]<\/p>\n<p style=\"text-align: center;\"><a style=\"color: #fbd44f;\" href=\"https:\/\/www.ds-iberien.de\/es\/deutsche-schule-zu-porto-2\/\">COLEGIO ALEMAN DE OPORTO<\/a><\/p>\n<p>[\/vc_column_text][\/vc_column_inner][\/vc_row_inner][\/vc_column][\/vc_row]<\/p>\n","protected":false},"excerpt":{"rendered":"<p>[vc_row][vc_column width=\u00bb1\/4&#8243; css=\u00bb.vc_custom_1599053787731{background-color: #e6e6e6 !important;}\u00bb el_class=\u00bbmenu_lateral\u00bb][vc_wp_custommenu nav_menu=\u00bb52&#8243;][vc_empty_space alter_height=\u00bbsmall\u00bb hide_on_mobile=\u00bb\u00bb][vc_wp_custommenu nav_menu=\u00bb53&#8243;][vc_empty_space alter_height=\u00bbsmall\u00bb hide_on_mobile=\u00bb\u00bb][vc_wp_custommenu nav_menu=\u00bb54&#8243;][\/vc_column][vc_column width=\u00bb3\/4&#8243;][vc_column_text] TRABAJAR EN PORTUGAL [\/vc_column_text][vc_single_image image=\u00bb1666&#8243; img_size=\u00bbfull\u00bb][vc_empty_space alter_height=\u00bbsmall\u00bb hide_on_mobile=\u00bb\u00bb][vc_column_text]Portugal es un pa\u00eds muy atractivo para los expatriados: clima suave, cultura ancestral, playas fascinantes, paisajes id\u00edlicos, cocina exquisita&hellip;<\/p>\n","protected":false},"author":1,"featured_media":0,"parent":0,"menu_order":0,"comment_status":"closed","ping_status":"closed","template":"","meta":[],"aioseo_notices":[],"_links":{"self":[{"href":"https:\/\/www.ds-iberien.de\/es\/wp-json\/wp\/v2\/pages\/2181"}],"collection":[{"href":"https:\/\/www.ds-iberien.de\/es\/wp-json\/wp\/v2\/pages"}],"about":[{"href":"https:\/\/www.ds-iberien.de\/es\/wp-json\/wp\/v2\/types\/page"}],"author":[{"embeddable":true,"href":"https:\/\/www.ds-iberien.de\/es\/wp-json\/wp\/v2\/users\/1"}],"replies":[{"embeddable":true,"href":"https:\/\/www.ds-iberien.de\/es\/wp-json\/wp\/v2\/comments?post=2181"}],"version-history":[{"count":3,"href":"https:\/\/www.ds-iberien.de\/es\/wp-json\/wp\/v2\/pages\/2181\/revisions"}],"predecessor-version":[{"id":2294,"href":"https:\/\/www.ds-iberien.de\/es\/wp-json\/wp\/v2\/pages\/2181\/revisions\/2294"}],"wp:attachment":[{"href":"https:\/\/www.ds-iberien.de\/es\/wp-json\/wp\/v2\/media?parent=2181"}],"curies":[{"name":"wp","href":"https:\/\/api.w.org\/{rel}","templated":true}]}}

<p>[vc_row][vc_column width=»1/4&#8243; css=».vc_custom_1599053787731{background-color: #e6e6e6 !important;}» el_class=»menu_lateral»][vc_wp_custommenu nav_menu=»52&#8243;][vc_empty_space alter_height=»small» hide_on_mobile=»»][vc_wp_custommenu nav_menu=»53&#8243;][vc_empty_space alter_height=»small» hide_on_mobile=»»][vc_wp_custommenu nav_menu=»54&#8243;][/vc_column][vc_column width=»3/4&#8243;][vc_column_text]</p>
<h2 style="text-align: center; color: #d7362d;">TRABAJAR EN PORTUGAL</h2>
<p>[/vc_column_text][vc_single_image image=»1666&#8243; img_size=»full»][vc_empty_space alter_height=»small» hide_on_mobile=»»][vc_column_text]Portugal es un país muy atractivo para los expatriados: clima suave, cultura ancestral, playas fascinantes, paisajes idílicos, cocina exquisita y habitantes amables. ¿Qué más se puede pedir? Los dos Colegios Alemanes en el Extranjero, Lisboa y Oporto, tienen una larga tradición y comunidades escolares comprometidas en las que los empleados disfrutan ayudando a desarrollar el colegio. Conozca más sobre nosotros.[/vc_column_text][vc_empty_space alter_height=»large» hide_on_mobile=»»][vc_row_inner][vc_column_inner width=»1/2&#8243;][vc_single_image image=»924&#8243; img_size=»full» alignment=»center»][vc_empty_space alter_height=»small» hide_on_mobile=»»][vc_column_text]</p>
<p style="text-align: center;"><a style="color: #fbd44f;" href="https://www.ds-iberien.de/es/deutsche-schule-lissabon-2/">COLEGIO ALEMAN DE LISBOA</a></p>
<p>[/vc_column_text][/vc_column_inner][vc_column_inner width=»1/2&#8243;][vc_single_image image=»917&#8243; img_size=»full» alignment=»center»][vc_empty_space alter_height=»small» hide_on_mobile=»»][vc_column_text]</p>
<p style="text-align: center;"><a style="color: #fbd44f;" href="https://www.ds-iberien.de/es/deutsche-schule-zu-porto-2/">COLEGIO ALEMAN DE OPORTO</a></p>
<p>[/vc_column_text][/vc_column_inner][/vc_row_inner][/vc_column][/vc_row]</p>

<p>[vc_row][vc_column width=»1/4&#8243; css=».vc_custom_1599053787731{background-color: #e6e6e6 !important;}» el_class=»menu_lateral»][vc_wp_custommenu nav_menu=»52&#8243;][vc_empty_space alter_height=»small» hide_on_mobile=»»][vc_wp_custommenu nav_menu=»53&#8243;][vc_empty_space alter_height=»small» hide_on_mobile=»»][vc_wp_custommenu nav_menu=»54&#8243;][/vc_column][vc_column width=»3/4&#8243;][vc_column_text] TRABAJAR EN PORTUGAL [/vc_column_text][vc_single_image image=»1666&#8243; img_size=»full»][vc_empty_space alter_height=»small» hide_on_mobile=»»][vc_column_text]Portugal es un país muy atractivo para los expatriados: clima suave, cultura ancestral, playas fascinantes, paisajes idílicos, cocina exquisita&hellip;</p>
