{"id":1945,"date":"2020-06-30T13:04:45","date_gmt":"2020-06-30T11:04:45","guid":{"rendered":"https:\/\/www.ds-iberien.de\/deutsche-schule-valencia\/"},"modified":"2021-04-13T10:42:16","modified_gmt":"2021-04-13T08:42:16","slug":"deutsche-schule-valencia","status":"publish","type":"page","link":"https:\/\/www.ds-iberien.de\/es\/deutsche-schule-valencia\/","title":{"rendered":"COLEGIO ALEMAN DE VALENCIA"},"content":{"rendered":"<p>[vc_row full_width=\u00bbstretch_row_content_no_spaces\u00bb css=\u00bb.vc_custom_1593775556000{padding-top: 500px !important;padding-bottom: 500px !important;background-image: url(https:\/\/www.ds-iberien.de\/wp-content\/uploads\/2020\/07\/DSV27.jpg?id=1388) !important;background-position: center !important;background-repeat: no-repeat !important;background-size: cover !important;}\u00bb][vc_column][\/vc_column][\/vc_row][vc_row gap=\u00bb15&#8243; css=\u00bb.vc_custom_1591617474487{margin-top: -70px !important;background-color: rgba(221,51,51,0.01) !important;*background-color: rgb(221,51,51) !important;}\u00bb][vc_column width=\u00bb2\/6&#8243; icons_position=\u00bbleft\u00bb css=\u00bb.vc_custom_1591615516296{background-color: #f2f2f2 !important;}\u00bb][vc_empty_space height=\u00bb60px\u00bb alter_height=\u00bbnone\u00bb hide_on_mobile=\u00bb\u00bb][vc_single_image image=\u00bb1822&#8243; img_size=\u00bbfull\u00bb alignment=\u00bbcenter\u00bb][vc_empty_space hide_on_mobile=\u00bb\u00bb][vc_column_text]<\/p>\n<p style=\"text-align: center; font-size: 25px;\"><a style=\"color: #a0002f;\" href=\"http:\/\/dsvalencia.org\" target=\"_blank\" rel=\"noopener noreferrer\">www.dsvalencia.org<\/a><\/p>\n<p>[\/vc_column_text][vc_empty_space alter_height=\u00bbnone\u00bb hide_on_mobile=\u00bb\u00bb][\/vc_column][vc_column width=\u00bb1\/6&#8243; css=\u00bb.vc_custom_1591616350551{background-color: #ffffff !important;}\u00bb][vc_empty_space alter_height=\u00bbnone\u00bb hide_on_mobile=\u00bb\u00bb][vc_single_image image=\u00bb949&#8243; img_size=\u00bbfull\u00bb alignment=\u00bbcenter\u00bb][vc_empty_space hide_on_mobile=\u00bb\u00bb][vc_column_text]<\/p>\n<p style=\"text-align: center;\"><strong><span style=\"color: #c10c0c;\">1909<\/span><\/strong><br \/>\n<strong><span style=\"color: #c10c0c;\">FUNDACI\u00d3N<\/span><\/strong><\/p>\n<p>[\/vc_column_text][vc_empty_space hide_on_mobile=\u00bb\u00bb][\/vc_column][vc_column width=\u00bb1\/6&#8243; css=\u00bb.vc_custom_1591616358805{background-color: #ffffff !important;}\u00bb][vc_empty_space alter_height=\u00bbnone\u00bb hide_on_mobile=\u00bb\u00bb][vc_single_image image=\u00bb950&#8243; img_size=\u00bbfull\u00bb alignment=\u00bbcenter\u00bb][vc_empty_space hide_on_mobile=\u00bb\u00bb][vc_column_text]<\/p>\n<p style=\"text-align: center;\"><strong><span style=\"color: #c10c0c;\">904<br \/>\nALUMNOS<\/span><\/strong><\/p>\n<p>[\/vc_column_text][vc_empty_space hide_on_mobile=\u00bb\u00bb][\/vc_column][vc_column width=\u00bb1\/6&#8243; css=\u00bb.vc_custom_1591616367652{background-color: #ffffff !important;}\u00bb][vc_empty_space alter_height=\u00bbnone\u00bb hide_on_mobile=\u00bb\u00bb][vc_single_image image=\u00bb951&#8243; img_size=\u00bbfull\u00bb alignment=\u00bbcenter\u00bb][vc_empty_space hide_on_mobile=\u00bb\u00bb][vc_column_text]<\/p>\n<p style=\"text-align: center;\"><strong><span style=\"color: #c10c0c;\">60<br \/>\nBACHILLERATOS<\/span><\/strong><\/p>\n<p>[\/vc_column_text][vc_empty_space hide_on_mobile=\u00bb\u00bb][\/vc_column][vc_column width=\u00bb1\/6&#8243; css=\u00bb.vc_custom_1591616387443{background-color: #ffffff !important;}\u00bb][vc_empty_space alter_height=\u00bbnone\u00bb hide_on_mobile=\u00bb\u00bb][vc_single_image image=\u00bb952&#8243; img_size=\u00bbfull\u00bb alignment=\u00bbcenter\u00bb][vc_empty_space hide_on_mobile=\u00bb\u00bb][vc_column_text]<\/p>\n<p style=\"text-align: center;\"><strong><span style=\"color: #c10c0c;\">110<br \/>\nEMPLEADOS<\/span><\/strong><\/p>\n<p>[\/vc_column_text][vc_empty_space hide_on_mobile=\u00bb\u00bb][\/vc_column][\/vc_row][vc_row full_width=\u00bbstretch_row\u00bb gap=\u00bb35&#8243;][vc_column][vc_empty_space alter_height=\u00bbmedium\u00bb hide_on_mobile=\u00bb\u00bb][\/vc_column][\/vc_row][vc_row full_width=\u00bbstretch_row_content_no_spaces\u00bb scheme=\u00bbdark\u00bb css=\u00bb.vc_custom_1591616563751{background-color: #f2f3f6 !important;}\u00bb][vc_column width=\u00bb1\/2&#8243; icons_position=\u00bbleft\u00bb css=\u00bb.vc_custom_1593775616538{border-right-width: 15px !important;padding-top: 500px !important;padding-bottom: 500px !important;background-image: url(https:\/\/www.ds-iberien.de\/wp-content\/uploads\/2020\/07\/DSV3.jpg?id=1389) !important;background-position: center !important;background-repeat: no-repeat !important;background-size: cover !important;border-right-color: #a00007 !important;border-right-style: solid !important;}\u00bb][\/vc_column][vc_column width=\u00bb1\/2&#8243; icons_position=\u00bbleft\u00bb css=\u00bb.vc_custom_1591617175100{padding-left: 40px !important;}\u00bb el_class=\u00bboverflow\u00bb][vc_column_text css=\u00bb.vc_custom_1618303330398{margin-top: 40px !important;padding-top: 40px !important;padding-bottom: 40px !important;padding-left: 40px !important;}\u00bb]En la primavera de 2009, la DSV celebr\u00f3 su centenario con una semana festiva de celebraciones. Pero estos 100 a\u00f1os no se reconocen en la escuela. Desde 1961, la DSV est\u00e1 instalada en el edificio principal de la calle Jaime Roig, de cuatro plantas, ahora catalogado, en las afueras del centro hist\u00f3rico de Valencia, la tercera ciudad de Espa\u00f1a, con una poblaci\u00f3n de unos 800.000 habitantes. Todo comenz\u00f3 en 1909 con s\u00f3lo cuatro alumnos alemanes, pero entretanto la DSV se ha convertido en el centro de atenci\u00f3n y el lugar de encuentro de casi 800 ni\u00f1as y ni\u00f1os que acuden aqu\u00ed al jard\u00edn de infancia, a la escuela primaria o a la secundaria. Debido a su c\u00e9ntrica ubicaci\u00f3n, pueden llegar f\u00e1cilmente a su escuela a pie o en bicicleta en la mayor\u00eda de los casos. Al mismo tiempo, la DSV es una verdadera escuela de encuentro, lo que significa que la proporci\u00f3n de compa\u00f1eros de clase espa\u00f1oles es particularmente alta, por lo que se da especial importancia al intercambio intercultural.[\/vc_column_text][\/vc_column][\/vc_row][vc_row full_width=\u00bbstretch_row\u00bb gap=\u00bb35&#8243;][vc_column][vc_empty_space alter_height=\u00bbmedium\u00bb hide_on_mobile=\u00bb\u00bb][\/vc_column][\/vc_row][vc_row equal_height=\u00bbyes\u00bb content_placement=\u00bbmiddle\u00bb][vc_column width=\u00bb1\/4&#8243;][vc_single_image image=\u00bb855&#8243; img_size=\u00bbfull\u00bb][\/vc_column][vc_column width=\u00bb1\/4&#8243;][vc_single_image image=\u00bb856&#8243; img_size=\u00bbfull\u00bb][\/vc_column][vc_column width=\u00bb1\/4&#8243;][vc_single_image image=\u00bb857&#8243; img_size=\u00bbfull\u00bb][\/vc_column][vc_column width=\u00bb1\/4&#8243;][vc_single_image image=\u00bb858&#8243; img_size=\u00bbfull\u00bb][\/vc_column][\/vc_row][vc_row full_width=\u00bbstretch_row\u00bb gap=\u00bb35&#8243;][vc_column][vc_empty_space alter_height=\u00bbmedium\u00bb hide_on_mobile=\u00bb\u00bb][\/vc_column][\/vc_row]<\/p>\n","protected":false},"excerpt":{"rendered":"<p>[vc_row full_width=\u00bbstretch_row_content_no_spaces\u00bb css=\u00bb.vc_custom_1593775556000{padding-top: 500px !important;padding-bottom: 500px !important;background-image: url(https:\/\/www.ds-iberien.de\/wp-content\/uploads\/2020\/07\/DSV27.jpg?id=1388) !important;background-position: center !important;background-repeat: no-repeat !important;background-size: cover !important;}\u00bb][vc_column][\/vc_column][\/vc_row][vc_row gap=\u00bb15&#8243; css=\u00bb.vc_custom_1591617474487{margin-top: -70px !important;background-color: rgba(221,51,51,0.01) !important;*background-color: rgb(221,51,51) !important;}\u00bb][vc_column width=\u00bb2\/6&#8243; icons_position=\u00bbleft\u00bb css=\u00bb.vc_custom_1591615516296{background-color: #f2f2f2 !important;}\u00bb][vc_empty_space height=\u00bb60px\u00bb alter_height=\u00bbnone\u00bb hide_on_mobile=\u00bb\u00bb][vc_single_image image=\u00bb1822&#8243; img_size=\u00bbfull\u00bb alignment=\u00bbcenter\u00bb][vc_empty_space hide_on_mobile=\u00bb\u00bb][vc_column_text] www.dsvalencia.org [\/vc_column_text][vc_empty_space alter_height=\u00bbnone\u00bb hide_on_mobile=\u00bb\u00bb][\/vc_column][vc_column width=\u00bb1\/6&#8243;&hellip;<\/p>\n","protected":false},"author":1,"featured_media":0,"parent":0,"menu_order":0,"comment_status":"closed","ping_status":"open","template":"","meta":[],"aioseo_notices":[],"_links":{"self":[{"href":"https:\/\/www.ds-iberien.de\/es\/wp-json\/wp\/v2\/pages\/1945"}],"collection":[{"href":"https:\/\/www.ds-iberien.de\/es\/wp-json\/wp\/v2\/pages"}],"about":[{"href":"https:\/\/www.ds-iberien.de\/es\/wp-json\/wp\/v2\/types\/page"}],"author":[{"embeddable":true,"href":"https:\/\/www.ds-iberien.de\/es\/wp-json\/wp\/v2\/users\/1"}],"replies":[{"embeddable":true,"href":"https:\/\/www.ds-iberien.de\/es\/wp-json\/wp\/v2\/comments?post=1945"}],"version-history":[{"count":3,"href":"https:\/\/www.ds-iberien.de\/es\/wp-json\/wp\/v2\/pages\/1945\/revisions"}],"predecessor-version":[{"id":2166,"href":"https:\/\/www.ds-iberien.de\/es\/wp-json\/wp\/v2\/pages\/1945\/revisions\/2166"}],"wp:attachment":[{"href":"https:\/\/www.ds-iberien.de\/es\/wp-json\/wp\/v2\/media?parent=1945"}],"curies":[{"name":"wp","href":"https:\/\/api.w.org\/{rel}","templated":true}]}}

<p>[vc_row full_width=»stretch_row_content_no_spaces» css=».vc_custom_1593775556000{padding-top: 500px !important;padding-bottom: 500px !important;background-image: url(https://www.ds-iberien.de/wp-content/uploads/2020/07/DSV27.jpg?id=1388) !important;background-position: center !important;background-repeat: no-repeat !important;background-size: cover !important;}»][vc_column][/vc_column][/vc_row][vc_row gap=»15&#8243; css=».vc_custom_1591617474487{margin-top: -70px !important;background-color: rgba(221,51,51,0.01) !important;*background-color: rgb(221,51,51) !important;}»][vc_column width=»2/6&#8243; icons_position=»left» css=».vc_custom_1591615516296{background-color: #f2f2f2 !important;}»][vc_empty_space height=»60px» alter_height=»none» hide_on_mobile=»»][vc_single_image image=»1822&#8243; img_size=»full» alignment=»center»][vc_empty_space hide_on_mobile=»»][vc_column_text]</p>
<p style="text-align: center; font-size: 25px;"><a style="color: #a0002f;" href="http://dsvalencia.org" target="_blank" rel="noopener noreferrer">www.dsvalencia.org</a></p>
<p>[/vc_column_text][vc_empty_space alter_height=»none» hide_on_mobile=»»][/vc_column][vc_column width=»1/6&#8243; css=».vc_custom_1591616350551{background-color: #ffffff !important;}»][vc_empty_space alter_height=»none» hide_on_mobile=»»][vc_single_image image=»949&#8243; img_size=»full» alignment=»center»][vc_empty_space hide_on_mobile=»»][vc_column_text]</p>
<p style="text-align: center;"><strong><span style="color: #c10c0c;">1909</span></strong><br />
<strong><span style="color: #c10c0c;">FUNDACIÓN</span></strong></p>
<p>[/vc_column_text][vc_empty_space hide_on_mobile=»»][/vc_column][vc_column width=»1/6&#8243; css=».vc_custom_1591616358805{background-color: #ffffff !important;}»][vc_empty_space alter_height=»none» hide_on_mobile=»»][vc_single_image image=»950&#8243; img_size=»full» alignment=»center»][vc_empty_space hide_on_mobile=»»][vc_column_text]</p>
<p style="text-align: center;"><strong><span style="color: #c10c0c;">904<br />
ALUMNOS</span></strong></p>
<p>[/vc_column_text][vc_empty_space hide_on_mobile=»»][/vc_column][vc_column width=»1/6&#8243; css=».vc_custom_1591616367652{background-color: #ffffff !important;}»][vc_empty_space alter_height=»none» hide_on_mobile=»»][vc_single_image image=»951&#8243; img_size=»full» alignment=»center»][vc_empty_space hide_on_mobile=»»][vc_column_text]</p>
<p style="text-align: center;"><strong><span style="color: #c10c0c;">60<br />
BACHILLERATOS</span></strong></p>
<p>[/vc_column_text][vc_empty_space hide_on_mobile=»»][/vc_column][vc_column width=»1/6&#8243; css=».vc_custom_1591616387443{background-color: #ffffff !important;}»][vc_empty_space alter_height=»none» hide_on_mobile=»»][vc_single_image image=»952&#8243; img_size=»full» alignment=»center»][vc_empty_space hide_on_mobile=»»][vc_column_text]</p>
<p style="text-align: center;"><strong><span style="color: #c10c0c;">110<br />
EMPLEADOS</span></strong></p>
<p>[/vc_column_text][vc_empty_space hide_on_mobile=»»][/vc_column][/vc_row][vc_row full_width=»stretch_row» gap=»35&#8243;][vc_column][vc_empty_space alter_height=»medium» hide_on_mobile=»»][/vc_column][/vc_row][vc_row full_width=»stretch_row_content_no_spaces» scheme=»dark» css=».vc_custom_1591616563751{background-color: #f2f3f6 !important;}»][vc_column width=»1/2&#8243; icons_position=»left» css=».vc_custom_1593775616538{border-right-width: 15px !important;padding-top: 500px !important;padding-bottom: 500px !important;background-image: url(https://www.ds-iberien.de/wp-content/uploads/2020/07/DSV3.jpg?id=1389) !important;background-position: center !important;background-repeat: no-repeat !important;background-size: cover !important;border-right-color: #a00007 !important;border-right-style: solid !important;}»][/vc_column][vc_column width=»1/2&#8243; icons_position=»left» css=».vc_custom_1591617175100{padding-left: 40px !important;}» el_class=»overflow»][vc_column_text css=».vc_custom_1618303330398{margin-top: 40px !important;padding-top: 40px !important;padding-bottom: 40px !important;padding-left: 40px !important;}»]En la primavera de 2009, la DSV celebró su centenario con una semana festiva de celebraciones. Pero estos 100 años no se reconocen en la escuela. Desde 1961, la DSV está instalada en el edificio principal de la calle Jaime Roig, de cuatro plantas, ahora catalogado, en las afueras del centro histórico de Valencia, la tercera ciudad de España, con una población de unos 800.000 habitantes. Todo comenzó en 1909 con sólo cuatro alumnos alemanes, pero entretanto la DSV se ha convertido en el centro de atención y el lugar de encuentro de casi 800 niñas y niños que acuden aquí al jardín de infancia, a la escuela primaria o a la secundaria. Debido a su céntrica ubicación, pueden llegar fácilmente a su escuela a pie o en bicicleta en la mayoría de los casos. Al mismo tiempo, la DSV es una verdadera escuela de encuentro, lo que significa que la proporción de compañeros de clase españoles es particularmente alta, por lo que se da especial importancia al intercambio intercultural.[/vc_column_text][/vc_column][/vc_row][vc_row full_width=»stretch_row» gap=»35&#8243;][vc_column][vc_empty_space alter_height=»medium» hide_on_mobile=»»][/vc_column][/vc_row][vc_row equal_height=»yes» content_placement=»middle»][vc_column width=»1/4&#8243;][vc_single_image image=»855&#8243; img_size=»full»][/vc_column][vc_column width=»1/4&#8243;][vc_single_image image=»856&#8243; img_size=»full»][/vc_column][vc_column width=»1/4&#8243;][vc_single_image image=»857&#8243; img_size=»full»][/vc_column][vc_column width=»1/4&#8243;][vc_single_image image=»858&#8243; img_size=»full»][/vc_column][/vc_row][vc_row full_width=»stretch_row» gap=»35&#8243;][vc_column][vc_empty_space alter_height=»medium» hide_on_mobile=»»][/vc_column][/vc_row]</p>
