{"id":1943,"date":"2020-06-30T13:04:03","date_gmt":"2020-06-30T11:04:03","guid":{"rendered":"https:\/\/www.ds-iberien.de\/deutsche-schule-teneriffa\/"},"modified":"2021-05-17T08:37:30","modified_gmt":"2021-05-17T06:37:30","slug":"deutsche-schule-teneriffa","status":"publish","type":"page","link":"https:\/\/www.ds-iberien.de\/es\/deutsche-schule-teneriffa\/","title":{"rendered":"COLEGIO ALEM\u00c1N SANTA CRUZ DE TENERIFE"},"content":{"rendered":"<p>[vc_row full_width=\u00bbstretch_row_content_no_spaces\u00bb css=\u00bb.vc_custom_1593775248101{padding-top: 500px !important;padding-bottom: 500px !important;background-image: url(https:\/\/www.ds-iberien.de\/wp-content\/uploads\/2020\/07\/DSC_0196.jpg?id=1384) !important;background-position: center !important;background-repeat: no-repeat !important;background-size: cover !important;}\u00bb][vc_column][\/vc_column][\/vc_row][vc_row gap=\u00bb15&#8243; css=\u00bb.vc_custom_1591617474487{margin-top: -70px !important;background-color: rgba(221,51,51,0.01) !important;*background-color: rgb(221,51,51) !important;}\u00bb][vc_column width=\u00bb2\/6&#8243; icons_position=\u00bbleft\u00bb css=\u00bb.vc_custom_1591615516296{background-color: #f2f2f2 !important;}\u00bb][vc_empty_space height=\u00bb60px\u00bb alter_height=\u00bbnone\u00bb hide_on_mobile=\u00bb\u00bb][vc_single_image image=\u00bb1338&#8243; img_size=\u00bbfull\u00bb alignment=\u00bbcenter\u00bb][vc_empty_space hide_on_mobile=\u00bb\u00bb][vc_column_text]<\/p>\n<p style=\"text-align: center; font-size: 25px;\"><a style=\"color: #a0002f;\" href=\"http:\/\/www.dstenerife.eu\" target=\"_blank\" rel=\"noopener noreferrer\">www.dstenerife.eu<\/a><\/p>\n<p>[\/vc_column_text][vc_empty_space alter_height=\u00bbnone\u00bb hide_on_mobile=\u00bb\u00bb][\/vc_column][vc_column width=\u00bb1\/6&#8243; css=\u00bb.vc_custom_1591616350551{background-color: #ffffff !important;}\u00bb][vc_empty_space alter_height=\u00bbnone\u00bb hide_on_mobile=\u00bb\u00bb][vc_single_image image=\u00bb949&#8243; img_size=\u00bbfull\u00bb alignment=\u00bbcenter\u00bb][vc_empty_space hide_on_mobile=\u00bb\u00bb][vc_column_text]<\/p>\n<p style=\"text-align: center;\"><strong><span style=\"color: #c10c0c;\">1909<\/span><\/strong><br \/>\n<strong><span style=\"color: #c10c0c;\">FUNDACI\u00d3N<\/span><\/strong><\/p>\n<p>[\/vc_column_text][vc_empty_space hide_on_mobile=\u00bb\u00bb][\/vc_column][vc_column width=\u00bb1\/6&#8243; css=\u00bb.vc_custom_1591616358805{background-color: #ffffff !important;}\u00bb][vc_empty_space alter_height=\u00bbnone\u00bb hide_on_mobile=\u00bb\u00bb][vc_single_image image=\u00bb950&#8243; img_size=\u00bbfull\u00bb alignment=\u00bbcenter\u00bb][vc_empty_space hide_on_mobile=\u00bb\u00bb][vc_column_text]<\/p>\n<p style=\"text-align: center;\"><strong><span style=\"color: #c10c0c;\">717<br \/>\nALUMNOS<\/span><\/strong><\/p>\n<p>[\/vc_column_text][vc_empty_space hide_on_mobile=\u00bb\u00bb][\/vc_column][vc_column width=\u00bb1\/6&#8243; css=\u00bb.vc_custom_1591616367652{background-color: #ffffff !important;}\u00bb][vc_empty_space alter_height=\u00bbnone\u00bb hide_on_mobile=\u00bb\u00bb][vc_single_image image=\u00bb951&#8243; img_size=\u00bbfull\u00bb alignment=\u00bbcenter\u00bb][vc_empty_space hide_on_mobile=\u00bb\u00bb][vc_column_text]<\/p>\n<p style=\"text-align: center;\"><strong><span style=\"color: #c10c0c;\">33<br \/>\nBACHILLERATOS<\/span><\/strong><\/p>\n<p>[\/vc_column_text][vc_empty_space hide_on_mobile=\u00bb\u00bb][\/vc_column][vc_column width=\u00bb1\/6&#8243; css=\u00bb.vc_custom_1591616387443{background-color: #ffffff !important;}\u00bb][vc_empty_space alter_height=\u00bbnone\u00bb hide_on_mobile=\u00bb\u00bb][vc_single_image image=\u00bb952&#8243; img_size=\u00bbfull\u00bb alignment=\u00bbcenter\u00bb][vc_empty_space hide_on_mobile=\u00bb\u00bb][vc_column_text]<\/p>\n<p style=\"text-align: center;\"><strong><span style=\"color: #c10c0c;\">75<br \/>\nEMPLEADOS<\/span><\/strong><\/p>\n<p>[\/vc_column_text][vc_empty_space hide_on_mobile=\u00bb\u00bb][\/vc_column][\/vc_row][vc_row full_width=\u00bbstretch_row\u00bb gap=\u00bb35&#8243;][vc_column][vc_empty_space alter_height=\u00bbmedium\u00bb hide_on_mobile=\u00bb\u00bb][\/vc_column][\/vc_row][vc_row full_width=\u00bbstretch_row_content_no_spaces\u00bb scheme=\u00bbdark\u00bb css=\u00bb.vc_custom_1591616563751{background-color: #f2f3f6 !important;}\u00bb][vc_column width=\u00bb1\/2&#8243; icons_position=\u00bbleft\u00bb css=\u00bb.vc_custom_1593775197424{border-right-width: 15px !important;padding-top: 500px !important;padding-bottom: 500px !important;background-image: url(https:\/\/www.ds-iberien.de\/wp-content\/uploads\/2020\/07\/Kindergarten-1.jpg?id=1385) !important;background-position: center !important;background-repeat: no-repeat !important;background-size: cover !important;border-right-color: #a00007 !important;border-right-style: solid !important;}\u00bb][\/vc_column][vc_column width=\u00bb1\/2&#8243; icons_position=\u00bbleft\u00bb css=\u00bb.vc_custom_1621233447642{padding-top: 40px !important;padding-left: 40px !important;}\u00bb el_class=\u00bboverflow\u00bb][vc_column_text css=\u00bb.vc_custom_1613735015443{padding-top: 40px !important;padding-bottom: 40px !important;padding-left: 40px !important;}\u00bb]En el Colegio Alem\u00e1n Santa Cruz de Tenerife, la atenci\u00f3n se centra en los j\u00f3venes a lo largo de su carrera escolar: siempre nos acercamos a ellos con confianza y aspiramos en nuestra educaci\u00f3n a que aprendan a trabajar en equipo para tratar de forma abierta y tolerante con personas de otros or\u00edgenes culturales u otras formas de pensar.<\/p>\n<p>Animamos a nuestros alumnos a ser altamente motivados e independientes, lo que apoyamos principalmente a trav\u00e9s de nuestra amplia gama de actividades extracurriculares y extraescolares. De esta manera tambi\u00e9n podemos hacer justicia a los diferentes talentos e intereses de cada alumno. Nuestro objetivo no es s\u00f3lo ense\u00f1ar una educaci\u00f3n espec\u00edfica, sino tambi\u00e9n luchar por el conocimiento general y la adquisici\u00f3n de todas las competencias clave. Los frutos de esta larga experiencia escolar son cosechados sobre todo por nuestros graduados de Bachillerato con el <em>Abitur<\/em>, la prueba alemana de acceso a la Universidad. Despu\u00e9s de su carrera escolar, nuestros alumnos suelen iniciar sus estudios universitarios en Alemania, Espa\u00f1a o en otras partes del mundo.<\/p>\n<p>Adem\u00e1s del amplio conocimiento del idioma, de la cultura y otras competencias clave en el \u00e1rea social, el Colegio Alem\u00e1n Santa Cruz de Tenerife ofrece varios viajes en grupo al extranjero e intercambios individuales de estudiantes. Adem\u00e1s, se ofrecen grupos de trabajo dirigidos a concursos como \u00abJugenddebattiert\u00bb (debates juveniles) o los simulacros de diplomacia internacional de \u00abModel UN\u00bb.[\/vc_column_text][\/vc_column][\/vc_row][vc_row full_width=\u00bbstretch_row\u00bb gap=\u00bb35&#8243;][vc_column][vc_empty_space alter_height=\u00bbmedium\u00bb hide_on_mobile=\u00bb\u00bb][\/vc_column][\/vc_row][vc_row equal_height=\u00bbyes\u00bb content_placement=\u00bbmiddle\u00bb][vc_column width=\u00bb1\/4&#8243;][vc_single_image image=\u00bb855&#8243; img_size=\u00bbfull\u00bb][\/vc_column][vc_column width=\u00bb1\/4&#8243;][vc_single_image image=\u00bb856&#8243; img_size=\u00bbfull\u00bb][\/vc_column][vc_column width=\u00bb1\/4&#8243;][vc_single_image image=\u00bb857&#8243; img_size=\u00bbfull\u00bb][\/vc_column][vc_column width=\u00bb1\/4&#8243;][vc_single_image image=\u00bb858&#8243; img_size=\u00bbfull\u00bb][\/vc_column][\/vc_row][vc_row full_width=\u00bbstretch_row\u00bb gap=\u00bb35&#8243;][vc_column][vc_empty_space alter_height=\u00bbmedium\u00bb hide_on_mobile=\u00bb\u00bb][\/vc_column][\/vc_row]<\/p>\n","protected":false},"excerpt":{"rendered":"<p>[vc_row full_width=\u00bbstretch_row_content_no_spaces\u00bb css=\u00bb.vc_custom_1593775248101{padding-top: 500px !important;padding-bottom: 500px !important;background-image: url(https:\/\/www.ds-iberien.de\/wp-content\/uploads\/2020\/07\/DSC_0196.jpg?id=1384) !important;background-position: center !important;background-repeat: no-repeat !important;background-size: cover !important;}\u00bb][vc_column][\/vc_column][\/vc_row][vc_row gap=\u00bb15&#8243; css=\u00bb.vc_custom_1591617474487{margin-top: -70px !important;background-color: rgba(221,51,51,0.01) !important;*background-color: rgb(221,51,51) !important;}\u00bb][vc_column width=\u00bb2\/6&#8243; icons_position=\u00bbleft\u00bb css=\u00bb.vc_custom_1591615516296{background-color: #f2f2f2 !important;}\u00bb][vc_empty_space height=\u00bb60px\u00bb alter_height=\u00bbnone\u00bb hide_on_mobile=\u00bb\u00bb][vc_single_image image=\u00bb1338&#8243; img_size=\u00bbfull\u00bb alignment=\u00bbcenter\u00bb][vc_empty_space hide_on_mobile=\u00bb\u00bb][vc_column_text] www.dstenerife.eu [\/vc_column_text][vc_empty_space alter_height=\u00bbnone\u00bb hide_on_mobile=\u00bb\u00bb][\/vc_column][vc_column width=\u00bb1\/6&#8243;&hellip;<\/p>\n","protected":false},"author":1,"featured_media":0,"parent":0,"menu_order":0,"comment_status":"closed","ping_status":"open","template":"","meta":[],"aioseo_notices":[],"_links":{"self":[{"href":"https:\/\/www.ds-iberien.de\/es\/wp-json\/wp\/v2\/pages\/1943"}],"collection":[{"href":"https:\/\/www.ds-iberien.de\/es\/wp-json\/wp\/v2\/pages"}],"about":[{"href":"https:\/\/www.ds-iberien.de\/es\/wp-json\/wp\/v2\/types\/page"}],"author":[{"embeddable":true,"href":"https:\/\/www.ds-iberien.de\/es\/wp-json\/wp\/v2\/users\/1"}],"replies":[{"embeddable":true,"href":"https:\/\/www.ds-iberien.de\/es\/wp-json\/wp\/v2\/comments?post=1943"}],"version-history":[{"count":3,"href":"https:\/\/www.ds-iberien.de\/es\/wp-json\/wp\/v2\/pages\/1943\/revisions"}],"predecessor-version":[{"id":2488,"href":"https:\/\/www.ds-iberien.de\/es\/wp-json\/wp\/v2\/pages\/1943\/revisions\/2488"}],"wp:attachment":[{"href":"https:\/\/www.ds-iberien.de\/es\/wp-json\/wp\/v2\/media?parent=1943"}],"curies":[{"name":"wp","href":"https:\/\/api.w.org\/{rel}","templated":true}]}}

COLEGIO ALEMÁN SANTA CRUZ DE TENERIFE

<p>[vc_row full_width=»stretch_row_content_no_spaces» css=».vc_custom_1593775248101{padding-top: 500px !important;padding-bottom: 500px !important;background-image: url(https://www.ds-iberien.de/wp-content/uploads/2020/07/DSC_0196.jpg?id=1384) !important;background-position: center !important;background-repeat: no-repeat !important;background-size: cover !important;}»][vc_column][/vc_column][/vc_row][vc_row gap=»15&#8243; css=».vc_custom_1591617474487{margin-top: -70px !important;background-color: rgba(221,51,51,0.01) !important;*background-color: rgb(221,51,51) !important;}»][vc_column width=»2/6&#8243; icons_position=»left» css=».vc_custom_1591615516296{background-color: #f2f2f2 !important;}»][vc_empty_space height=»60px» alter_height=»none» hide_on_mobile=»»][vc_single_image image=»1338&#8243; img_size=»full» alignment=»center»][vc_empty_space hide_on_mobile=»»][vc_column_text]</p>
<p style="text-align: center; font-size: 25px;"><a style="color: #a0002f;" href="http://www.dstenerife.eu" target="_blank" rel="noopener noreferrer">www.dstenerife.eu</a></p>
<p>[/vc_column_text][vc_empty_space alter_height=»none» hide_on_mobile=»»][/vc_column][vc_column width=»1/6&#8243; css=».vc_custom_1591616350551{background-color: #ffffff !important;}»][vc_empty_space alter_height=»none» hide_on_mobile=»»][vc_single_image image=»949&#8243; img_size=»full» alignment=»center»][vc_empty_space hide_on_mobile=»»][vc_column_text]</p>
<p style="text-align: center;"><strong><span style="color: #c10c0c;">1909</span></strong><br />
<strong><span style="color: #c10c0c;">FUNDACIÓN</span></strong></p>
<p>[/vc_column_text][vc_empty_space hide_on_mobile=»»][/vc_column][vc_column width=»1/6&#8243; css=».vc_custom_1591616358805{background-color: #ffffff !important;}»][vc_empty_space alter_height=»none» hide_on_mobile=»»][vc_single_image image=»950&#8243; img_size=»full» alignment=»center»][vc_empty_space hide_on_mobile=»»][vc_column_text]</p>
<p style="text-align: center;"><strong><span style="color: #c10c0c;">717<br />
ALUMNOS</span></strong></p>
<p>[/vc_column_text][vc_empty_space hide_on_mobile=»»][/vc_column][vc_column width=»1/6&#8243; css=».vc_custom_1591616367652{background-color: #ffffff !important;}»][vc_empty_space alter_height=»none» hide_on_mobile=»»][vc_single_image image=»951&#8243; img_size=»full» alignment=»center»][vc_empty_space hide_on_mobile=»»][vc_column_text]</p>
<p style="text-align: center;"><strong><span style="color: #c10c0c;">33<br />
BACHILLERATOS</span></strong></p>
<p>[/vc_column_text][vc_empty_space hide_on_mobile=»»][/vc_column][vc_column width=»1/6&#8243; css=».vc_custom_1591616387443{background-color: #ffffff !important;}»][vc_empty_space alter_height=»none» hide_on_mobile=»»][vc_single_image image=»952&#8243; img_size=»full» alignment=»center»][vc_empty_space hide_on_mobile=»»][vc_column_text]</p>
<p style="text-align: center;"><strong><span style="color: #c10c0c;">75<br />
EMPLEADOS</span></strong></p>
<p>[/vc_column_text][vc_empty_space hide_on_mobile=»»][/vc_column][/vc_row][vc_row full_width=»stretch_row» gap=»35&#8243;][vc_column][vc_empty_space alter_height=»medium» hide_on_mobile=»»][/vc_column][/vc_row][vc_row full_width=»stretch_row_content_no_spaces» scheme=»dark» css=».vc_custom_1591616563751{background-color: #f2f3f6 !important;}»][vc_column width=»1/2&#8243; icons_position=»left» css=».vc_custom_1593775197424{border-right-width: 15px !important;padding-top: 500px !important;padding-bottom: 500px !important;background-image: url(https://www.ds-iberien.de/wp-content/uploads/2020/07/Kindergarten-1.jpg?id=1385) !important;background-position: center !important;background-repeat: no-repeat !important;background-size: cover !important;border-right-color: #a00007 !important;border-right-style: solid !important;}»][/vc_column][vc_column width=»1/2&#8243; icons_position=»left» css=».vc_custom_1621233447642{padding-top: 40px !important;padding-left: 40px !important;}» el_class=»overflow»][vc_column_text css=».vc_custom_1613735015443{padding-top: 40px !important;padding-bottom: 40px !important;padding-left: 40px !important;}»]En el Colegio Alemán Santa Cruz de Tenerife, la atención se centra en los jóvenes a lo largo de su carrera escolar: siempre nos acercamos a ellos con confianza y aspiramos en nuestra educación a que aprendan a trabajar en equipo para tratar de forma abierta y tolerante con personas de otros orígenes culturales u otras formas de pensar.</p>
<p>Animamos a nuestros alumnos a ser altamente motivados e independientes, lo que apoyamos principalmente a través de nuestra amplia gama de actividades extracurriculares y extraescolares. De esta manera también podemos hacer justicia a los diferentes talentos e intereses de cada alumno. Nuestro objetivo no es sólo enseñar una educación específica, sino también luchar por el conocimiento general y la adquisición de todas las competencias clave. Los frutos de esta larga experiencia escolar son cosechados sobre todo por nuestros graduados de Bachillerato con el <em>Abitur</em>, la prueba alemana de acceso a la Universidad. Después de su carrera escolar, nuestros alumnos suelen iniciar sus estudios universitarios en Alemania, España o en otras partes del mundo.</p>
<p>Además del amplio conocimiento del idioma, de la cultura y otras competencias clave en el área social, el Colegio Alemán Santa Cruz de Tenerife ofrece varios viajes en grupo al extranjero e intercambios individuales de estudiantes. Además, se ofrecen grupos de trabajo dirigidos a concursos como «Jugenddebattiert» (debates juveniles) o los simulacros de diplomacia internacional de «Model UN».[/vc_column_text][/vc_column][/vc_row][vc_row full_width=»stretch_row» gap=»35&#8243;][vc_column][vc_empty_space alter_height=»medium» hide_on_mobile=»»][/vc_column][/vc_row][vc_row equal_height=»yes» content_placement=»middle»][vc_column width=»1/4&#8243;][vc_single_image image=»855&#8243; img_size=»full»][/vc_column][vc_column width=»1/4&#8243;][vc_single_image image=»856&#8243; img_size=»full»][/vc_column][vc_column width=»1/4&#8243;][vc_single_image image=»857&#8243; img_size=»full»][/vc_column][vc_column width=»1/4&#8243;][vc_single_image image=»858&#8243; img_size=»full»][/vc_column][/vc_row][vc_row full_width=»stretch_row» gap=»35&#8243;][vc_column][vc_empty_space alter_height=»medium» hide_on_mobile=»»][/vc_column][/vc_row]</p>
