{"id":1925,"date":"2020-06-30T12:57:06","date_gmt":"2020-06-30T10:57:06","guid":{"rendered":"https:\/\/www.ds-iberien.de\/deutsche-schule-madrid\/"},"modified":"2021-05-17T08:42:53","modified_gmt":"2021-05-17T06:42:53","slug":"deutsche-schule-madrid","status":"publish","type":"page","link":"https:\/\/www.ds-iberien.de\/es\/deutsche-schule-madrid\/","title":{"rendered":"COLEGIO ALEMAN DE MADRID"},"content":{"rendered":"<p>[vc_row full_width=\u00bbstretch_row_content_no_spaces\u00bb css=\u00bb.vc_custom_1593771927529{padding-top: 500px !important;padding-bottom: 500px !important;background-image: url(https:\/\/www.ds-iberien.de\/wp-content\/uploads\/2020\/07\/gebaudeWEICH.jpg?id=1365) !important;background-position: center !important;background-repeat: no-repeat !important;background-size: cover !important;}\u00bb][vc_column][\/vc_column][\/vc_row][vc_row gap=\u00bb15&#8243; css=\u00bb.vc_custom_1591617474487{margin-top: -70px !important;background-color: rgba(221,51,51,0.01) !important;*background-color: rgb(221,51,51) !important;}\u00bb][vc_column width=\u00bb2\/6&#8243; icons_position=\u00bbleft\u00bb css=\u00bb.vc_custom_1591615516296{background-color: #f2f2f2 !important;}\u00bb][vc_empty_space height=\u00bb60px\u00bb alter_height=\u00bbnone\u00bb hide_on_mobile=\u00bb\u00bb][vc_single_image image=\u00bb1325&#8243; img_size=\u00bbfull\u00bb alignment=\u00bbcenter\u00bb][vc_empty_space hide_on_mobile=\u00bb\u00bb][vc_column_text]<\/p>\n<p style=\"text-align: center; font-size: 25px;\"><a style=\"color: #a0002f;\" href=\"https:\/\/www.dsmadrid.org\/es\/\" target=\"_blank\" rel=\"noopener noreferrer\">www.dsmadrid.org<\/a><\/p>\n<p>[\/vc_column_text][vc_empty_space alter_height=\u00bbnone\u00bb hide_on_mobile=\u00bb\u00bb][\/vc_column][vc_column width=\u00bb1\/6&#8243; css=\u00bb.vc_custom_1591616350551{background-color: #ffffff !important;}\u00bb][vc_empty_space alter_height=\u00bbnone\u00bb hide_on_mobile=\u00bb\u00bb][vc_single_image image=\u00bb949&#8243; img_size=\u00bbfull\u00bb alignment=\u00bbcenter\u00bb][vc_empty_space hide_on_mobile=\u00bb\u00bb][vc_column_text]<\/p>\n<p style=\"text-align: center;\"><strong><span style=\"color: #c10c0c;\">1896<\/span><\/strong><br \/>\n<strong><span style=\"color: #c10c0c;\">FUNDACI\u00d3N<\/span><\/strong><\/p>\n<p>[\/vc_column_text][vc_empty_space hide_on_mobile=\u00bb\u00bb][\/vc_column][vc_column width=\u00bb1\/6&#8243; css=\u00bb.vc_custom_1591616358805{background-color: #ffffff !important;}\u00bb][vc_empty_space alter_height=\u00bbnone\u00bb hide_on_mobile=\u00bb\u00bb][vc_single_image image=\u00bb950&#8243; img_size=\u00bbfull\u00bb alignment=\u00bbcenter\u00bb][vc_empty_space hide_on_mobile=\u00bb\u00bb][vc_column_text]<\/p>\n<p style=\"text-align: center;\"><strong><span style=\"color: #c10c0c;\">1696<br \/>\nALUMNOS<\/span><\/strong><\/p>\n<p>[\/vc_column_text][vc_empty_space hide_on_mobile=\u00bb\u00bb][\/vc_column][vc_column width=\u00bb1\/6&#8243; css=\u00bb.vc_custom_1591616367652{background-color: #ffffff !important;}\u00bb][vc_empty_space alter_height=\u00bbnone\u00bb hide_on_mobile=\u00bb\u00bb][vc_single_image image=\u00bb951&#8243; img_size=\u00bbfull\u00bb alignment=\u00bbcenter\u00bb][vc_empty_space hide_on_mobile=\u00bb\u00bb][vc_column_text]<\/p>\n<p style=\"text-align: center;\"><strong><span style=\"color: #c10c0c;\">111<br \/>\nBACHILLERATOS<\/span><\/strong><\/p>\n<p>[\/vc_column_text][vc_empty_space hide_on_mobile=\u00bb\u00bb][\/vc_column][vc_column width=\u00bb1\/6&#8243; css=\u00bb.vc_custom_1591616387443{background-color: #ffffff !important;}\u00bb][vc_empty_space alter_height=\u00bbnone\u00bb hide_on_mobile=\u00bb\u00bb][vc_single_image image=\u00bb952&#8243; img_size=\u00bbfull\u00bb alignment=\u00bbcenter\u00bb][vc_empty_space hide_on_mobile=\u00bb\u00bb][vc_column_text]<\/p>\n<p style=\"text-align: center;\"><strong><span style=\"color: #c10c0c;\">186<br \/>\nEMPLEADOS<\/span><\/strong><\/p>\n<p>[\/vc_column_text][vc_empty_space hide_on_mobile=\u00bb\u00bb][\/vc_column][\/vc_row][vc_row full_width=\u00bbstretch_row\u00bb gap=\u00bb35&#8243;][vc_column][vc_empty_space alter_height=\u00bbmedium\u00bb hide_on_mobile=\u00bb\u00bb][\/vc_column][\/vc_row][vc_row full_width=\u00bbstretch_row_content_no_spaces\u00bb scheme=\u00bbdark\u00bb css=\u00bb.vc_custom_1591616563751{background-color: #f2f3f6 !important;}\u00bb][vc_column width=\u00bb1\/2&#8243; icons_position=\u00bbleft\u00bb css=\u00bb.vc_custom_1598615689712{border-right-width: 15px !important;padding-top: 500px !important;padding-bottom: 500px !important;background-image: url(https:\/\/www.ds-iberien.de\/wp-content\/uploads\/2020\/08\/Sportplatzlauffen.jpg?id=1507) !important;border-right-color: #a00007 !important;border-right-style: solid !important;}\u00bb][\/vc_column][vc_column width=\u00bb1\/2&#8243; icons_position=\u00bbleft\u00bb css=\u00bb.vc_custom_1621233770542{padding-top: 40px !important;padding-left: 40px !important;}\u00bb el_class=\u00bboverflow\u00bb][vc_column_text css=\u00bb.vc_custom_1613732833737{padding-top: 40px !important;padding-bottom: 40px !important;padding-left: 40px !important;}\u00bb]El DS Madrid es un colegio de encuentro biling\u00fce y como tal est\u00e1 comprometido con la idea del encuentro intercultural. Las clases se imparten seg\u00fan los planes de estudio alemanes. Una parte integral del plan de estudios es tambi\u00e9n la ense\u00f1anza de la lengua y la cultura espa\u00f1olas. El objetivo de la escuela es el Abitur Internacional Alem\u00e1n. La condici\u00f3n de escuela de encuentro reconocida por las administracion es espa\u00f1olas permite con validar el t\u00edtulo alem\u00e1n con el Bachillerato espa\u00f1ol.<\/p>\n<p>Desde el principio, casi todas las asignaturas del Colegio Alem\u00e1n Madrid se imparten en alem\u00e1n. Al final de su trayectoria escolar, los alumnos aprenden dos lenguas extranjeras (ingl\u00e9s y franc\u00e9s) adem\u00e1s de las dos lenguas de ense\u00f1anza, el alem\u00e1n y el espa\u00f1ol. Adem\u00e1s, reciben una s\u00f3lida formaci\u00f3n en las materias STEM, en las ciencias sociales y en las humanidades, en el \u00e1mbito art\u00edstico-est\u00e9tico, moral-\u00e9tico. Una oferta educativa completa y flexible durante la jornada de tarde apoya y complementa la oferta b\u00e1sica curricular.[\/vc_column_text][\/vc_column][\/vc_row][vc_row full_width=\u00bbstretch_row\u00bb gap=\u00bb35&#8243;][vc_column][vc_empty_space alter_height=\u00bbmedium\u00bb hide_on_mobile=\u00bb\u00bb][\/vc_column][\/vc_row][vc_row equal_height=\u00bbyes\u00bb content_placement=\u00bbmiddle\u00bb][vc_column width=\u00bb1\/4&#8243;][vc_single_image image=\u00bb855&#8243; img_size=\u00bbfull\u00bb][\/vc_column][vc_column width=\u00bb1\/4&#8243;][vc_single_image image=\u00bb856&#8243; img_size=\u00bbfull\u00bb][\/vc_column][vc_column width=\u00bb1\/4&#8243;][vc_single_image image=\u00bb857&#8243; img_size=\u00bbfull\u00bb][\/vc_column][vc_column width=\u00bb1\/4&#8243;][vc_single_image image=\u00bb858&#8243; img_size=\u00bbfull\u00bb][\/vc_column][\/vc_row][vc_row full_width=\u00bbstretch_row\u00bb gap=\u00bb35&#8243;][vc_column][vc_empty_space alter_height=\u00bbmedium\u00bb hide_on_mobile=\u00bb\u00bb][\/vc_column][\/vc_row]<\/p>\n","protected":false},"excerpt":{"rendered":"<p>[vc_row full_width=\u00bbstretch_row_content_no_spaces\u00bb css=\u00bb.vc_custom_1593771927529{padding-top: 500px !important;padding-bottom: 500px !important;background-image: url(https:\/\/www.ds-iberien.de\/wp-content\/uploads\/2020\/07\/gebaudeWEICH.jpg?id=1365) !important;background-position: center !important;background-repeat: no-repeat !important;background-size: cover !important;}\u00bb][vc_column][\/vc_column][\/vc_row][vc_row gap=\u00bb15&#8243; css=\u00bb.vc_custom_1591617474487{margin-top: -70px !important;background-color: rgba(221,51,51,0.01) !important;*background-color: rgb(221,51,51) !important;}\u00bb][vc_column width=\u00bb2\/6&#8243; icons_position=\u00bbleft\u00bb css=\u00bb.vc_custom_1591615516296{background-color: #f2f2f2 !important;}\u00bb][vc_empty_space height=\u00bb60px\u00bb alter_height=\u00bbnone\u00bb hide_on_mobile=\u00bb\u00bb][vc_single_image image=\u00bb1325&#8243; img_size=\u00bbfull\u00bb alignment=\u00bbcenter\u00bb][vc_empty_space hide_on_mobile=\u00bb\u00bb][vc_column_text] www.dsmadrid.org [\/vc_column_text][vc_empty_space alter_height=\u00bbnone\u00bb hide_on_mobile=\u00bb\u00bb][\/vc_column][vc_column width=\u00bb1\/6&#8243;&hellip;<\/p>\n","protected":false},"author":1,"featured_media":0,"parent":0,"menu_order":0,"comment_status":"closed","ping_status":"open","template":"","meta":[],"aioseo_notices":[],"_links":{"self":[{"href":"https:\/\/www.ds-iberien.de\/es\/wp-json\/wp\/v2\/pages\/1925"}],"collection":[{"href":"https:\/\/www.ds-iberien.de\/es\/wp-json\/wp\/v2\/pages"}],"about":[{"href":"https:\/\/www.ds-iberien.de\/es\/wp-json\/wp\/v2\/types\/page"}],"author":[{"embeddable":true,"href":"https:\/\/www.ds-iberien.de\/es\/wp-json\/wp\/v2\/users\/1"}],"replies":[{"embeddable":true,"href":"https:\/\/www.ds-iberien.de\/es\/wp-json\/wp\/v2\/comments?post=1925"}],"version-history":[{"count":3,"href":"https:\/\/www.ds-iberien.de\/es\/wp-json\/wp\/v2\/pages\/1925\/revisions"}],"predecessor-version":[{"id":2491,"href":"https:\/\/www.ds-iberien.de\/es\/wp-json\/wp\/v2\/pages\/1925\/revisions\/2491"}],"wp:attachment":[{"href":"https:\/\/www.ds-iberien.de\/es\/wp-json\/wp\/v2\/media?parent=1925"}],"curies":[{"name":"wp","href":"https:\/\/api.w.org\/{rel}","templated":true}]}}

<p>[vc_row full_width=»stretch_row_content_no_spaces» css=».vc_custom_1593771927529{padding-top: 500px !important;padding-bottom: 500px !important;background-image: url(https://www.ds-iberien.de/wp-content/uploads/2020/07/gebaudeWEICH.jpg?id=1365) !important;background-position: center !important;background-repeat: no-repeat !important;background-size: cover !important;}»][vc_column][/vc_column][/vc_row][vc_row gap=»15&#8243; css=».vc_custom_1591617474487{margin-top: -70px !important;background-color: rgba(221,51,51,0.01) !important;*background-color: rgb(221,51,51) !important;}»][vc_column width=»2/6&#8243; icons_position=»left» css=».vc_custom_1591615516296{background-color: #f2f2f2 !important;}»][vc_empty_space height=»60px» alter_height=»none» hide_on_mobile=»»][vc_single_image image=»1325&#8243; img_size=»full» alignment=»center»][vc_empty_space hide_on_mobile=»»][vc_column_text]</p>
<p style="text-align: center; font-size: 25px;"><a style="color: #a0002f;" href="https://www.dsmadrid.org/es/" target="_blank" rel="noopener noreferrer">www.dsmadrid.org</a></p>
<p>[/vc_column_text][vc_empty_space alter_height=»none» hide_on_mobile=»»][/vc_column][vc_column width=»1/6&#8243; css=».vc_custom_1591616350551{background-color: #ffffff !important;}»][vc_empty_space alter_height=»none» hide_on_mobile=»»][vc_single_image image=»949&#8243; img_size=»full» alignment=»center»][vc_empty_space hide_on_mobile=»»][vc_column_text]</p>
<p style="text-align: center;"><strong><span style="color: #c10c0c;">1896</span></strong><br />
<strong><span style="color: #c10c0c;">FUNDACIÓN</span></strong></p>
<p>[/vc_column_text][vc_empty_space hide_on_mobile=»»][/vc_column][vc_column width=»1/6&#8243; css=».vc_custom_1591616358805{background-color: #ffffff !important;}»][vc_empty_space alter_height=»none» hide_on_mobile=»»][vc_single_image image=»950&#8243; img_size=»full» alignment=»center»][vc_empty_space hide_on_mobile=»»][vc_column_text]</p>
<p style="text-align: center;"><strong><span style="color: #c10c0c;">1696<br />
ALUMNOS</span></strong></p>
<p>[/vc_column_text][vc_empty_space hide_on_mobile=»»][/vc_column][vc_column width=»1/6&#8243; css=».vc_custom_1591616367652{background-color: #ffffff !important;}»][vc_empty_space alter_height=»none» hide_on_mobile=»»][vc_single_image image=»951&#8243; img_size=»full» alignment=»center»][vc_empty_space hide_on_mobile=»»][vc_column_text]</p>
<p style="text-align: center;"><strong><span style="color: #c10c0c;">111<br />
BACHILLERATOS</span></strong></p>
<p>[/vc_column_text][vc_empty_space hide_on_mobile=»»][/vc_column][vc_column width=»1/6&#8243; css=».vc_custom_1591616387443{background-color: #ffffff !important;}»][vc_empty_space alter_height=»none» hide_on_mobile=»»][vc_single_image image=»952&#8243; img_size=»full» alignment=»center»][vc_empty_space hide_on_mobile=»»][vc_column_text]</p>
<p style="text-align: center;"><strong><span style="color: #c10c0c;">186<br />
EMPLEADOS</span></strong></p>
<p>[/vc_column_text][vc_empty_space hide_on_mobile=»»][/vc_column][/vc_row][vc_row full_width=»stretch_row» gap=»35&#8243;][vc_column][vc_empty_space alter_height=»medium» hide_on_mobile=»»][/vc_column][/vc_row][vc_row full_width=»stretch_row_content_no_spaces» scheme=»dark» css=».vc_custom_1591616563751{background-color: #f2f3f6 !important;}»][vc_column width=»1/2&#8243; icons_position=»left» css=».vc_custom_1598615689712{border-right-width: 15px !important;padding-top: 500px !important;padding-bottom: 500px !important;background-image: url(https://www.ds-iberien.de/wp-content/uploads/2020/08/Sportplatzlauffen.jpg?id=1507) !important;border-right-color: #a00007 !important;border-right-style: solid !important;}»][/vc_column][vc_column width=»1/2&#8243; icons_position=»left» css=».vc_custom_1621233770542{padding-top: 40px !important;padding-left: 40px !important;}» el_class=»overflow»][vc_column_text css=».vc_custom_1613732833737{padding-top: 40px !important;padding-bottom: 40px !important;padding-left: 40px !important;}»]El DS Madrid es un colegio de encuentro bilingüe y como tal está comprometido con la idea del encuentro intercultural. Las clases se imparten según los planes de estudio alemanes. Una parte integral del plan de estudios es también la enseñanza de la lengua y la cultura españolas. El objetivo de la escuela es el Abitur Internacional Alemán. La condición de escuela de encuentro reconocida por las administracion es españolas permite con validar el título alemán con el Bachillerato español.</p>
<p>Desde el principio, casi todas las asignaturas del Colegio Alemán Madrid se imparten en alemán. Al final de su trayectoria escolar, los alumnos aprenden dos lenguas extranjeras (inglés y francés) además de las dos lenguas de enseñanza, el alemán y el español. Además, reciben una sólida formación en las materias STEM, en las ciencias sociales y en las humanidades, en el ámbito artístico-estético, moral-ético. Una oferta educativa completa y flexible durante la jornada de tarde apoya y complementa la oferta básica curricular.[/vc_column_text][/vc_column][/vc_row][vc_row full_width=»stretch_row» gap=»35&#8243;][vc_column][vc_empty_space alter_height=»medium» hide_on_mobile=»»][/vc_column][/vc_row][vc_row equal_height=»yes» content_placement=»middle»][vc_column width=»1/4&#8243;][vc_single_image image=»855&#8243; img_size=»full»][/vc_column][vc_column width=»1/4&#8243;][vc_single_image image=»856&#8243; img_size=»full»][/vc_column][vc_column width=»1/4&#8243;][vc_single_image image=»857&#8243; img_size=»full»][/vc_column][vc_column width=»1/4&#8243;][vc_single_image image=»858&#8243; img_size=»full»][/vc_column][/vc_row][vc_row full_width=»stretch_row» gap=»35&#8243;][vc_column][vc_empty_space alter_height=»medium» hide_on_mobile=»»][/vc_column][/vc_row]</p>
