{"id":1919,"date":"2020-06-30T12:56:15","date_gmt":"2020-06-30T10:56:15","guid":{"rendered":"https:\/\/www.ds-iberien.de\/deutsche-schule-las-palmas\/"},"modified":"2021-05-17T08:25:14","modified_gmt":"2021-05-17T06:25:14","slug":"deutsche-schule-las-palmas","status":"publish","type":"page","link":"https:\/\/www.ds-iberien.de\/es\/deutsche-schule-las-palmas\/","title":{"rendered":"COLEGIO ALEM\u00c1N LAS PALMAS"},"content":{"rendered":"<p>[vc_row full_width=\u00bbstretch_row_content_no_spaces\u00bb css=\u00bb.vc_custom_1593525980319{padding-top: 500px !important;padding-bottom: 500px !important;background-image: url(https:\/\/www.ds-iberien.de\/wp-content\/uploads\/2020\/06\/laspalmas-scaled.jpeg?id=1358) !important;background-position: center !important;background-repeat: no-repeat !important;background-size: cover !important;}\u00bb][vc_column][\/vc_column][\/vc_row][vc_row gap=\u00bb15&#8243; css=\u00bb.vc_custom_1591617474487{margin-top: -70px !important;background-color: rgba(221,51,51,0.01) !important;*background-color: rgb(221,51,51) !important;}\u00bb][vc_column width=\u00bb2\/6&#8243; icons_position=\u00bbleft\u00bb css=\u00bb.vc_custom_1591615516296{background-color: #f2f2f2 !important;}\u00bb][vc_empty_space height=\u00bb60px\u00bb alter_height=\u00bbnone\u00bb hide_on_mobile=\u00bb\u00bb][vc_single_image image=\u00bb1836&#8243; img_size=\u00bbfull\u00bb alignment=\u00bbcenter\u00bb][vc_empty_space hide_on_mobile=\u00bb\u00bb][vc_column_text]<\/p>\n<p style=\"text-align: center; font-size: 25px;\"><a style=\"color: #a0002f;\" href=\"https:\/\/www.dslpa.org\/\" target=\"_blank\" rel=\"noopener noreferrer\">www.dslpa.org<\/a><\/p>\n<p>[\/vc_column_text][vc_empty_space alter_height=\u00bbnone\u00bb hide_on_mobile=\u00bb\u00bb][\/vc_column][vc_column width=\u00bb1\/6&#8243; css=\u00bb.vc_custom_1591616350551{background-color: #ffffff !important;}\u00bb][vc_empty_space alter_height=\u00bbnone\u00bb hide_on_mobile=\u00bb\u00bb][vc_single_image image=\u00bb949&#8243; img_size=\u00bbfull\u00bb alignment=\u00bbcenter\u00bb][vc_empty_space hide_on_mobile=\u00bb\u00bb][vc_column_text]<\/p>\n<p style=\"text-align: center;\"><strong><span style=\"color: #c10c0c;\">1920<\/span><\/strong><br \/>\n<strong><span style=\"color: #c10c0c;\">FUNDACI\u00d3N<\/span><\/strong><\/p>\n<p>[\/vc_column_text][vc_empty_space hide_on_mobile=\u00bb\u00bb][\/vc_column][vc_column width=\u00bb1\/6&#8243; css=\u00bb.vc_custom_1591616358805{background-color: #ffffff !important;}\u00bb][vc_empty_space alter_height=\u00bbnone\u00bb hide_on_mobile=\u00bb\u00bb][vc_single_image image=\u00bb950&#8243; img_size=\u00bbfull\u00bb alignment=\u00bbcenter\u00bb][vc_empty_space hide_on_mobile=\u00bb\u00bb][vc_column_text]<\/p>\n<p style=\"text-align: center;\"><strong><span style=\"color: #c10c0c;\">818<br \/>\nALUMNOS<\/span><\/strong><\/p>\n<p>[\/vc_column_text][vc_empty_space hide_on_mobile=\u00bb\u00bb][\/vc_column][vc_column width=\u00bb1\/6&#8243; css=\u00bb.vc_custom_1591616367652{background-color: #ffffff !important;}\u00bb][vc_empty_space alter_height=\u00bbnone\u00bb hide_on_mobile=\u00bb\u00bb][vc_single_image image=\u00bb951&#8243; img_size=\u00bbfull\u00bb alignment=\u00bbcenter\u00bb][vc_empty_space hide_on_mobile=\u00bb\u00bb][vc_column_text]<\/p>\n<p style=\"text-align: center;\"><strong><span style=\"color: #c10c0c;\">43<br \/>\nBACHILLERATOS<\/span><\/strong><\/p>\n<p>[\/vc_column_text][vc_empty_space hide_on_mobile=\u00bb\u00bb][\/vc_column][vc_column width=\u00bb1\/6&#8243; css=\u00bb.vc_custom_1591616387443{background-color: #ffffff !important;}\u00bb][vc_empty_space alter_height=\u00bbnone\u00bb hide_on_mobile=\u00bb\u00bb][vc_single_image image=\u00bb952&#8243; img_size=\u00bbfull\u00bb alignment=\u00bbcenter\u00bb][vc_empty_space hide_on_mobile=\u00bb\u00bb][vc_column_text]<\/p>\n<p style=\"text-align: center;\"><strong><span style=\"color: #c10c0c;\">69<br \/>\nEMPLEADOS<\/span><\/strong><\/p>\n<p>[\/vc_column_text][vc_empty_space hide_on_mobile=\u00bb\u00bb][\/vc_column][\/vc_row][vc_row full_width=\u00bbstretch_row\u00bb gap=\u00bb35&#8243;][vc_column][vc_empty_space alter_height=\u00bbmedium\u00bb hide_on_mobile=\u00bb\u00bb][\/vc_column][\/vc_row][vc_row full_width=\u00bbstretch_row_content_no_spaces\u00bb scheme=\u00bbdark\u00bb css=\u00bb.vc_custom_1591616563751{background-color: #f2f3f6 !important;}\u00bb][vc_column width=\u00bb1\/2&#8243; icons_position=\u00bbleft\u00bb css=\u00bb.vc_custom_1593526032923{border-right-width: 15px !important;padding-top: 500px !important;padding-bottom: 500px !important;background-image: url(https:\/\/www.ds-iberien.de\/wp-content\/uploads\/2020\/06\/73IBSXlQui17S8lPTNARw-scaled.jpg?id=1359) !important;background-position: center !important;background-repeat: no-repeat !important;background-size: cover !important;border-right-color: #a00007 !important;border-right-style: solid !important;}\u00bb][\/vc_column][vc_column width=\u00bb1\/2&#8243; icons_position=\u00bbleft\u00bb css=\u00bb.vc_custom_1621232711507{padding-top: 40px !important;padding-left: 40px !important;}\u00bb el_class=\u00bboverflow\u00bb][vc_column_text css=\u00bb.vc_custom_1613731826158{padding-top: 40px !important;padding-bottom: 40px !important;padding-left: 40px !important;}\u00bb]El Colegio Alem\u00e1n Las Palmas comolugar de encuentro intercultural ofrece a sus alumnos alemanes y espa\u00f1ol es un espacio de convivencia y experiencia biling\u00fce. Entendemos el encuentro como la capacidad de moverse en diferentes culturas y lenguas, de ser abierto y tolerante hacia lo nuevo y de utilizar los conocimientos y comportamientos adquiridos en beneficio de la comunidad.[\/vc_column_text][\/vc_column][\/vc_row][vc_row full_width=\u00bbstretch_row\u00bb gap=\u00bb35&#8243;][vc_column][vc_empty_space alter_height=\u00bbmedium\u00bb hide_on_mobile=\u00bb\u00bb][\/vc_column][\/vc_row][vc_row equal_height=\u00bbyes\u00bb content_placement=\u00bbmiddle\u00bb][vc_column width=\u00bb1\/4&#8243;][vc_single_image image=\u00bb855&#8243; img_size=\u00bbfull\u00bb][\/vc_column][vc_column width=\u00bb1\/4&#8243;][vc_single_image image=\u00bb856&#8243; img_size=\u00bbfull\u00bb][\/vc_column][vc_column width=\u00bb1\/4&#8243;][vc_single_image image=\u00bb857&#8243; img_size=\u00bbfull\u00bb][\/vc_column][vc_column width=\u00bb1\/4&#8243;][vc_single_image image=\u00bb858&#8243; img_size=\u00bbfull\u00bb][\/vc_column][\/vc_row][vc_row full_width=\u00bbstretch_row\u00bb gap=\u00bb35&#8243;][vc_column][vc_empty_space alter_height=\u00bbmedium\u00bb hide_on_mobile=\u00bb\u00bb][\/vc_column][\/vc_row]<\/p>\n","protected":false},"excerpt":{"rendered":"<p>[vc_row full_width=\u00bbstretch_row_content_no_spaces\u00bb css=\u00bb.vc_custom_1593525980319{padding-top: 500px !important;padding-bottom: 500px !important;background-image: url(https:\/\/www.ds-iberien.de\/wp-content\/uploads\/2020\/06\/laspalmas-scaled.jpeg?id=1358) !important;background-position: center !important;background-repeat: no-repeat !important;background-size: cover !important;}\u00bb][vc_column][\/vc_column][\/vc_row][vc_row gap=\u00bb15&#8243; css=\u00bb.vc_custom_1591617474487{margin-top: -70px !important;background-color: rgba(221,51,51,0.01) !important;*background-color: rgb(221,51,51) !important;}\u00bb][vc_column width=\u00bb2\/6&#8243; icons_position=\u00bbleft\u00bb css=\u00bb.vc_custom_1591615516296{background-color: #f2f2f2 !important;}\u00bb][vc_empty_space height=\u00bb60px\u00bb alter_height=\u00bbnone\u00bb hide_on_mobile=\u00bb\u00bb][vc_single_image image=\u00bb1836&#8243; img_size=\u00bbfull\u00bb alignment=\u00bbcenter\u00bb][vc_empty_space hide_on_mobile=\u00bb\u00bb][vc_column_text] www.dslpa.org [\/vc_column_text][vc_empty_space alter_height=\u00bbnone\u00bb hide_on_mobile=\u00bb\u00bb][\/vc_column][vc_column width=\u00bb1\/6&#8243;&hellip;<\/p>\n","protected":false},"author":1,"featured_media":0,"parent":0,"menu_order":0,"comment_status":"closed","ping_status":"open","template":"","meta":[],"aioseo_notices":[],"_links":{"self":[{"href":"https:\/\/www.ds-iberien.de\/es\/wp-json\/wp\/v2\/pages\/1919"}],"collection":[{"href":"https:\/\/www.ds-iberien.de\/es\/wp-json\/wp\/v2\/pages"}],"about":[{"href":"https:\/\/www.ds-iberien.de\/es\/wp-json\/wp\/v2\/types\/page"}],"author":[{"embeddable":true,"href":"https:\/\/www.ds-iberien.de\/es\/wp-json\/wp\/v2\/users\/1"}],"replies":[{"embeddable":true,"href":"https:\/\/www.ds-iberien.de\/es\/wp-json\/wp\/v2\/comments?post=1919"}],"version-history":[{"count":3,"href":"https:\/\/www.ds-iberien.de\/es\/wp-json\/wp\/v2\/pages\/1919\/revisions"}],"predecessor-version":[{"id":2483,"href":"https:\/\/www.ds-iberien.de\/es\/wp-json\/wp\/v2\/pages\/1919\/revisions\/2483"}],"wp:attachment":[{"href":"https:\/\/www.ds-iberien.de\/es\/wp-json\/wp\/v2\/media?parent=1919"}],"curies":[{"name":"wp","href":"https:\/\/api.w.org\/{rel}","templated":true}]}}

COLEGIO ALEMÁN LAS PALMAS

<p>[vc_row full_width=»stretch_row_content_no_spaces» css=».vc_custom_1593525980319{padding-top: 500px !important;padding-bottom: 500px !important;background-image: url(https://www.ds-iberien.de/wp-content/uploads/2020/06/laspalmas-scaled.jpeg?id=1358) !important;background-position: center !important;background-repeat: no-repeat !important;background-size: cover !important;}»][vc_column][/vc_column][/vc_row][vc_row gap=»15&#8243; css=».vc_custom_1591617474487{margin-top: -70px !important;background-color: rgba(221,51,51,0.01) !important;*background-color: rgb(221,51,51) !important;}»][vc_column width=»2/6&#8243; icons_position=»left» css=».vc_custom_1591615516296{background-color: #f2f2f2 !important;}»][vc_empty_space height=»60px» alter_height=»none» hide_on_mobile=»»][vc_single_image image=»1836&#8243; img_size=»full» alignment=»center»][vc_empty_space hide_on_mobile=»»][vc_column_text]</p>
<p style="text-align: center; font-size: 25px;"><a style="color: #a0002f;" href="https://www.dslpa.org/" target="_blank" rel="noopener noreferrer">www.dslpa.org</a></p>
<p>[/vc_column_text][vc_empty_space alter_height=»none» hide_on_mobile=»»][/vc_column][vc_column width=»1/6&#8243; css=».vc_custom_1591616350551{background-color: #ffffff !important;}»][vc_empty_space alter_height=»none» hide_on_mobile=»»][vc_single_image image=»949&#8243; img_size=»full» alignment=»center»][vc_empty_space hide_on_mobile=»»][vc_column_text]</p>
<p style="text-align: center;"><strong><span style="color: #c10c0c;">1920</span></strong><br />
<strong><span style="color: #c10c0c;">FUNDACIÓN</span></strong></p>
<p>[/vc_column_text][vc_empty_space hide_on_mobile=»»][/vc_column][vc_column width=»1/6&#8243; css=».vc_custom_1591616358805{background-color: #ffffff !important;}»][vc_empty_space alter_height=»none» hide_on_mobile=»»][vc_single_image image=»950&#8243; img_size=»full» alignment=»center»][vc_empty_space hide_on_mobile=»»][vc_column_text]</p>
<p style="text-align: center;"><strong><span style="color: #c10c0c;">818<br />
ALUMNOS</span></strong></p>
<p>[/vc_column_text][vc_empty_space hide_on_mobile=»»][/vc_column][vc_column width=»1/6&#8243; css=».vc_custom_1591616367652{background-color: #ffffff !important;}»][vc_empty_space alter_height=»none» hide_on_mobile=»»][vc_single_image image=»951&#8243; img_size=»full» alignment=»center»][vc_empty_space hide_on_mobile=»»][vc_column_text]</p>
<p style="text-align: center;"><strong><span style="color: #c10c0c;">43<br />
BACHILLERATOS</span></strong></p>
<p>[/vc_column_text][vc_empty_space hide_on_mobile=»»][/vc_column][vc_column width=»1/6&#8243; css=».vc_custom_1591616387443{background-color: #ffffff !important;}»][vc_empty_space alter_height=»none» hide_on_mobile=»»][vc_single_image image=»952&#8243; img_size=»full» alignment=»center»][vc_empty_space hide_on_mobile=»»][vc_column_text]</p>
<p style="text-align: center;"><strong><span style="color: #c10c0c;">69<br />
EMPLEADOS</span></strong></p>
<p>[/vc_column_text][vc_empty_space hide_on_mobile=»»][/vc_column][/vc_row][vc_row full_width=»stretch_row» gap=»35&#8243;][vc_column][vc_empty_space alter_height=»medium» hide_on_mobile=»»][/vc_column][/vc_row][vc_row full_width=»stretch_row_content_no_spaces» scheme=»dark» css=».vc_custom_1591616563751{background-color: #f2f3f6 !important;}»][vc_column width=»1/2&#8243; icons_position=»left» css=».vc_custom_1593526032923{border-right-width: 15px !important;padding-top: 500px !important;padding-bottom: 500px !important;background-image: url(https://www.ds-iberien.de/wp-content/uploads/2020/06/73IBSXlQui17S8lPTNARw-scaled.jpg?id=1359) !important;background-position: center !important;background-repeat: no-repeat !important;background-size: cover !important;border-right-color: #a00007 !important;border-right-style: solid !important;}»][/vc_column][vc_column width=»1/2&#8243; icons_position=»left» css=».vc_custom_1621232711507{padding-top: 40px !important;padding-left: 40px !important;}» el_class=»overflow»][vc_column_text css=».vc_custom_1613731826158{padding-top: 40px !important;padding-bottom: 40px !important;padding-left: 40px !important;}»]El Colegio Alemán Las Palmas comolugar de encuentro intercultural ofrece a sus alumnos alemanes y español es un espacio de convivencia y experiencia bilingüe. Entendemos el encuentro como la capacidad de moverse en diferentes culturas y lenguas, de ser abierto y tolerante hacia lo nuevo y de utilizar los conocimientos y comportamientos adquiridos en beneficio de la comunidad.[/vc_column_text][/vc_column][/vc_row][vc_row full_width=»stretch_row» gap=»35&#8243;][vc_column][vc_empty_space alter_height=»medium» hide_on_mobile=»»][/vc_column][/vc_row][vc_row equal_height=»yes» content_placement=»middle»][vc_column width=»1/4&#8243;][vc_single_image image=»855&#8243; img_size=»full»][/vc_column][vc_column width=»1/4&#8243;][vc_single_image image=»856&#8243; img_size=»full»][/vc_column][vc_column width=»1/4&#8243;][vc_single_image image=»857&#8243; img_size=»full»][/vc_column][vc_column width=»1/4&#8243;][vc_single_image image=»858&#8243; img_size=»full»][/vc_column][/vc_row][vc_row full_width=»stretch_row» gap=»35&#8243;][vc_column][vc_empty_space alter_height=»medium» hide_on_mobile=»»][/vc_column][/vc_row]</p>
